{"id":10031,"date":"2015-10-12T16:01:59","date_gmt":"2015-10-12T21:01:59","guid":{"rendered":"http:\/\/portal.compraspublicas.gob.ec\/sercop\/?page_id=10031"},"modified":"2018-04-12T12:44:00","modified_gmt":"2018-04-12T17:44:00","slug":"dialogos-ciudadanos","status":"publish","type":"page","link":"https:\/\/portal.compraspublicas.gob.ec\/sercop\/dialogos-ciudadanos\/","title":{"rendered":"Consejos Consultivos"},"content":{"rendered":"<p><strong>\u00bfQu\u00e9 son? <\/strong><\/p>\n<p style=\"text-align: justify;\">De acuerdo al art\u00edculo 80 de la Ley Org\u00e1nica de Participaci\u00f3n Ciudadana, los consejos consultivos son mecanismos o espacios de asesoramiento y de consulta, que son conformados por la ciudadan\u00eda u organizaciones sociales.<\/p>\n<p style=\"text-align: justify;\">La participaci\u00f3n ciudadana es un derecho consagrado en la Constituci\u00f3n de la Rep\u00fablica. Los art\u00edculos 61, 95 y 102 establecen que dicha participaci\u00f3n debe ser protag\u00f3nica en la gesti\u00f3n de los asuntos de inter\u00e9s p\u00fablico; as\u00ed como, en el control popular de las instituciones del Estado y de sus representantes, en un proceso permanente de construcci\u00f3n del poder ciudadano.<\/p>\n<p style=\"text-align: justify;\"><strong><a href=\"https:\/\/portal.compraspublicas.gob.ec\/sercop\/wp-content\/uploads\/2015\/10\/consultivos-seccion.jpg\"><img loading=\"lazy\" class=\"aligncenter size-full wp-image-14278\" src=\"https:\/\/portal.compraspublicas.gob.ec\/sercop\/wp-content\/uploads\/2015\/10\/consultivos-seccion.jpg\" alt=\"consultivos seccion\" width=\"591\" height=\"594\" srcset=\"https:\/\/portal.compraspublicas.gob.ec\/sercop\/wp-content\/uploads\/2015\/10\/consultivos-seccion.jpg 591w, https:\/\/portal.compraspublicas.gob.ec\/sercop\/wp-content\/uploads\/2015\/10\/consultivos-seccion-150x150.jpg 150w, https:\/\/portal.compraspublicas.gob.ec\/sercop\/wp-content\/uploads\/2015\/10\/consultivos-seccion-298x300.jpg 298w\" sizes=\"(max-width: 591px) 100vw, 591px\" \/><\/a><\/strong><\/p>\n<p style=\"text-align: justify;\">El SERCOP acogiendo el mandato constitucional conform\u00f3 desde marzo de 2015 <strong>Consejos Consultivos Sectoriales<\/strong> y <strong>Consejos Consultivos Territoriales<\/strong>, los mismos que han mantenido encuentros regulares, en diversas provincias del pa\u00eds.<\/p>\n<p style=\"text-align: justify;\"><strong>Objetivo:<\/strong><\/p>\n<p style=\"text-align: justify;\">Generar espacios de participaci\u00f3n ciudadana para mejorar la pr\u00e1ctica, democratizaci\u00f3n, transparencia y \u00e9tica en la contrataci\u00f3n p\u00fablica.<\/p>\n<p style=\"text-align: justify;\"><strong>\u00c9tica y Transparencia en la Contrataci\u00f3n P\u00fablica<\/strong><\/p>\n<p>La gesti\u00f3n eficiente, inclusiva, de justicia social, equidad y de control social requiere que la ciudadan\u00eda, proveedores del Estado y entidades contratantes realicen un oportuno acompa\u00f1amiento a las pol\u00edticas p\u00fablicas que se implementan, a los procesos y procedimientos en el servicio de contrataci\u00f3n p\u00fablica. El di\u00e1logo y el consenso son los pilares fundamentales en este quehacer.<\/p>\n<p><a href=\"https:\/\/portal.compraspublicas.gob.ec\/sercop\/wp-content\/uploads\/2018\/04\/gra1.png\"><img loading=\"lazy\" class=\"size-full wp-image-32177 aligncenter\" src=\"https:\/\/portal.compraspublicas.gob.ec\/sercop\/wp-content\/uploads\/2018\/04\/gra1.png\" alt=\"\" width=\"479\" height=\"423\" srcset=\"https:\/\/portal.compraspublicas.gob.ec\/sercop\/wp-content\/uploads\/2018\/04\/gra1.png 479w, https:\/\/portal.compraspublicas.gob.ec\/sercop\/wp-content\/uploads\/2018\/04\/gra1-300x265.png 300w\" sizes=\"(max-width: 479px) 100vw, 479px\" \/><\/a><\/p>\n","protected":false},"excerpt":{"rendered":"<p class=\"excerpt\">\u00bfQu\u00e9 son? De acuerdo al art\u00edculo 80 de la Ley Org\u00e1nica de Participaci\u00f3n Ciudadana, los consejos consultivos son mecanismos o espacios de asesoramiento y de consulta, que son conformados por la ciudadan\u00eda u organizaciones sociales. La participaci\u00f3n ciudadana es un derecho consagrado en la Constituci\u00f3n de la Rep\u00fablica. Los art\u00edculos 61, 95 y 102 establecen que dicha participaci\u00f3n debe ser&hellip; <a href=\"https:\/\/portal.compraspublicas.gob.ec\/sercop\/dialogos-ciudadanos\/\">Read more &rarr;<\/a><\/p>\n","protected":false},"author":1,"featured_media":0,"parent":0,"menu_order":0,"comment_status":"closed","ping_status":"closed","template":"menugenerico.php","meta":[],"_links":{"self":[{"href":"https:\/\/portal.compraspublicas.gob.ec\/sercop\/wp-json\/wp\/v2\/pages\/10031"}],"collection":[{"href":"https:\/\/portal.compraspublicas.gob.ec\/sercop\/wp-json\/wp\/v2\/pages"}],"about":[{"href":"https:\/\/portal.compraspublicas.gob.ec\/sercop\/wp-json\/wp\/v2\/types\/page"}],"author":[{"embeddable":true,"href":"https:\/\/portal.compraspublicas.gob.ec\/sercop\/wp-json\/wp\/v2\/users\/1"}],"replies":[{"embeddable":true,"href":"https:\/\/portal.compraspublicas.gob.ec\/sercop\/wp-json\/wp\/v2\/comments?post=10031"}],"version-history":[{"count":4,"href":"https:\/\/portal.compraspublicas.gob.ec\/sercop\/wp-json\/wp\/v2\/pages\/10031\/revisions"}],"predecessor-version":[{"id":32179,"href":"https:\/\/portal.compraspublicas.gob.ec\/sercop\/wp-json\/wp\/v2\/pages\/10031\/revisions\/32179"}],"wp:attachment":[{"href":"https:\/\/portal.compraspublicas.gob.ec\/sercop\/wp-json\/wp\/v2\/media?parent=10031"}],"curies":[{"name":"wp","href":"https:\/\/api.w.org\/{rel}","templated":true}]}}