{"id":11707,"date":"2016-02-02T09:39:28","date_gmt":"2016-02-02T14:39:28","guid":{"rendered":"http:\/\/portal.compraspublicas.gob.ec\/sercop\/?page_id=11707"},"modified":"2016-02-02T09:42:39","modified_gmt":"2016-02-02T14:42:39","slug":"servicios-complementarios","status":"publish","type":"page","link":"https:\/\/portal.compraspublicas.gob.ec\/sercop\/servicios-complementarios\/","title":{"rendered":"SERVICIOS COMPLEMENTARIOS"},"content":{"rendered":"<p><a href=\"http:\/\/portal.compraspublicas.gob.ec\/sercop\/wp-content\/uploads\/2015\/07\/camionetas.png\"><img loading=\"lazy\" class=\"aligncenter  wp-image-8938\" src=\"http:\/\/portal.compraspublicas.gob.ec\/sercop\/wp-content\/uploads\/2015\/07\/camionetas.png\" alt=\"camionetas\" width=\"1018\" height=\"344\" srcset=\"https:\/\/portal.compraspublicas.gob.ec\/sercop\/wp-content\/uploads\/2015\/07\/camionetas.png 2006w, https:\/\/portal.compraspublicas.gob.ec\/sercop\/wp-content\/uploads\/2015\/07\/camionetas-300x101.png 300w, https:\/\/portal.compraspublicas.gob.ec\/sercop\/wp-content\/uploads\/2015\/07\/camionetas-1024x346.png 1024w\" sizes=\"(max-width: 1018px) 100vw, 1018px\" \/><\/a><br \/>\nMediante oficio circular <a href=\"http:\/\/portal.compraspublicas.gob.ec\/sercop\/wp-content\/uploads\/2016\/02\/OFICIO-25-2015.pdf\"><span style=\"text-decoration: underline; color: #0000ff;\">No. SERCOP-CDI-2016-0025<\/span><\/a> el Servicio Nacional de Contrataci\u00f3n P\u00fablica, de conformidad con lo previsto en el Art. 19 de la resoluci\u00f3n externa No. RE-SERCOP-2015-0000025, de fecha 6 de febrero del 2015, incorpor\u00f3 como nuevos productos, servicios complementarios en la categor\u00eda \u201cServicio de Transporte de Carga Pesada\u201d, detallados a continuaci\u00f3n:<\/p>\n<p>1. Servicio manual de carga o descarga de mercanc\u00eda solida (en sacos), para transporte terrestre de carga pesada.\u00a0 Desc\u00e1rgate aqu\u00ed las <a href=\"http:\/\/portal.compraspublicas.gob.ec\/sercop\/wp-content\/uploads\/2016\/02\/SERVICIO-MANUAL-DE-CARGA-O-DESCARGA-DE-MERCANCIA-SOLIDA-EN-SACOS-PARA-TRANSPORTE-TERRESTRE-DE-CARGA-PESADA.pdf\"><span style=\"text-decoration: underline;\"><span style=\"color: #0000ff; text-decoration: underline;\">fichas t\u00e9cnicas<\/span><\/span><\/a><\/p>\n<p>2. Servicio manual de carga o descarga de mercanc\u00eda solida (en sacos), para transporte terrestre de carga pesada- un solo movimiento. Desc\u00e1rgate aqu\u00ed las <span style=\"text-decoration: underline;\"><span style=\"color: #0000ff; text-decoration: underline;\"><a style=\"color: #0000ff; text-decoration: underline;\" href=\"http:\/\/portal.compraspublicas.gob.ec\/sercop\/wp-content\/uploads\/2016\/02\/SERVICIO-MANUAL-DE-CARGA-O-DESCARGA-DE-MERCANCIA-SOLIDA-EN-SACOS-PARA-TRANSPORTE-TERRESTRE-DE-CARGA-PESADAUN-SOLO-MOVIMIENTO.pdf\">fichas t\u00e9cnicas.<\/a><\/span><\/span><\/p>\n<p>PASOS PARA CATALOGARSE <\/p>\n<p>1. Los proveedores que ya se encuentren catalogados en esta categor\u00eda, deber\u00e1n suscribir la <a href=\"http:\/\/portal.compraspublicas.gob.ec\/sercop\/wp-content\/uploads\/2016\/02\/MANIFESTACI\u00d3N-DE-INTERES-SERVICIO-COMPLEMENTARIO-DE-CARGA-PESADA..docx\"><span style=\"text-decoration: underline;\"><span style=\"color: #0000ff; text-decoration: underline;\">manifestaci\u00f3n de inter\u00e9s.<\/span><\/span><\/a><\/p>\n<p>2. Los proveedores que no se encuentren catalogados a\u00fan en la categor\u00eda \u201cServicio de Transporte de Carga Pesada\u201d, deber\u00e1n <a href=\"http:\/\/portal.compraspublicas.gob.ec\/sercop\/wp-content\/uploads\/2016\/02\/PLIEGO-CDI-SERCOP-007-2015-SERVICIO-DE-TRANSPORTE-PESADO.doc\"><span style=\"text-decoration: underline;\"><span style=\"color: #0000ff; text-decoration: underline;\">descargar el pliego<\/span><\/span><\/a> del procedimiento No. CDI-SERCOP-007-2015:<\/p>\n<p>a) Lee y analiza el pliego detenidamente para que conozcas las condiciones de participaci\u00f3n.<\/p>\n<p>b) Llena los formularios y presenta los requisitos que se solicitan en el pliego. Desc\u00e1rgate aqu\u00ed <a href=\"http:\/\/portal.compraspublicas.gob.ec\/sercop\/wp-content\/uploads\/2016\/02\/FORMULARIO-DE-LA-OFERTA-CDI-SERCOP-007-2015.docx\"><span style=\"text-decoration: underline;\"><span style=\"color: #0000ff; text-decoration: underline;\">los formularios<\/span><\/span><\/a>. Recuerda que los formularios deben estar firmados, y cada hoja sumillada y numerada.<\/p>\n<p>c) Elabora un oficio dirigido al Econ. Santiago V\u00e1squez, Director General del SERCOP, solicitando tu incorporaci\u00f3n al Cat\u00e1logo Din\u00e1mico Inclusivo <a href=\"http:\/\/portal.compraspublicas.gob.ec\/sercop\/wp-content\/uploads\/2015\/07\/modelo-de-oficio.docx\"><span style=\"text-decoration: underline;\"><span style=\"color: #0000ff; text-decoration: underline;\">(Descarga modelo de oficio)<\/span><\/span><\/a><\/p>\n<p>Entrega los documentos en un sobre cerrado en la ventanilla del SERCOP m\u00e1s cercana a tu domicilio. <a href=\"http:\/\/portal.compraspublicas.gob.ec\/sercop\/contacto\/\"><span style=\"text-decoration: underline;\"><span style=\"color: #0000ff; text-decoration: underline;\">Conoce d\u00f3nde estamos ubicados.<\/span><\/span><\/a><\/p>\n","protected":false},"excerpt":{"rendered":"<p class=\"excerpt\">Mediante oficio circular No. SERCOP-CDI-2016-0025 el Servicio Nacional de Contrataci\u00f3n P\u00fablica, de conformidad con lo previsto en el Art. 19 de la resoluci\u00f3n externa No. RE-SERCOP-2015-0000025, de fecha 6 de febrero del 2015, incorpor\u00f3 como nuevos productos, servicios complementarios en la categor\u00eda \u201cServicio de Transporte de Carga Pesada\u201d, detallados a continuaci\u00f3n: 1. Servicio manual de carga o descarga de mercanc\u00eda&hellip; <a href=\"https:\/\/portal.compraspublicas.gob.ec\/sercop\/servicios-complementarios\/\">Read more &rarr;<\/a><\/p>\n","protected":false},"author":1,"featured_media":0,"parent":0,"menu_order":0,"comment_status":"closed","ping_status":"closed","template":"catalogo.php","meta":[],"_links":{"self":[{"href":"https:\/\/portal.compraspublicas.gob.ec\/sercop\/wp-json\/wp\/v2\/pages\/11707"}],"collection":[{"href":"https:\/\/portal.compraspublicas.gob.ec\/sercop\/wp-json\/wp\/v2\/pages"}],"about":[{"href":"https:\/\/portal.compraspublicas.gob.ec\/sercop\/wp-json\/wp\/v2\/types\/page"}],"author":[{"embeddable":true,"href":"https:\/\/portal.compraspublicas.gob.ec\/sercop\/wp-json\/wp\/v2\/users\/1"}],"replies":[{"embeddable":true,"href":"https:\/\/portal.compraspublicas.gob.ec\/sercop\/wp-json\/wp\/v2\/comments?post=11707"}],"version-history":[{"count":0,"href":"https:\/\/portal.compraspublicas.gob.ec\/sercop\/wp-json\/wp\/v2\/pages\/11707\/revisions"}],"wp:attachment":[{"href":"https:\/\/portal.compraspublicas.gob.ec\/sercop\/wp-json\/wp\/v2\/media?parent=11707"}],"curies":[{"name":"wp","href":"https:\/\/api.w.org\/{rel}","templated":true}]}}