{"id":12218,"date":"2016-03-17T14:56:50","date_gmt":"2016-03-17T19:56:50","guid":{"rendered":"http:\/\/portal.compraspublicas.gob.ec\/sercop\/?page_id=12218"},"modified":"2016-05-30T17:35:49","modified_gmt":"2016-05-30T22:35:49","slug":"servicio-de-mantenimiento-rutinario-de-la-red-vial-estatal","status":"publish","type":"page","link":"https:\/\/portal.compraspublicas.gob.ec\/sercop\/servicio-de-mantenimiento-rutinario-de-la-red-vial-estatal\/","title":{"rendered":"Servicio de mantenimiento rutinario de la red vial estatal"},"content":{"rendered":"<p><a href=\"http:\/\/portal.compraspublicas.gob.ec\/sercop\/wp-content\/uploads\/2016\/03\/vias.png\"><img loading=\"lazy\" class=\"aligncenter  wp-image-12219\" src=\"http:\/\/portal.compraspublicas.gob.ec\/sercop\/wp-content\/uploads\/2016\/03\/vias.png\" alt=\"vias\" width=\"1060\" height=\"389\" srcset=\"https:\/\/portal.compraspublicas.gob.ec\/sercop\/wp-content\/uploads\/2016\/03\/vias.png 1600w, https:\/\/portal.compraspublicas.gob.ec\/sercop\/wp-content\/uploads\/2016\/03\/vias-300x110.png 300w, https:\/\/portal.compraspublicas.gob.ec\/sercop\/wp-content\/uploads\/2016\/03\/vias-1024x376.png 1024w\" sizes=\"(max-width: 1060px) 100vw, 1060px\" \/><\/a><\/p>\n<p>Con el objetivo de adquirir el \u201cServicio de Mantenimiento\u201d a los actores de la econom\u00eda popular y solidaria y artesanos, se desarroll\u00f3 el Cat\u00e1logo Inclusivo que agrupa este tipo de servicio.<\/p>\n<p>Si\u00a0 te interesa participar en el Cat\u00e1logo Inclusivo \u201cSERVICIO DE MANTENIMIENTO RUTINARIO DE LA RED VIAL ESTATAL\u201d, debes catalogarte en el procedimiento <span style=\"color: #0000ff;\"><em><u><a style=\"color: #0000ff;\" href=\"https:\/\/www.compraspublicas.gob.ec\/ProcesoContratacion\/compras\/PC\/informacionProcesoContratacion2.cpe?idSoliCompra=UEtHb0Q-w06UkZSYdr9sdr3EH-dObmPhV4rHhsq1Lso,\">CDI-SERCOP-005-2016<\/a> <\/u><\/em><\/span>, por favor revisa la<span style=\"color: #0000ff;\"><a style=\"color: #0000ff;\" href=\"http:\/\/portal.compraspublicas.gob.ec\/sercop\/wp-content\/uploads\/2016\/05\/FICHA-TE\u0301CNICA_opt.pdf\"><span style=\"text-decoration: underline;\"> <em>ficha t\u00e9cnica Servicio de Mantenimiento Rutinario de la Red Vial Estatal<\/em><\/span><\/a><\/span> donde se encuentran los requisitos m\u00ednimos de participaci\u00f3n.<\/p>\n<p>Los proveedores catalogados al procedimiento\u00a0<span style=\"color: #0000ff;\"><a style=\"color: #0000ff;\" href=\"https:\/\/www.compraspublicas.gob.ec\/ProcesoContratacion\/app\/webroot\/compras\/CR\/mostrarferia.cpe?idSoliCompra=jMybNSV33Sp870YTUwIyubgzhDb2jmh6rloXsgJ5K3k,\">CDI-SERCOP-005-2016<\/a><\/span>,\u00a0deben presentar:<\/p>\n<ol>\n<li><a href=\"http:\/\/portal.compraspublicas.gob.ec\/sercop\/wp-content\/uploads\/2016\/03\/MANIFESTACI%C3%93N-DE-INTER%C3%89S-OFICIO-CIRCULAR-SERCOP-CDI-2016-0002.docx\">Manifestaci\u00f3n de Inter\u00e9s<\/a>.<\/li>\n<li>Presentar el formulario de Maquinaria de acuerdo a la\u00a0<a href=\"http:\/\/portal.compraspublicas.gob.ec\/sercop\/wp-content\/uploads\/2016\/03\/TABLA-DE-EQUIPAMIENTO-Y-HERRAMIENTAS.docx\">tabla de equipamiento y herramientas<\/a>.<\/li>\n<li>El formulario de Maquinaria deber\u00e1 ser llenado de acuerdo al <a href=\"http:\/\/portal.compraspublicas.gob.ec\/sercop\/wp-content\/uploads\/2016\/03\/CUADRO-DE-MAQUINARIA-M%C3%8DNIMA-POR-PRODUCTO.docx\">Cuadro de maquinaria por producto<\/a>.<\/li>\n<\/ol>\n<ul>\n<li><strong>INCORPORACI\u00d3N NUEVOS PROVEEDORES<\/strong><\/li>\n<\/ul>\n<ol>\n<li>Lee y analiza el\u00a0<span style=\"color: #0000ff;\"><em><u><a style=\"color: #0000ff;\" href=\"https:\/\/www.compraspublicas.gob.ec\/ProcesoContratacion\/compras\/PC\/informacionProcesoContratacion2.cpe?idSoliCompra=UEtHb0Q-w06UkZSYdr9sdr3EH-dObmPhV4rHhsq1Lso,\">pliego<\/a><\/u><\/em><\/span> detenidamente para que conozcas qu\u00e9 producto o servicio se requiere en cada categor\u00eda<\/li>\n<li>Llena los formularios y requisitos que se solicitan en los pliegos. Recuerda que los formularios y los requisitos deben estar sumillados y numerados<\/li>\n<li>Elabora un oficio dirigido al Econ. Santiago V\u00e1squez, Director General del SERCOP, solicitando tu incorporaci\u00f3n al Cat\u00e1logo Din\u00e1mico Inclusivo <span style=\"text-decoration: underline;\"><span style=\"color: #0000ff;\"><a style=\"color: #0000ff; text-decoration: underline;\" href=\"http:\/\/portal.compraspublicas.gob.ec\/sercop\/wp-content\/uploads\/2016\/05\/modelo-de-oficio-1.docx\">(<em>Descarga modelo de oficio<\/em><\/a><\/span><\/span>)<\/li>\n<\/ol>\n<p>Entrega los documentos en un sobre cerrado en la ventanilla del SERCOP m\u00e1s cercana.<span style=\"color: #0000ff;\"> <a style=\"color: #0000ff;\" href=\"http:\/\/portal.compraspublicas.gob.ec\/sercop\/contacto\/\"><em>Conoce d\u00f3nde estamos ubicados<\/em><\/a><\/span><\/p>\n","protected":false},"excerpt":{"rendered":"<p class=\"excerpt\">Con el objetivo de adquirir el \u201cServicio de Mantenimiento\u201d a los actores de la econom\u00eda popular y solidaria y artesanos, se desarroll\u00f3 el Cat\u00e1logo Inclusivo que agrupa este tipo de servicio. Si\u00a0 te interesa participar en el Cat\u00e1logo Inclusivo \u201cSERVICIO DE MANTENIMIENTO RUTINARIO DE LA RED VIAL ESTATAL\u201d, debes catalogarte en el procedimiento CDI-SERCOP-005-2016 , por favor revisa la ficha&hellip; <a href=\"https:\/\/portal.compraspublicas.gob.ec\/sercop\/servicio-de-mantenimiento-rutinario-de-la-red-vial-estatal\/\">Read more &rarr;<\/a><\/p>\n","protected":false},"author":1,"featured_media":0,"parent":0,"menu_order":0,"comment_status":"closed","ping_status":"closed","template":"catalogo.php","meta":[],"_links":{"self":[{"href":"https:\/\/portal.compraspublicas.gob.ec\/sercop\/wp-json\/wp\/v2\/pages\/12218"}],"collection":[{"href":"https:\/\/portal.compraspublicas.gob.ec\/sercop\/wp-json\/wp\/v2\/pages"}],"about":[{"href":"https:\/\/portal.compraspublicas.gob.ec\/sercop\/wp-json\/wp\/v2\/types\/page"}],"author":[{"embeddable":true,"href":"https:\/\/portal.compraspublicas.gob.ec\/sercop\/wp-json\/wp\/v2\/users\/1"}],"replies":[{"embeddable":true,"href":"https:\/\/portal.compraspublicas.gob.ec\/sercop\/wp-json\/wp\/v2\/comments?post=12218"}],"version-history":[{"count":0,"href":"https:\/\/portal.compraspublicas.gob.ec\/sercop\/wp-json\/wp\/v2\/pages\/12218\/revisions"}],"wp:attachment":[{"href":"https:\/\/portal.compraspublicas.gob.ec\/sercop\/wp-json\/wp\/v2\/media?parent=12218"}],"curies":[{"name":"wp","href":"https:\/\/api.w.org\/{rel}","templated":true}]}}