{"id":12575,"date":"2016-04-05T17:02:22","date_gmt":"2016-04-05T22:02:22","guid":{"rendered":"http:\/\/portal.compraspublicas.gob.ec\/sercop\/?page_id=12575"},"modified":"2016-12-14T14:37:54","modified_gmt":"2016-12-14T19:37:54","slug":"servicio-de-alimentacion-para-programas-infantiles-cibv","status":"publish","type":"page","link":"https:\/\/portal.compraspublicas.gob.ec\/sercop\/servicio-de-alimentacion-para-programas-infantiles-cibv\/","title":{"rendered":"Servicio de Alimentaci\u00f3n para programas infantiles CIBV"},"content":{"rendered":"<p><a href=\"http:\/\/portal.compraspublicas.gob.ec\/sercop\/wp-content\/uploads\/2016\/04\/almuerzos_escolares-barrio_el_nevado-fa-f007.png\"><img loading=\"lazy\" class=\"aligncenter  wp-image-12583\" src=\"http:\/\/portal.compraspublicas.gob.ec\/sercop\/wp-content\/uploads\/2016\/04\/almuerzos_escolares-barrio_el_nevado-fa-f007.png\" alt=\"almuerzos_escolares-barrio_el_nevado-fa-f007\" width=\"984\" height=\"399\" srcset=\"https:\/\/portal.compraspublicas.gob.ec\/sercop\/wp-content\/uploads\/2016\/04\/almuerzos_escolares-barrio_el_nevado-fa-f007.png 520w, https:\/\/portal.compraspublicas.gob.ec\/sercop\/wp-content\/uploads\/2016\/04\/almuerzos_escolares-barrio_el_nevado-fa-f007-300x122.png 300w\" sizes=\"(max-width: 984px) 100vw, 984px\" \/><\/a><\/p>\n<p>Con el objetivo de adquirir los \u201cServicios de Preparaci\u00f3n de Alimentos\u201d a los actores de la econom\u00eda popular y solidaria y artesanos, se desarroll\u00f3 el Cat\u00e1logo Inclusivo que agrupa este tipo de servicio.<\/p>\n<p>Si\u00a0 te interesa participar en el Cat\u00e1logo Inclusivo \u201cSERVICIO DE PREPARACI\u00d3N DE ALIMENTOS, debes catalogarte en el procedimiento <span style=\"text-decoration: underline; color: #0000ff;\"><a style=\"color: #0000ff;\" href=\"https:\/\/www.compraspublicas.gob.ec\/ProcesoContratacion\/compras\/CR\/mostrarferia.cpe?idSoliCompra=K6kCtVZB37SEIdwV9QAwuNf7N9yIFmlj0Ga-OhCgVpo,\"><em>CDI-SERCOP-007-2016<\/em><\/a><\/span><em>,<\/em> por favor revisa la <span style=\"text-decoration: underline; color: #0000ff;\"><a style=\"color: #0000ff; text-decoration: underline;\" href=\"http:\/\/portal.compraspublicas.gob.ec\/sercop\/wp-content\/uploads\/2016\/04\/FICHA-TECNICA-ALIMENTACION-CIBV_MIES-FINAL.pdf\"><em>ficha t\u00e9cnica <\/em>del \u201cServicio de Alimentaci\u00f3n para programas infantiles CIBV\u201d<\/a><\/span>, donde se encuentran los requisitos m\u00ednimos de participaci\u00f3n.<\/p>\n<p><span style=\"color: #0000ff;\"><a style=\"color: #0000ff;\" href=\"http:\/\/portal.compraspublicas.gob.ec\/sercop\/wp-content\/uploads\/2016\/12\/OFICIO_CIRCULAR-No-CDI-2016-0115_opt.pdf\"> <strong>Oficio Circulara No. SERCOP-CDI-2016-0115<\/strong><\/a><\/span><\/p>\n<ul>\n<li><strong>INCORPORACI\u00d3N NUEVOS PROVEEDORES<\/strong><\/li>\n<\/ul>\n<ol>\n<li>Lee y analiza el <span style=\"text-decoration: underline;\"><span style=\"color: #0000ff;\"><em><a style=\"color: #0000ff; text-decoration: underline;\" href=\"https:\/\/www.compraspublicas.gob.ec\/ProcesoContratacion\/compras\/CR\/mostrarferia.cpe?idSoliCompra=K6kCtVZB37SEIdwV9QAwuNf7N9yIFmlj0Ga-OhCgVpo\">pliego<\/a><\/em><\/span><\/span> detenidamente para que conozcas qu\u00e9 producto o servicio se requiere en cada categor\u00eda<\/li>\n<li>Llena los formularios y requisitos que se solicitan en los pliegos. Se adjunta un <span style=\"text-decoration: underline; color: #0000ff;\"><em><a style=\"color: #0000ff; text-decoration: underline;\" href=\"http:\/\/portal.compraspublicas.gob.ec\/sercop\/wp-content\/uploads\/2016\/04\/FORMATO-1-CERTIFICADO-DE-GARANT\u00cdA-T\u00c9CNICA-CIBV.pdf\">formato de Garant\u00eda T\u00e9cnica<\/a> <\/em><\/span><em>y<\/em><span style=\"text-decoration: underline; color: #0000ff;\"><em> <a style=\"color: #0000ff; text-decoration: underline;\" href=\"http:\/\/portal.compraspublicas.gob.ec\/sercop\/wp-content\/uploads\/2016\/04\/MENU-COSTA-SIERRA-AMAZONIA.pdf\">de Men\u00fas<\/a><\/em><\/span>. Recuerda que los formularios y los requisitos deben estar sumillados y numerados<\/li>\n<li>Elabora un oficio dirigido al Econ. Santiago V\u00e1squez, Director General del SERCOP, solicitando tu incorporaci\u00f3n al Cat\u00e1logo Din\u00e1mico Inclusivo <em>(<a href=\"http:\/\/portal.compraspublicas.gob.ec\/sercop\/wp-content\/uploads\/2016\/04\/modelo-de-oficio-1-11.docx\"><span style=\"text-decoration: underline;\"><span style=\"color: #0000ff;\">Descarga modelo de oficio<\/span><\/span><\/a>)<\/em>.<\/li>\n<\/ol>\n<p>Entrega los documentos en un sobre cerrado en la ventanilla del SERCOP m\u00e1s cercana.<span style=\"text-decoration: underline;\"><span style=\"color: #0000ff;\"> <a style=\"color: #0000ff;\" href=\"http:\/\/portal.compraspublicas.gob.ec\/sercop\/contacto\/\"><em>Conoce d\u00f3nde estamos ubicados<\/em><\/a><\/span><\/span><\/p>\n","protected":false},"excerpt":{"rendered":"<p class=\"excerpt\">Con el objetivo de adquirir los \u201cServicios de Preparaci\u00f3n de Alimentos\u201d a los actores de la econom\u00eda popular y solidaria y artesanos, se desarroll\u00f3 el Cat\u00e1logo Inclusivo que agrupa este tipo de servicio. Si\u00a0 te interesa participar en el Cat\u00e1logo Inclusivo \u201cSERVICIO DE PREPARACI\u00d3N DE ALIMENTOS, debes catalogarte en el procedimiento CDI-SERCOP-007-2016, por favor revisa la ficha t\u00e9cnica del \u201cServicio&hellip; <a href=\"https:\/\/portal.compraspublicas.gob.ec\/sercop\/servicio-de-alimentacion-para-programas-infantiles-cibv\/\">Read more &rarr;<\/a><\/p>\n","protected":false},"author":1,"featured_media":0,"parent":0,"menu_order":0,"comment_status":"closed","ping_status":"closed","template":"catalogo.php","meta":[],"_links":{"self":[{"href":"https:\/\/portal.compraspublicas.gob.ec\/sercop\/wp-json\/wp\/v2\/pages\/12575"}],"collection":[{"href":"https:\/\/portal.compraspublicas.gob.ec\/sercop\/wp-json\/wp\/v2\/pages"}],"about":[{"href":"https:\/\/portal.compraspublicas.gob.ec\/sercop\/wp-json\/wp\/v2\/types\/page"}],"author":[{"embeddable":true,"href":"https:\/\/portal.compraspublicas.gob.ec\/sercop\/wp-json\/wp\/v2\/users\/1"}],"replies":[{"embeddable":true,"href":"https:\/\/portal.compraspublicas.gob.ec\/sercop\/wp-json\/wp\/v2\/comments?post=12575"}],"version-history":[{"count":0,"href":"https:\/\/portal.compraspublicas.gob.ec\/sercop\/wp-json\/wp\/v2\/pages\/12575\/revisions"}],"wp:attachment":[{"href":"https:\/\/portal.compraspublicas.gob.ec\/sercop\/wp-json\/wp\/v2\/media?parent=12575"}],"curies":[{"name":"wp","href":"https:\/\/api.w.org\/{rel}","templated":true}]}}