{"id":12951,"date":"2016-04-25T13:00:30","date_gmt":"2016-04-25T18:00:30","guid":{"rendered":"http:\/\/portal.compraspublicas.gob.ec\/sercop\/?page_id=12951"},"modified":"2016-04-27T16:54:12","modified_gmt":"2016-04-27T21:54:12","slug":"capacitaciones-virtuales","status":"publish","type":"page","link":"https:\/\/portal.compraspublicas.gob.ec\/sercop\/capacitaciones-virtuales\/","title":{"rendered":"Capacitaciones virtuales"},"content":{"rendered":"<p style=\"text-align: justify;\"><a href=\"http:\/\/portal.compraspublicas.gob.ec\/sercop\/wp-content\/uploads\/2016\/04\/virtual.png\"><img loading=\"lazy\" class=\"aligncenter size-full wp-image-13272\" src=\"http:\/\/portal.compraspublicas.gob.ec\/sercop\/wp-content\/uploads\/2016\/04\/virtual.png\" alt=\"virtual\" width=\"630\" height=\"158\" srcset=\"https:\/\/portal.compraspublicas.gob.ec\/sercop\/wp-content\/uploads\/2016\/04\/virtual.png 630w, https:\/\/portal.compraspublicas.gob.ec\/sercop\/wp-content\/uploads\/2016\/04\/virtual-300x75.png 300w\" sizes=\"(max-width: 630px) 100vw, 630px\" \/><\/a><\/p>\n<p style=\"text-align: justify;\">El Curso del \u201cSistema Nacional de Contrataci\u00f3n P\u00fablica\u201d, est\u00e1 dirigido a los servidores p\u00fablicos responsables de la administraci\u00f3n de los recursos del Estado, gesti\u00f3n que debe significar un compromiso con la optimizaci\u00f3n de dichos recursos, a trav\u00e9s de la aplicaci\u00f3n efectiva de los procedimientos de contrataci\u00f3n p\u00fablica, para que la ejecuci\u00f3n presupuestaria se la realice en forma \u00e1gil, eficiente y oportuna, utilizando los criterios de transparencia y calidad del gasto p\u00fablico, y convirtiendo a este recurso econ\u00f3mico en un elemento dinamizador de la producci\u00f3n nacional y del desarrollo social, y activando la participaci\u00f3n ciudadana a trav\u00e9s de la rendici\u00f3n de cuentas a la sociedad.<\/p>\n<p style=\"text-align: justify;\">Para la ejecuci\u00f3n del Curso se han desarrollado varios m\u00f3dulos por herramienta; en cada m\u00f3dulo se presentan materiales de apoyo como lecturas seleccionadas, la Ley Org\u00e1nica del Sistema Nacional de Contrataci\u00f3n P\u00fablica &#8211; LOSNCP, La Ley Org\u00e1nica del Empresas P\u00fablicas, el Reglamento General de aplicaci\u00f3n de la Ley con sus modificaciones, Resoluciones del SERCOP, los Modelos de pliegos y los manuales del usuario de las diferentes herramientas de contrataci\u00f3n p\u00fablica.<\/p>\n<p style=\"text-align: justify;\">Adicionalmente, se definen trabajos a desarrollar, que deber\u00e1n completar siguiendo las instrucciones y orientaciones del Tutor del curso. El cumplimiento de los trabajos solicitados representar\u00e1 el 40% de la nota del curso, evaluaci\u00f3n que se completar\u00e1 con un examen sobre la normativa del SNCP y sus procedimientos e instrumentos de aplicaci\u00f3n.<\/p>\n<p style=\"text-align: justify;\"><strong>PROP\u00d3SITO DEL CURSO<\/strong><\/p>\n<p style=\"text-align: justify;\">El curso tiene como prop\u00f3sito contribuir en el fortalecimiento de la gesti\u00f3n p\u00fablica del pa\u00eds con un apropiado conocimiento de la normativa y de las herramientas inform\u00e1ticas del Sistema Nacional de Contrataci\u00f3n P\u00fablica, para un manejo eficiente y eficaz de los procesos de contrataci\u00f3n p\u00fablica, as\u00ed como tambi\u00e9n en el uso de la informaci\u00f3n del portal de compras p\u00fablicas<em>.<\/em><\/p>\n","protected":false},"excerpt":{"rendered":"<p class=\"excerpt\">El Curso del \u201cSistema Nacional de Contrataci\u00f3n P\u00fablica\u201d, est\u00e1 dirigido a los servidores p\u00fablicos responsables de la administraci\u00f3n de los recursos del Estado, gesti\u00f3n que debe significar un compromiso con la optimizaci\u00f3n de dichos recursos, a trav\u00e9s de la aplicaci\u00f3n efectiva de los procedimientos de contrataci\u00f3n p\u00fablica, para que la ejecuci\u00f3n presupuestaria se la realice en forma \u00e1gil, eficiente y&hellip; <a href=\"https:\/\/portal.compraspublicas.gob.ec\/sercop\/capacitaciones-virtuales\/\">Read more &rarr;<\/a><\/p>\n","protected":false},"author":1,"featured_media":0,"parent":0,"menu_order":0,"comment_status":"closed","ping_status":"closed","template":"capacitaciones.php","meta":[],"_links":{"self":[{"href":"https:\/\/portal.compraspublicas.gob.ec\/sercop\/wp-json\/wp\/v2\/pages\/12951"}],"collection":[{"href":"https:\/\/portal.compraspublicas.gob.ec\/sercop\/wp-json\/wp\/v2\/pages"}],"about":[{"href":"https:\/\/portal.compraspublicas.gob.ec\/sercop\/wp-json\/wp\/v2\/types\/page"}],"author":[{"embeddable":true,"href":"https:\/\/portal.compraspublicas.gob.ec\/sercop\/wp-json\/wp\/v2\/users\/1"}],"replies":[{"embeddable":true,"href":"https:\/\/portal.compraspublicas.gob.ec\/sercop\/wp-json\/wp\/v2\/comments?post=12951"}],"version-history":[{"count":0,"href":"https:\/\/portal.compraspublicas.gob.ec\/sercop\/wp-json\/wp\/v2\/pages\/12951\/revisions"}],"wp:attachment":[{"href":"https:\/\/portal.compraspublicas.gob.ec\/sercop\/wp-json\/wp\/v2\/media?parent=12951"}],"curies":[{"name":"wp","href":"https:\/\/api.w.org\/{rel}","templated":true}]}}