{"id":13043,"date":"2016-04-27T09:15:59","date_gmt":"2016-04-27T14:15:59","guid":{"rendered":"http:\/\/portal.compraspublicas.gob.ec\/sercop\/?page_id=13043"},"modified":"2024-11-28T15:06:44","modified_gmt":"2024-11-28T20:06:44","slug":"herramientas-de-busqueda","status":"publish","type":"page","link":"https:\/\/portal.compraspublicas.gob.ec\/sercop\/herramientas-de-busqueda\/","title":{"rendered":"Herramientas de b\u00fasqueda"},"content":{"rendered":"<p><a style=\"display:flex\"><img loading=\"lazy\" class=\"aligncenter size-full wp-image-13401\" src=\"https:\/\/portal.compraspublicas.gob.ec\/sercop\/wp-content\/uploads\/2016\/04\/search.png\" alt=\"search\" width=\"630\" height=\"158\" srcset=\"https:\/\/portal.compraspublicas.gob.ec\/sercop\/wp-content\/uploads\/2016\/04\/search.png 630w, https:\/\/portal.compraspublicas.gob.ec\/sercop\/wp-content\/uploads\/2016\/04\/search-300x75.png 300w\" sizes=\"(max-width: 630px) 100vw, 630px\" \/><\/a><\/p>\n<p><span style=\"text-decoration: underline; color: #0000ff;\"><em><a style=\"color: #0000ff; text-decoration: underline;\" href=\"https:\/\/www.compraspublicas.gob.ec\/ProcesoContratacion\/compras\/PC\/buscarProceso.cpe?sg=1\" target=\"_blank\" rel=\"noopener\">De procedimientos de R\u00e9gimen Com\u00fan<\/a><\/em><\/span><\/p>\n<p><span style=\"text-decoration: underline; color: #0000ff;\"><em><a style=\"color: #0000ff; text-decoration: underline;\" href=\"https:\/\/www.compraspublicas.gob.ec\/ProcesoContratacion\/compras\/IC\/buscarInfima.cpe\" target=\"_blank\" rel=\"noopener\">De adquisiciones por \u00cdnfima Cuant\u00eda<\/a><\/em><\/span><\/p>\n<p><span style=\"text-decoration: underline; color: #0000ff;\"><em><a style=\"color: #0000ff; text-decoration: underline;\" href=\"https:\/\/www.compraspublicas.gob.ec\/ProcesoContratacion\/compras\/PC\/buscarProcesoRE.cpe?op=P\" target=\"_blank\" rel=\"noopener\">De procedimientos especiales<\/a><\/em><\/span><\/p>\n<p><span style=\"text-decoration: underline; color: #0000ff;\"><em><a style=\"color: #0000ff; text-decoration: underline;\" href=\"https:\/\/www.compraspublicas.gob.ec\/ProcesoContratacion\/compras\/RP\/ProveedorAdjudicadomontos.cpe\" target=\"_blank\" rel=\"noopener\">De reportes de Adjudicaci\u00f3n de Obras<\/a><\/em><\/span><\/p>\n<p><span style=\"text-decoration: underline; color: #0000ff;\"><em><a style=\"color: #0000ff; text-decoration: underline;\" href=\"https:\/\/www.compraspublicas.gob.ec\/ProcesoContratacion\/compras\/PC\/buscarProcesoRE.cpe?op=R\" target=\"_blank\" rel=\"noopener\">De procedimientos de R\u00e9gimen Especial<\/a><\/em><\/span><\/p>\n<p><span style=\"text-decoration: underline; color: #0000ff;\"><em><a style=\"color: #0000ff; text-decoration: underline;\" href=\"https:\/\/www.compraspublicas.gob.ec\/ProcesoContratacion\/compras\/EE\/buscarResolucion.cpe\" target=\"_blank\" rel=\"noopener\">De Emergencias<\/a><\/em><\/span><\/p>\n<p><span style=\"text-decoration: underline; color: #0000ff;\"><em><a style=\"color: #0000ff; text-decoration: underline;\" href=\"https:\/\/www.compraspublicas.gob.ec\/ProcesoContratacion\/compras\/CPC\/index.cpe\" target=\"_blank\" rel=\"noopener\">Del Clasificador Central de Productos &#8211; CPC<\/a><\/em><\/span><\/p>\n<p><span style=\"text-decoration: underline; color: #0000ff;\"><em><a style=\"color: #0000ff; text-decoration: underline;\" href=\"https:\/\/www.compraspublicas.gob.ec\/ProcesoContratacion\/compras\/PC\/buscarPACe.cpe\" target=\"_blank\" rel=\"noopener\">De planes anuales de contrataci\u00f3n &#8211; PAC<\/a><\/em><\/span><\/p>\n<p><span style=\"text-decoration: underline; color: #0000ff;\"><em><a style=\"color: #0000ff; text-decoration: underline;\" href=\"https:\/\/www.compraspublicas.gob.ec\/ProcesoContratacion\/compras\/EP\/BusquedaProveedorCpc.cpe\" target=\"_blank\" rel=\"noopener\">De proveedores del Estado<\/a><\/em><\/span><\/p>\n<p><span style=\"text-decoration: underline; color: #0000ff;\"><em><a style=\"color: #0000ff; text-decoration: underline;\" href=\"https:\/\/www.compraspublicas.gob.ec\/ProcesoContratacion\/compras\/EP\/EmpReporteIncumplidos.cpe?sg=1\" target=\"_blank\" rel=\"noopener\">De proveedores incumplidos<\/a><\/em><\/span><\/p>\n","protected":false},"excerpt":{"rendered":"<p class=\"excerpt\">De procedimientos de R\u00e9gimen Com\u00fan De adquisiciones por \u00cdnfima Cuant\u00eda De procedimientos especiales De reportes de Adjudicaci\u00f3n de Obras De procedimientos de R\u00e9gimen Especial De Emergencias Del Clasificador Central de Productos &#8211; CPC De planes anuales de contrataci\u00f3n &#8211; PAC De proveedores del Estado De proveedores incumplidos <a href=\"https:\/\/portal.compraspublicas.gob.ec\/sercop\/herramientas-de-busqueda\/\">Read more &rarr;<\/a><\/p>\n","protected":false},"author":1,"featured_media":0,"parent":0,"menu_order":0,"comment_status":"closed","ping_status":"closed","template":"menugenerico.php","meta":[],"_links":{"self":[{"href":"https:\/\/portal.compraspublicas.gob.ec\/sercop\/wp-json\/wp\/v2\/pages\/13043"}],"collection":[{"href":"https:\/\/portal.compraspublicas.gob.ec\/sercop\/wp-json\/wp\/v2\/pages"}],"about":[{"href":"https:\/\/portal.compraspublicas.gob.ec\/sercop\/wp-json\/wp\/v2\/types\/page"}],"author":[{"embeddable":true,"href":"https:\/\/portal.compraspublicas.gob.ec\/sercop\/wp-json\/wp\/v2\/users\/1"}],"replies":[{"embeddable":true,"href":"https:\/\/portal.compraspublicas.gob.ec\/sercop\/wp-json\/wp\/v2\/comments?post=13043"}],"version-history":[{"count":1,"href":"https:\/\/portal.compraspublicas.gob.ec\/sercop\/wp-json\/wp\/v2\/pages\/13043\/revisions"}],"predecessor-version":[{"id":60418,"href":"https:\/\/portal.compraspublicas.gob.ec\/sercop\/wp-json\/wp\/v2\/pages\/13043\/revisions\/60418"}],"wp:attachment":[{"href":"https:\/\/portal.compraspublicas.gob.ec\/sercop\/wp-json\/wp\/v2\/media?parent=13043"}],"curies":[{"name":"wp","href":"https:\/\/api.w.org\/{rel}","templated":true}]}}