{"id":13063,"date":"2016-04-27T09:57:24","date_gmt":"2016-04-27T14:57:24","guid":{"rendered":"http:\/\/portal.compraspublicas.gob.ec\/sercop\/?page_id=13063"},"modified":"2026-03-25T08:28:45","modified_gmt":"2026-03-25T13:28:45","slug":"requisitos-habilitacion-entidades-contratantes","status":"publish","type":"page","link":"https:\/\/portal.compraspublicas.gob.ec\/sercop\/requisitos-habilitacion-entidades-contratantes\/","title":{"rendered":"Requisitos para habilitaci\u00f3n como Entidades Contratantes"},"content":{"rendered":"<div class=\"field field-name-body field-type-text-with-summary field-label-hidden\">\n<div class=\"field-items\">\n<div class=\"field-item even\">\n<p><a style=\"display: flex;\"><img loading=\"lazy\" class=\"alignnone wp-image-57372 size-large\" src=\"https:\/\/portal.compraspublicas.gob.ec\/sercop\/wp-content\/uploads\/2024\/02\/Mesa-de-trabajo-2-copia-12@2x-1024x256.png\" alt=\"\" width=\"750\" height=\"188\" srcset=\"https:\/\/portal.compraspublicas.gob.ec\/sercop\/wp-content\/uploads\/2024\/02\/Mesa-de-trabajo-2-copia-12@2x-1024x256.png 1024w, https:\/\/portal.compraspublicas.gob.ec\/sercop\/wp-content\/uploads\/2024\/02\/Mesa-de-trabajo-2-copia-12@2x-300x75.png 300w, https:\/\/portal.compraspublicas.gob.ec\/sercop\/wp-content\/uploads\/2024\/02\/Mesa-de-trabajo-2-copia-12@2x-768x192.png 768w, https:\/\/portal.compraspublicas.gob.ec\/sercop\/wp-content\/uploads\/2024\/02\/Mesa-de-trabajo-2-copia-12@2x-1536x385.png 1536w, https:\/\/portal.compraspublicas.gob.ec\/sercop\/wp-content\/uploads\/2024\/02\/Mesa-de-trabajo-2-copia-12@2x.png 1825w\" sizes=\"(max-width: 750px) 100vw, 750px\" \/><\/a><\/p>\n<p style=\"text-align: justify;\">El registro como Entidad Contratante consta de 6 pasos, los cuales recogen informaci\u00f3n b\u00e1sica de la misma.<\/p>\n<p style=\"text-align: justify;\"><strong>PASO 1:<\/strong> T\u00e9rminos y condiciones (Responsabilidades de la entidad contratante y las del SERCOP)<br \/>\n<strong>PASO 2:<\/strong> Informaci\u00f3n general (Creaci\u00f3n de usuario y contrase\u00f1a-Administrador)<br \/>\n<strong>PASO 3:<\/strong> Informaci\u00f3n de la Persona (N\u00b0 RUC, Raz\u00f3n social, Representante legal, otros)<br \/>\n<strong>PASO 4:<\/strong> Direcci\u00f3n y tel\u00e9fonos (Provincia, cant\u00f3n, parroquia, tel\u00e9fonos)<br \/>\n<strong>PASO 5:<\/strong> Informaci\u00f3n de contactos (Datos de las personas potenciales usuarios del Portal)<br \/>\n<strong>PASO 6:<\/strong> Finalizaci\u00f3n del registro (Activaci\u00f3n de cuenta)Al ingresar en los requisitos y verificar<\/p>\n<p>&nbsp;<\/p>\n<p><a href=\"https:\/\/www.compraspublicas.gob.ec\/ProcesoContratacion\/compras\/CM\/FrmCMPValidacionRuc.cpe\"><img loading=\"lazy\" class=\"alignnone wp-image-46177 size-full\" src=\"https:\/\/portal.compraspublicas.gob.ec\/sercop\/wp-content\/uploads\/2021\/11\/boton_registrate_aqui-1.png\" alt=\"\" width=\"759\" height=\"44\" srcset=\"https:\/\/portal.compraspublicas.gob.ec\/sercop\/wp-content\/uploads\/2021\/11\/boton_registrate_aqui-1.png 759w, https:\/\/portal.compraspublicas.gob.ec\/sercop\/wp-content\/uploads\/2021\/11\/boton_registrate_aqui-1-300x17.png 300w\" sizes=\"(max-width: 759px) 100vw, 759px\" \/><\/a><\/p>\n<p>&nbsp;<\/p>\n<p>Una vez culminado el registro, la Entidad a trav\u00e9s de los diferentes canales de Atenci\u00f3n al Usuario (ventanillas a nivel nacional o Sistema de Gesti\u00f3n Documental &#8211; Quipux) debe presentar la documentaci\u00f3n habilitante que se describe a continuaci\u00f3n:<\/p>\n<ol>\n<li>Documentaci\u00f3n que sustente su creaci\u00f3n, registro oficial, estatutos sociales o escritura de constituci\u00f3n;<\/li>\n<li>Copia del nombramiento de la m\u00e1xima autoridad o documento habilitante.<\/li>\n<\/ol>\n<p>Para la habilitaci\u00f3n de entidad contratante de derecho privado deber\u00e1 presentar la siguiente documentaci\u00f3n:<\/p>\n<ol>\n<li>Documentaci\u00f3n que sustente su creaci\u00f3n, estatutos sociales o escritura de constituci\u00f3n;<\/li>\n<li>Copia del nombramiento de la m\u00e1xima autoridad o documento habilitante.<\/li>\n<li>Convenio interinstitucional en d\u00f3nde se pueda verificar que el aporte p\u00fablico es del 50 % o m\u00e1s, de existir este;<\/li>\n<li>De no verificarse el aporte p\u00fablico en los estatutos o en el convenio, deber\u00e1 presentar el balance, estados de cuenta o cualquier otro documento a trav\u00e9s del cual se verifique el aporte del Estado.\u00bb<\/li>\n<\/ol>\n<\/div>\n<\/div>\n<\/div>\n","protected":false},"excerpt":{"rendered":"<p class=\"excerpt\">El registro como Entidad Contratante consta de 6 pasos, los cuales recogen informaci\u00f3n b\u00e1sica de la misma. PASO 1: T\u00e9rminos y condiciones (Responsabilidades de la entidad contratante y las del SERCOP) PASO 2: Informaci\u00f3n general (Creaci\u00f3n de usuario y contrase\u00f1a-Administrador) PASO 3: Informaci\u00f3n de la Persona (N\u00b0 RUC, Raz\u00f3n social, Representante legal, otros) PASO 4: Direcci\u00f3n y tel\u00e9fonos (Provincia, cant\u00f3n,&hellip; <a href=\"https:\/\/portal.compraspublicas.gob.ec\/sercop\/requisitos-habilitacion-entidades-contratantes\/\">Read more &rarr;<\/a><\/p>\n","protected":false},"author":1,"featured_media":0,"parent":0,"menu_order":0,"comment_status":"closed","ping_status":"closed","template":"menugenerico.php","meta":[],"_links":{"self":[{"href":"https:\/\/portal.compraspublicas.gob.ec\/sercop\/wp-json\/wp\/v2\/pages\/13063"}],"collection":[{"href":"https:\/\/portal.compraspublicas.gob.ec\/sercop\/wp-json\/wp\/v2\/pages"}],"about":[{"href":"https:\/\/portal.compraspublicas.gob.ec\/sercop\/wp-json\/wp\/v2\/types\/page"}],"author":[{"embeddable":true,"href":"https:\/\/portal.compraspublicas.gob.ec\/sercop\/wp-json\/wp\/v2\/users\/1"}],"replies":[{"embeddable":true,"href":"https:\/\/portal.compraspublicas.gob.ec\/sercop\/wp-json\/wp\/v2\/comments?post=13063"}],"version-history":[{"count":14,"href":"https:\/\/portal.compraspublicas.gob.ec\/sercop\/wp-json\/wp\/v2\/pages\/13063\/revisions"}],"predecessor-version":[{"id":64087,"href":"https:\/\/portal.compraspublicas.gob.ec\/sercop\/wp-json\/wp\/v2\/pages\/13063\/revisions\/64087"}],"wp:attachment":[{"href":"https:\/\/portal.compraspublicas.gob.ec\/sercop\/wp-json\/wp\/v2\/media?parent=13063"}],"curies":[{"name":"wp","href":"https:\/\/api.w.org\/{rel}","templated":true}]}}