{"id":13080,"date":"2016-04-27T10:10:17","date_gmt":"2016-04-27T15:10:17","guid":{"rendered":"http:\/\/portal.compraspublicas.gob.ec\/sercop\/?page_id=13080"},"modified":"2024-11-28T15:33:44","modified_gmt":"2024-11-28T20:33:44","slug":"margenes-de-preferencia-para-la-produccion-nacional","status":"publish","type":"page","link":"https:\/\/portal.compraspublicas.gob.ec\/sercop\/margenes-de-preferencia-para-la-produccion-nacional\/","title":{"rendered":"M\u00e1rgenes de preferencia para la producci\u00f3n nacional"},"content":{"rendered":"<p style=\"text-align: justify; display:flex\"><span style=\"color: #000000;\"><a href=\"https:\/\/portal.compraspublicas.gob.ec\/sercop\/wp-content\/uploads\/2021\/10\/6_proveedores_margenes.png\"><img loading=\"lazy\" class=\"alignnone size-full wp-image-45954\" src=\"https:\/\/portal.compraspublicas.gob.ec\/sercop\/wp-content\/uploads\/2021\/10\/6_proveedores_margenes.png\" alt=\"\" width=\"759\" height=\"224\" srcset=\"https:\/\/portal.compraspublicas.gob.ec\/sercop\/wp-content\/uploads\/2021\/10\/6_proveedores_margenes.png 759w, https:\/\/portal.compraspublicas.gob.ec\/sercop\/wp-content\/uploads\/2021\/10\/6_proveedores_margenes-300x89.png 300w\" sizes=\"(max-width: 759px) 100vw, 759px\" \/><\/a><\/span><\/p>\n<p style=\"text-align: justify;\"><span style=\"color: #000000;\">Se ha definido la participaci\u00f3n nacional y m\u00e1rgenes de preferencia acorde con lo establecido en el Reglamento General de la LOSNCP, por lo que el\u00a0<strong>SERCOP<\/strong> establecer\u00e1 criterios de preferencia a favor de las MIPYMES, a trav\u00e9s de alguno de los siguientes mecanismos:<\/span><\/p>\n<p>&nbsp;<\/p>\n<table style=\"height: 437px;\" width=\"635\">\n<tbody>\n<tr>\n<td width=\"522\">1. M\u00e1rgenes de preferencia sobre las ofertas de otros proveedores en ciertos procesos.<\/td>\n<\/tr>\n<tr>\n<td>2. Siempre que, luego de las evaluaciones de ofertas, exista la posibilidad de adjudicar a una MIPYME y a otro proveedor que no tenga esta calidad, se preferir\u00e1 a aquella.<\/td>\n<\/tr>\n<tr>\n<td>3. Inclusi\u00f3n, en el cat\u00e1logo electr\u00f3nico, de bienes o servicios provenientes de MIPYMES, artesanos o actores de la econom\u00eda popular y solidaria para que sean adquiridos preferentemente por las entidades contratantes. El procedimiento de selecci\u00f3n a emplearse por parte del SERCOP para esta catalogaci\u00f3n ser\u00e1 la feria inclusiva.<\/td>\n<\/tr>\n<tr>\n<td>4. Las preferencias para las micro, peque\u00f1as y medianas empresas se aplicar\u00e1n en funci\u00f3n de que su oferta se catalogue como de origen nacional, por el componente nacional que empleen, de tal manera que no se otorgar\u00e1n estos beneficios a meros intermediarios.<\/td>\n<\/tr>\n<tr>\n<td style=\"text-align: left;\">5. Los beneficios, a favor de las MIPYMES se har\u00e1n extensivos a actores de la econom\u00eda popular y solidaria, de conformidad con la ley.<\/td>\n<\/tr>\n<\/tbody>\n<\/table>\n<p>&nbsp;<\/p>\n<p style=\"text-align: justify;\"><span style=\"color: black;\">Las preferencias para las micro, peque\u00f1as y medianas empresas se aplicar\u00e1n en funci\u00f3n de que su oferta se catalogue como de origen nacional, por el componente nacional que empleen, de tal manera que no se otorgar\u00e1n estos beneficios a meros intermediarios.<\/span><\/p>\n<p style=\"text-align: justify;\"><span style=\"color: black;\">Los beneficios, a favor de las MIPYMES se har\u00e1n extensivos a actores de la econom\u00eda popular y solidaria, de conformidad con la ley.<\/span><\/p>\n","protected":false},"excerpt":{"rendered":"<p class=\"excerpt\">Se ha definido la participaci\u00f3n nacional y m\u00e1rgenes de preferencia acorde con lo establecido en el Reglamento General de la LOSNCP, por lo que el\u00a0SERCOP establecer\u00e1 criterios de preferencia a favor de las MIPYMES, a trav\u00e9s de alguno de los siguientes mecanismos: &nbsp; 1. M\u00e1rgenes de preferencia sobre las ofertas de otros proveedores en ciertos procesos. 2. Siempre que, luego&hellip; <a href=\"https:\/\/portal.compraspublicas.gob.ec\/sercop\/margenes-de-preferencia-para-la-produccion-nacional\/\">Read more &rarr;<\/a><\/p>\n","protected":false},"author":1,"featured_media":0,"parent":0,"menu_order":0,"comment_status":"closed","ping_status":"closed","template":"menugenerico.php","meta":[],"_links":{"self":[{"href":"https:\/\/portal.compraspublicas.gob.ec\/sercop\/wp-json\/wp\/v2\/pages\/13080"}],"collection":[{"href":"https:\/\/portal.compraspublicas.gob.ec\/sercop\/wp-json\/wp\/v2\/pages"}],"about":[{"href":"https:\/\/portal.compraspublicas.gob.ec\/sercop\/wp-json\/wp\/v2\/types\/page"}],"author":[{"embeddable":true,"href":"https:\/\/portal.compraspublicas.gob.ec\/sercop\/wp-json\/wp\/v2\/users\/1"}],"replies":[{"embeddable":true,"href":"https:\/\/portal.compraspublicas.gob.ec\/sercop\/wp-json\/wp\/v2\/comments?post=13080"}],"version-history":[{"count":6,"href":"https:\/\/portal.compraspublicas.gob.ec\/sercop\/wp-json\/wp\/v2\/pages\/13080\/revisions"}],"predecessor-version":[{"id":60444,"href":"https:\/\/portal.compraspublicas.gob.ec\/sercop\/wp-json\/wp\/v2\/pages\/13080\/revisions\/60444"}],"wp:attachment":[{"href":"https:\/\/portal.compraspublicas.gob.ec\/sercop\/wp-json\/wp\/v2\/media?parent=13080"}],"curies":[{"name":"wp","href":"https:\/\/api.w.org\/{rel}","templated":true}]}}