{"id":13087,"date":"2016-04-27T10:20:50","date_gmt":"2016-04-27T15:20:50","guid":{"rendered":"http:\/\/portal.compraspublicas.gob.ec\/sercop\/?page_id=13087"},"modified":"2024-11-28T15:45:17","modified_gmt":"2024-11-28T20:45:17","slug":"personas-juridicas","status":"publish","type":"page","link":"https:\/\/portal.compraspublicas.gob.ec\/sercop\/personas-juridicas\/","title":{"rendered":"Personas jur\u00eddicas"},"content":{"rendered":"<p><a style=\"display:flex\"><img loading=\"lazy\" class=\"alignnone wp-image-57346 size-large\" src=\"https:\/\/portal.compraspublicas.gob.ec\/sercop\/wp-content\/uploads\/2024\/01\/Mesa-de-trabajo-2-copia-8@2x-1024x256.png\" alt=\"\" width=\"750\" height=\"188\" srcset=\"https:\/\/portal.compraspublicas.gob.ec\/sercop\/wp-content\/uploads\/2024\/01\/Mesa-de-trabajo-2-copia-8@2x-1024x256.png 1024w, https:\/\/portal.compraspublicas.gob.ec\/sercop\/wp-content\/uploads\/2024\/01\/Mesa-de-trabajo-2-copia-8@2x-300x75.png 300w, https:\/\/portal.compraspublicas.gob.ec\/sercop\/wp-content\/uploads\/2024\/01\/Mesa-de-trabajo-2-copia-8@2x-768x192.png 768w, https:\/\/portal.compraspublicas.gob.ec\/sercop\/wp-content\/uploads\/2024\/01\/Mesa-de-trabajo-2-copia-8@2x-1536x385.png 1536w, https:\/\/portal.compraspublicas.gob.ec\/sercop\/wp-content\/uploads\/2024\/01\/Mesa-de-trabajo-2-copia-8@2x.png 1825w\" sizes=\"(max-width: 750px) 100vw, 750px\" \/><\/a><\/p>\n<p>&nbsp;<\/p>\n<p><strong>\u00a0\u00a1NO REQUIERE LA PRESENTACI\u00d3N DE DOCUMENTOS F\u00cdSICOS!<\/strong><\/p>\n<p>&nbsp;<\/p>\n<p>&nbsp;<\/p>\n<table border=\"4\">\n<tbody>\n<tr>\n<td style=\"text-align: left;\"><strong>Nacionales y extranjeras domiciliada<\/strong><\/td>\n<td style=\"text-align: justify;\">1. Estar al d\u00eda en las obligaciones tributarias administradas por el SRI. La verificaci\u00f3n se realiza a trav\u00e9s del sistema inform\u00e1tico interconectado, no es necesario traer ning\u00fan certificado.<\/p>\n<p>2. Si Usted es empleador, deber\u00e1 estar al d\u00eda en sus obligaciones patronales con el IESS. La verificaci\u00f3n se realiza a trav\u00e9s del sistema inform\u00e1tico interconectado.<\/p>\n<p><strong>\u00a0<\/strong><strong>Sociedades Civiles:<\/strong><\/p>\n<p><strong>a)\u00a0\u00a0 <\/strong>Copia del contrato de sociedad, ya sea que conste en documento p\u00fablico o privado, cuyo objeto social no puede ser una de las actividades previstas en el art\u00edculo 3 del C\u00f3digo de Comercio; y,<\/p>\n<p><strong>b)\u00a0\u00a0 <\/strong>Documento de designaci\u00f3n del representante legal, cuando sea conferido por acto posterior al contrato de sociedad (art\u00edculo 1978 de la Codificaci\u00f3n del C\u00f3digo Civil).<\/p>\n<p><strong>\u00a0<\/strong><strong>Sociedades Civiles An\u00f3nimas<\/strong><\/p>\n<p>a)\u00a0\u00a0\u00a0\u00a0 Escritura de Constituci\u00f3n inscrita en el Registro Mercantil<\/p>\n<p>b)\u00a0\u00a0\u00a0\u00a0 Nombramiento Representante Legal Inscrita en el Registro Mercantil.<\/p>\n<p><strong>\u00a0<\/strong><strong>Compa\u00f1\u00edas en Nombre Colectivo:<\/strong><\/p>\n<p>a)\u00a0\u00a0\u00a0\u00a0 Contrato de constituci\u00f3n de la compa\u00f1\u00eda en nombre colectivo, celebrado a trav\u00e9s de escritura p\u00fablica (Art\u00edculo 37 de la Codificaci\u00f3n de la Ley de Compa\u00f1\u00edas);<\/p>\n<p>b)\u00a0\u00a0\u00a0\u00a0 Providencia aprobatoria de la escritura p\u00fablica referida en la letra a), dictada por el correspondiente juez de lo civil (Art\u00edculo 38 de la Codificaci\u00f3n de la Ley de Compa\u00f1\u00edas);<\/p>\n<p>c)\u00a0\u00a0\u00a0\u00a0 Publicaci\u00f3n por la prensa del extracto de la escritura p\u00fablica referida en la letra a);<\/p>\n<p>d)\u00a0\u00a0\u00a0\u00a0 Certificado de inscripci\u00f3n de la escritura p\u00fablica referida en la letra a), en el Registro Mercantil correspondiente (Art\u00edculo 19 de la Codificaci\u00f3n de la Ley de Compa\u00f1\u00edas); y,<\/p>\n<p>e)\u00a0\u00a0\u00a0\u00a0 Documento de designaci\u00f3n del representante legal, cuando sea conferido por acto posterior al contrato de constituci\u00f3n.<\/p>\n<p><strong>\u00a0<\/strong><strong>Fideicomisos:<\/strong><\/p>\n<p>a)\u00a0\u00a0\u00a0\u00a0 Contrato de fideicomiso mercantil, otorgado mediante escritura p\u00fablica (art\u00edculo 110 de la Codificaci\u00f3n de la Ley del Mercado de Valores); y,<\/p>\n<p>b)\u00a0\u00a0\u00a0\u00a0 Verificaci\u00f3n de la existencia legal de la sociedad administradora de fondos y fideicomisos, que es representante legal del fideicomiso mercantil. (Se verificar\u00e1 en la SUPERCIAS).<\/p>\n<p><strong>Sociedades bajo el control de la Superintendencia de Bancos, Instituciones Educativas, Fundaciones, C\u00e1maras y Gremios:<\/strong><\/p>\n<p>a)\u00a0\u00a0\u00a0\u00a0 Escritura de Constituci\u00f3n y Reformas con respectiva autorizaci\u00f3n de la entidad competente.<\/p>\n<p>b)\u00a0\u00a0\u00a0\u00a0 Nombramiento vigente del representante legal.<\/p>\n<p><strong>Empresas Unipersonales: <\/strong><\/p>\n<p>A.\u00a0\u00a0\u00a0\u00a0 Escritura p\u00fablica que contenga el acto constitutivo de la empresa con la correspondiente inscripci\u00f3n en el Registro Mercantil, o una certificaci\u00f3n actualizada del Registrador Mercantil en la que se acredite la existencia y denominaci\u00f3n de la empresa, domicilio principal, objeto, plazo de duraci\u00f3n, capital empresarial y la identidad de su gerente-propietario (Art. 38 de la Ley de Empresas Unipersonales de Responsabilidad Limitada);<\/p>\n<p>B.\u00a0\u00a0\u00a0\u00a0 Providencia aprobatoria de la escritura p\u00fablica referida en la letra a), dictada por el correspondiente juez de lo civil; y,<\/p>\n<p>C.\u00a0\u00a0\u00a0\u00a0 Publicaci\u00f3n por la prensa del extracto de la escritura p\u00fablica referida en la letra a).<\/p>\n<p>&nbsp;<\/p>\n<p>Personas Jur\u00eddicas creadas bajo la Superintendencia de Econom\u00eda Popular y Solidaria<\/p>\n<p>&nbsp;<\/p>\n<p>a.- Estatuto social, Reformas a los estatutos en caso de que hubiere<\/p>\n<p>b.- Resoluci\u00f3n de aprobaci\u00f3n del estatuto<\/p>\n<p>c.- Nombramiento del representante legal<\/p>\n<p>d.- Permiso de operaci\u00f3n, en caso de que la actividad econ\u00f3mica de la Asociaci\u00f3n sea de transportes y tenga CPC de transportes.<\/p>\n<p>&nbsp;<\/td>\n<\/tr>\n<\/tbody>\n<tbody>\n<tr>\n<td style=\"text-align: center;\">&nbsp;<\/p>\n<p>&nbsp;<\/p>\n<p>&nbsp;<\/p>\n<p>&nbsp;<\/p>\n<p style=\"text-align: left;\"><strong>Extranjera No Domiciliada<\/strong><\/p>\n<\/td>\n<td>La persona jur\u00eddica extranjera que sea adjudicada en uno o m\u00e1s procesos de contrataci\u00f3n, deber\u00e1 mantener en el Ecuador un apoderado o representante.<\/p>\n<p>As\u00ed mismo, en el caso que una persona jur\u00eddica extranjera sea adjudicada en uno o m\u00e1s contratos sometidos al Sistema Nacional de Contrataci\u00f3n P\u00fablica, se estar\u00e1 a lo previsto en el art\u00edculo 6 de la Ley de Compa\u00f1\u00edas y, en general, a lo que prev\u00e9 la legislaci\u00f3n ecuatoriana en cuanto a la domiciliaci\u00f3n.<\/p>\n<p><strong>Documentos a subir en el portal:<\/strong><\/p>\n<ol>\n<li>Los documentos que acrediten la existencia legal de la persona jur\u00eddica en su pa\u00eds de origen, emitido por autoridad competente, de ser el caso, traducidos al espa\u00f1ol, apostillados en un Consulado Ecuatoriano.<\/li>\n<\/ol>\n<ol start=\"2\">\n<li>Poder otorgado al representante legal debidamente apostillado<\/li>\n<li>Nombramiento del representante legal, de ser el caso traducidos al espa\u00f1ol, apostillados en un Consulado Ecuatoriano.<\/li>\n<\/ol>\n<\/td>\n<\/tr>\n<\/tbody>\n<\/table>\n","protected":false},"excerpt":{"rendered":"<p class=\"excerpt\">&nbsp; \u00a0\u00a1NO REQUIERE LA PRESENTACI\u00d3N DE DOCUMENTOS F\u00cdSICOS! &nbsp; &nbsp; Nacionales y extranjeras domiciliada 1. Estar al d\u00eda en las obligaciones tributarias administradas por el SRI. La verificaci\u00f3n se realiza a trav\u00e9s del sistema inform\u00e1tico interconectado, no es necesario traer ning\u00fan certificado. 2. Si Usted es empleador, deber\u00e1 estar al d\u00eda en sus obligaciones patronales con el IESS. La verificaci\u00f3n&hellip; <a href=\"https:\/\/portal.compraspublicas.gob.ec\/sercop\/personas-juridicas\/\">Read more &rarr;<\/a><\/p>\n","protected":false},"author":1,"featured_media":0,"parent":0,"menu_order":0,"comment_status":"closed","ping_status":"closed","template":"menugenerico.php","meta":[],"_links":{"self":[{"href":"https:\/\/portal.compraspublicas.gob.ec\/sercop\/wp-json\/wp\/v2\/pages\/13087"}],"collection":[{"href":"https:\/\/portal.compraspublicas.gob.ec\/sercop\/wp-json\/wp\/v2\/pages"}],"about":[{"href":"https:\/\/portal.compraspublicas.gob.ec\/sercop\/wp-json\/wp\/v2\/types\/page"}],"author":[{"embeddable":true,"href":"https:\/\/portal.compraspublicas.gob.ec\/sercop\/wp-json\/wp\/v2\/users\/1"}],"replies":[{"embeddable":true,"href":"https:\/\/portal.compraspublicas.gob.ec\/sercop\/wp-json\/wp\/v2\/comments?post=13087"}],"version-history":[{"count":15,"href":"https:\/\/portal.compraspublicas.gob.ec\/sercop\/wp-json\/wp\/v2\/pages\/13087\/revisions"}],"predecessor-version":[{"id":60462,"href":"https:\/\/portal.compraspublicas.gob.ec\/sercop\/wp-json\/wp\/v2\/pages\/13087\/revisions\/60462"}],"wp:attachment":[{"href":"https:\/\/portal.compraspublicas.gob.ec\/sercop\/wp-json\/wp\/v2\/media?parent=13087"}],"curies":[{"name":"wp","href":"https:\/\/api.w.org\/{rel}","templated":true}]}}