{"id":13101,"date":"2016-04-27T10:22:12","date_gmt":"2016-04-27T15:22:12","guid":{"rendered":"http:\/\/portal.compraspublicas.gob.ec\/sercop\/?page_id=13101"},"modified":"2016-04-28T10:26:44","modified_gmt":"2016-04-28T15:26:44","slug":"preguntas-frecuentes-entidades-3","status":"publish","type":"page","link":"https:\/\/portal.compraspublicas.gob.ec\/sercop\/preguntas-frecuentes-entidades-3\/","title":{"rendered":"Preguntas frecuentes: \u00cdnfima Cuant\u00eda"},"content":{"rendered":"<div id=\"block-system-main\" class=\"block block-system block-odd first last clearfix sin-titulo\">\n<div class=\"block-inner\">\n<div class=\"content\">\n<div class=\"view view-preguntas-frecuentes view-id-preguntas_frecuentes view-display-id-page_1 view-dom-id-38effd32d0ddcd661e4f6f0cbe9e6458\">\n<div class=\"view-content\">\n<div class=\"item-list\">\n<p><a href=\"http:\/\/portal.compraspublicas.gob.ec\/sercop\/wp-content\/uploads\/2016\/04\/preguntas.png\"><img loading=\"lazy\" class=\"aligncenter size-full wp-image-13364\" src=\"http:\/\/portal.compraspublicas.gob.ec\/sercop\/wp-content\/uploads\/2016\/04\/preguntas.png\" alt=\"preguntas\" width=\"630\" height=\"158\" srcset=\"https:\/\/portal.compraspublicas.gob.ec\/sercop\/wp-content\/uploads\/2016\/04\/preguntas.png 630w, https:\/\/portal.compraspublicas.gob.ec\/sercop\/wp-content\/uploads\/2016\/04\/preguntas-300x75.png 300w\" sizes=\"(max-width: 630px) 100vw, 630px\" \/><\/a><\/p>\n<ul>\n<li class=\"views-row views-row-1 views-row-odd views-row-first\">\n<div class=\"views-field views-field-title\"><strong><span class=\"field-content\">\u00bfC\u00f3mo las Entidades Contratantes, remitir\u00e1n al SERCOP el informe trimestral de las adquisiciones realizadas a trav\u00e9s de \u00cdnfima Cuant\u00eda?<\/span><\/strong><\/div>\n<div class=\"views-field views-field-body\">\n<div class=\"field-content\">\n<p>Hasta el SERCOP defina el procedimiento electr\u00f3nico que ser\u00e1 utilizado para presentar este reporte y establezca el procedimiento a observar, las entidades contratantes deben realizarlo en forma f\u00edsica, utilizando el formato EXCEL en el que se indique adem\u00e1s de los datos que identifiquen a la Entidad, los siguientes: la fecha, la descripci\u00f3n del objeto de la contrataci\u00f3n, el monto de la contrataci\u00f3n, el nombre de los contratistas, el n\u00famero total de contrataciones y otros par\u00e1metros que consideren pertinente.<\/p>\n<\/div>\n<\/div>\n<\/li>\n<li class=\"views-row views-row-2 views-row-even views-row-last\">\n<div class=\"views-field views-field-title\"><strong><span class=\"field-content\">\u00bfCu\u00e1l es el monto bajo el cual se puede contratar para \u00ednfima cuant\u00eda?<\/span><\/strong><\/div>\n<div class=\"views-field views-field-body\">\n<div class=\"field-content\">\n<p>Las contrataciones para la ejecuci\u00f3n de obras, adquisici\u00f3n de bienes o prestaci\u00f3n de servicios, cuya cuant\u00eda sea igual o menor a multiplicar el coeficiente 0,0000002 del Presupuesto Inicial del Estado.<\/p>\n<\/div>\n<\/div>\n<\/li>\n<\/ul>\n<\/div>\n<\/div>\n<\/div>\n<\/div>\n<\/div>\n<\/div>\n","protected":false},"excerpt":{"rendered":"<p class=\"excerpt\">\u00bfC\u00f3mo las Entidades Contratantes, remitir\u00e1n al SERCOP el informe trimestral de las adquisiciones realizadas a trav\u00e9s de \u00cdnfima Cuant\u00eda? Hasta el SERCOP defina el procedimiento electr\u00f3nico que ser\u00e1 utilizado para presentar este reporte y establezca el procedimiento a observar, las entidades contratantes deben realizarlo en forma f\u00edsica, utilizando el formato EXCEL en el que se indique adem\u00e1s de los datos&hellip; <a href=\"https:\/\/portal.compraspublicas.gob.ec\/sercop\/preguntas-frecuentes-entidades-3\/\">Read more &rarr;<\/a><\/p>\n","protected":false},"author":1,"featured_media":0,"parent":0,"menu_order":0,"comment_status":"closed","ping_status":"closed","template":"entidades.php","meta":[],"_links":{"self":[{"href":"https:\/\/portal.compraspublicas.gob.ec\/sercop\/wp-json\/wp\/v2\/pages\/13101"}],"collection":[{"href":"https:\/\/portal.compraspublicas.gob.ec\/sercop\/wp-json\/wp\/v2\/pages"}],"about":[{"href":"https:\/\/portal.compraspublicas.gob.ec\/sercop\/wp-json\/wp\/v2\/types\/page"}],"author":[{"embeddable":true,"href":"https:\/\/portal.compraspublicas.gob.ec\/sercop\/wp-json\/wp\/v2\/users\/1"}],"replies":[{"embeddable":true,"href":"https:\/\/portal.compraspublicas.gob.ec\/sercop\/wp-json\/wp\/v2\/comments?post=13101"}],"version-history":[{"count":0,"href":"https:\/\/portal.compraspublicas.gob.ec\/sercop\/wp-json\/wp\/v2\/pages\/13101\/revisions"}],"wp:attachment":[{"href":"https:\/\/portal.compraspublicas.gob.ec\/sercop\/wp-json\/wp\/v2\/media?parent=13101"}],"curies":[{"name":"wp","href":"https:\/\/api.w.org\/{rel}","templated":true}]}}