{"id":13210,"date":"2016-04-27T13:37:12","date_gmt":"2016-04-27T18:37:12","guid":{"rendered":"http:\/\/portal.compraspublicas.gob.ec\/sercop\/?page_id=13210"},"modified":"2024-11-28T15:04:05","modified_gmt":"2024-11-28T20:04:05","slug":"glosario","status":"publish","type":"page","link":"https:\/\/portal.compraspublicas.gob.ec\/sercop\/glosario\/","title":{"rendered":"Glosario"},"content":{"rendered":"<div class=\"content\">\n<div class=\"field field-name-body field-type-text-with-summary field-label-hidden\">\n<div class=\"field-items\">\n<div class=\"field-item even\">\n<p style=\"display:flex\">\n<img loading=\"lazy\" class=\"alignnone size-full wp-image-44991\" src=\"https:\/\/portal.compraspublicas.gob.ec\/sercop\/wp-content\/uploads\/2021\/08\/WhatsApp-Image-2021-08-04-at-11.30.13-AM1.jpeg\" alt=\"\" width=\"768\" height=\"192\" srcset=\"https:\/\/portal.compraspublicas.gob.ec\/sercop\/wp-content\/uploads\/2021\/08\/WhatsApp-Image-2021-08-04-at-11.30.13-AM1.jpeg 768w, https:\/\/portal.compraspublicas.gob.ec\/sercop\/wp-content\/uploads\/2021\/08\/WhatsApp-Image-2021-08-04-at-11.30.13-AM1-300x75.jpeg 300w\" sizes=\"(max-width: 768px) 100vw, 768px\" \/><\/p>\n<ol>\n<li><strong>Base de datos de Certificaci\u00f3n como operadores del Sistema Nacional de Contrataci\u00f3n P\u00fablica- SNCP. \u2013<\/strong> Registro de\u00a0 los\u00a0 servidores p\u00fablicos o trabajadores de las entidades contratantes previstas en el art\u00edculo 1 de la Ley\u00a0\u00a0 Org\u00e1nica del Sistema Nacional de Contrataci\u00f3n P\u00fablica, que han sido certificados\u00a0 por\u00a0 el\u00a0 Servicio Nacional de Contrataci\u00f3n P\u00fablica, a trav\u00e9s del Sistema de Certificaci\u00f3n como Operadores del Sistema Nacional de Contrataci\u00f3n P\u00fablica-SNCP para los servidores del Estado.<\/li>\n<li><strong>Capacidad t\u00e9cnica para la Certificaci\u00f3n como operadores del Sistema Nacional de Contrataci\u00f3n P\u00fablica- SNCP. &#8211;<\/strong> Conocimientos, habilidades, aptitudes y destrezas en lo referente a contrataci\u00f3n p\u00fablica.<\/li>\n<li><strong>Certificaci\u00f3n como operadores del Sistema Nacional de Contrataci\u00f3n P\u00fablica- SNCP.-<\/strong> Acreditaci\u00f3n emitida por el Servicio Nacional de Contrataci\u00f3n P\u00fablica sobre la suficiencia de conocimientos respecto a las competencias de un rol determinado para que un servidor p\u00fablico o trabajador de las entidades\u00a0 contratantes previstas en el art\u00edculo 1 de la Ley Org\u00e1nica del Sistema Nacional de\u00a0\u00a0 Contrataci\u00f3n P\u00fabica se desempe\u00f1e como Operador del Sistema Nacional de Contrataci\u00f3n P\u00fablica.<\/li>\n<li><strong>C\u00f3digo\u00a0 de Certificaci\u00f3n como operadores del Sistema Nacional de Contrataci\u00f3n P\u00fablica- SNCP.-<\/strong> C\u00f3digo temporal asignado por el Servicio\u00a0 Nacional\u00a0 de\u00a0 Contrataci\u00f3n\u00a0 P\u00fablica\u00a0 a\u00a0 los\u00a0 servidores\u00a0 p\u00fablicos\u00a0 o trabajadores de\u00a0 las\u00a0 entidades\u00a0 contratantes\u00a0 previstas\u00a0 en\u00a0 el\u00a0 art\u00edculo\u00a0 1\u00a0 de\u00a0 la Ley\u00a0 Org\u00e1nica\u00a0 del Sistema Nacional de Contrataci\u00f3n P\u00fablica, que ha cumplido satisfactoriamente con la aprobaci\u00f3n del proceso de Certificaci\u00f3n como operadores del Sistema Nacional de Contrataci\u00f3n P\u00fablica- SNCP, para un rol determinado.<\/li>\n<li><strong>Examen para la obtenci\u00f3n de la Certificaci\u00f3n como operadores del Sistema Nacional de Contrataci\u00f3n P\u00fablica- SNCP.- <\/strong>Evaluaci\u00f3n realizada\u00a0 por el Servicio Nacional de Contrataci\u00f3n P\u00fablica, a los\u00a0 servidores p\u00fablicos o trabajadores de las entidades contratantes previstas en el art\u00edculo 1 de la Ley Org\u00e1nica del Sistema Nacional de Contrataci\u00f3n P\u00fablica, que intervienen\u00a0 como operadores del Sistema Nacional de Contrataci\u00f3n P\u00fablica, referente a las\u00a0\u00a0 competencias requeridas para desempe\u00f1ar un rol determinado en contrataci\u00f3n p\u00fablica.<\/li>\n<li><strong>Fase preparatoria.- <\/strong>Fase de la contrataci\u00f3n p\u00fablica que incluye la elaboraci\u00f3n y modificaci\u00f3n del plan anual de contrataciones \u2013 PAC; la elaboraci\u00f3n de estudios de mercado, elaboraci\u00f3n de especificaciones t\u00e9cnicas y t\u00e9rminos de referencia \u2013 TDR; elaboraci\u00f3n\u00a0 del\u00a0 presupuesto\u00a0 referencial\u00a0 y emisi\u00f3n\u00a0 de\u00a0 certificaci\u00f3n\u00a0 presupuestaria; elaboraci\u00f3n de estudios, elaboraci\u00f3n y aprobaci\u00f3n de pliegos; conformaci\u00f3n de la comisi\u00f3n t\u00e9cnica u otorgamiento de delegaci\u00f3n; y, toda actividad hasta antes de la publicaci\u00f3n del procedimiento en el Portal Institucional del Servicio Nacional de Contrataci\u00f3n P\u00fablica.<\/li>\n<li><strong>Fase precontractual.-<\/strong> Fase de la contrataci\u00f3n p\u00fablica que se inicia con la publicaci\u00f3n\u00a0 del procedimiento en el Portal Institucional del Servicio Nacional de Contrataci\u00f3n P\u00fablica; etapa de preguntas, respuestas y aclaraciones, modificaciones de condiciones contractuales o de pliegos; cancelaci\u00f3n del procedimiento, etapa de recepci\u00f3n, apertura, convalidaci\u00f3n de errores, verificaci\u00f3n, y calificaci\u00f3n de ofertas; informe\u00a0 de\u00a0 la comisi\u00f3n t\u00e9cnica o del delgado; resoluci\u00f3n y publicaci\u00f3n de la adjudicaci\u00f3n o\u00a0\u00a0 decisi\u00f3n de procedimiento desierto; y todo acto que est\u00e9 comprendido entre la\u00a0 convocatoria hasta la adjudicaci\u00f3n o declaratoria de desierto del proceso de contrataci\u00f3n.<\/li>\n<li><strong>Fase contractual.-<\/strong> Fase de la contrataci\u00f3n p\u00fablica que incluye todas las actuaciones para cumplir con el contrato suscrito, registro en el Portal Institucional del Servicio Nacional de Contrataci\u00f3n P\u00fablica, la administraci\u00f3n de la ejecuci\u00f3n contractual, incluidos los registros de entregas parciales en caso de haberlas, presentaci\u00f3n y pago de planillas, seg\u00fan el objeto de contrataci\u00f3n y las actas de entrega \u2013 recepci\u00f3n provisionales y definitivas, seg\u00fan corresponda, adem\u00e1s de la liquidaci\u00f3n de los contratos en cualquiera de sus formas y la finalizaci\u00f3n del procedimiento; y en el caso de ser pertinente la realizaci\u00f3n de \u00f3rdenes de trabajo, \u00f3rdenes de cambio y contratos complementarios cubriendo la totalidad de los eventos.<\/li>\n<li><strong>Postulantes para la Certificaci\u00f3n como operadores del Sistema Nacional de Contrataci\u00f3n P\u00fablica- SNCP.-<\/strong> Los\u00a0 servidores\u00a0 p\u00fablicos\u00a0 o trabajadores de las entidades contratantes previstas en el art\u00edculo 1 de la Ley Org\u00e1nica del Sistema\u00a0 Nacional de Contrataci\u00f3n P\u00fablica, a los que la m\u00e1xima autoridad de la entidad contratante, o su delegado, registran en el Servicio Nacional de Contrataci\u00f3n P\u00fablica, para participar en el procedimiento de evaluaci\u00f3n para la Certificaci\u00f3n como operadores del Sistema Nacional de Contrataci\u00f3n P\u00fablica- SNCP, para el desempe\u00f1o de un rol determinado.<\/li>\n<li><strong>Rol para la obtenci\u00f3n del Certificado como operadores del Sistema Nacional de Contrataci\u00f3n P\u00fablica- SNCP.-<\/strong> Funci\u00f3n que los servidores\u00a0 p\u00fablicos o trabajadores de las entidades contratantes previstas en el art\u00edculo 1 de la\u00a0 Ley Org\u00e1nica del Sistema Nacional de Contrataci\u00f3n P\u00fablica, desempe\u00f1an conforme a las\u00a0 responsabilidades y actividades designadas por su autoridad competente o la Ley en un procedimiento de contrataci\u00f3n p\u00fablica.<\/li>\n<li><strong>Servidores p\u00fablicos o trabajadores certificados.-<\/strong> Servidores p\u00fablicos o trabajadores de\u00a0 las entidades contratantes previstas en el art\u00edculo 1 de la Ley Org\u00e1nica del Sistema Nacional de Contrataci\u00f3n P\u00fablica, que aprueban el examen de Certificaci\u00f3n como operadores del Sistema Nacional de Contrataci\u00f3n P\u00fablica- SNCP. y que cuentan con el c\u00f3digo de certificaci\u00f3n vigente.<\/li>\n<li><strong>Sistema de Certificaci\u00f3n como operadores del Sistema Nacional de Contrataci\u00f3n P\u00fablica- SNCP.-<\/strong> Plataforma y soporte inform\u00e1tico para la realizaci\u00f3n del proceso de Certificaci\u00f3n como operadores del Sistema Nacional de Contrataci\u00f3n P\u00fablica- SNCP, para servidores p\u00fablicos o trabajadores de las entidades contratantes previstas en el art\u00edculo 1 de la Ley Org\u00e1nica del Sistema Nacional de Contrataci\u00f3n P\u00fablica, a trav\u00e9s de la herramienta inform\u00e1tica.<\/li>\n<\/ol>\n<p>&nbsp;<\/p>\n<\/div>\n<\/div>\n<\/div>\n<\/div>\n","protected":false},"excerpt":{"rendered":"<p class=\"excerpt\">Base de datos de Certificaci\u00f3n como operadores del Sistema Nacional de Contrataci\u00f3n P\u00fablica- SNCP. \u2013 Registro de\u00a0 los\u00a0 servidores p\u00fablicos o trabajadores de las entidades contratantes previstas en el art\u00edculo 1 de la Ley\u00a0\u00a0 Org\u00e1nica del Sistema Nacional de Contrataci\u00f3n P\u00fablica, que han sido certificados\u00a0 por\u00a0 el\u00a0 Servicio Nacional de Contrataci\u00f3n P\u00fablica, a trav\u00e9s del Sistema de Certificaci\u00f3n como Operadores&hellip; <a href=\"https:\/\/portal.compraspublicas.gob.ec\/sercop\/glosario\/\">Read more &rarr;<\/a><\/p>\n","protected":false},"author":1,"featured_media":0,"parent":0,"menu_order":0,"comment_status":"closed","ping_status":"closed","template":"menugenerico.php","meta":[],"_links":{"self":[{"href":"https:\/\/portal.compraspublicas.gob.ec\/sercop\/wp-json\/wp\/v2\/pages\/13210"}],"collection":[{"href":"https:\/\/portal.compraspublicas.gob.ec\/sercop\/wp-json\/wp\/v2\/pages"}],"about":[{"href":"https:\/\/portal.compraspublicas.gob.ec\/sercop\/wp-json\/wp\/v2\/types\/page"}],"author":[{"embeddable":true,"href":"https:\/\/portal.compraspublicas.gob.ec\/sercop\/wp-json\/wp\/v2\/users\/1"}],"replies":[{"embeddable":true,"href":"https:\/\/portal.compraspublicas.gob.ec\/sercop\/wp-json\/wp\/v2\/comments?post=13210"}],"version-history":[{"count":5,"href":"https:\/\/portal.compraspublicas.gob.ec\/sercop\/wp-json\/wp\/v2\/pages\/13210\/revisions"}],"predecessor-version":[{"id":60415,"href":"https:\/\/portal.compraspublicas.gob.ec\/sercop\/wp-json\/wp\/v2\/pages\/13210\/revisions\/60415"}],"wp:attachment":[{"href":"https:\/\/portal.compraspublicas.gob.ec\/sercop\/wp-json\/wp\/v2\/media?parent=13210"}],"curies":[{"name":"wp","href":"https:\/\/api.w.org\/{rel}","templated":true}]}}