{"id":13213,"date":"2016-04-27T13:41:05","date_gmt":"2016-04-27T18:41:05","guid":{"rendered":"http:\/\/portal.compraspublicas.gob.ec\/sercop\/?page_id=13213"},"modified":"2024-11-28T16:16:25","modified_gmt":"2024-11-28T21:16:25","slug":"requisitos","status":"publish","type":"page","link":"https:\/\/portal.compraspublicas.gob.ec\/sercop\/requisitos\/","title":{"rendered":"Requisitos"},"content":{"rendered":"<p><a style=\"display:flex\"><img loading=\"lazy\" class=\"alignnone size-full wp-image-44995\" src=\"https:\/\/portal.compraspublicas.gob.ec\/sercop\/wp-content\/uploads\/2021\/08\/WhatsApp-Image-2021-08-04-at-11.30.13-AM.jpeg\" alt=\"\" width=\"768\" height=\"192\" srcset=\"https:\/\/portal.compraspublicas.gob.ec\/sercop\/wp-content\/uploads\/2021\/08\/WhatsApp-Image-2021-08-04-at-11.30.13-AM.jpeg 768w, https:\/\/portal.compraspublicas.gob.ec\/sercop\/wp-content\/uploads\/2021\/08\/WhatsApp-Image-2021-08-04-at-11.30.13-AM-300x75.jpeg 300w\" sizes=\"(max-width: 768px) 100vw, 768px\" \/><\/a><\/p>\n<p>&nbsp;<\/p>\n<p style=\"text-align: justify;\"><strong>1.- Registro para la Certificaci\u00f3n como Operadores del Sistema Nacional de Contrataci\u00f3n P\u00fablica- SNCP- Servidores P\u00fablicos<\/strong><\/p>\n<p style=\"text-align: justify;\">Para participar en el proceso de evaluaci\u00f3n para acreditaci\u00f3n de\u00a0 la <strong>Certificaci\u00f3n como Operadores del Sistema Nacional de Contrataci\u00f3n P\u00fablica- SNCP<\/strong> los servidores p\u00fablicos o trabajadores de las entidades contratantes previstas en el art\u00edculo 1 de la Ley Org\u00e1nica del Sistema Nacional de Contrataci\u00f3n P\u00fablica, deber\u00e1n registrarse en la direcci\u00f3n de Talento Humano de la Instituci\u00f3n en la cual se encuentre prestando sus servicios.<\/p>\n<p style=\"text-align: justify;\">La entidad contratante realizar\u00e1 el registro de los postulantes al proceso de <strong>Certificaci\u00f3n como Operadores del Sistema Nacional de Contrataci\u00f3n P\u00fablica- SNCP<\/strong> en contrataci\u00f3n p\u00fablica de las\/os servidoras\/es del Estado. Para este fin, deber\u00e1n acceder al formulario electr\u00f3nico de registro habilitado en el Portal Institucional del SERCOP.<\/p>\n<p style=\"text-align: justify;\"><strong>\u00a0<\/strong><\/p>\n<p style=\"text-align: justify;\"><strong>2.- Registro para la Certificaci\u00f3n como Operadores del Sistema Nacional de Contrataci\u00f3n P\u00fablica- SNCP- P\u00fablico en general<\/strong><\/p>\n<p style=\"text-align: justify;\">Las personas interesadas en ingresar al servicio p\u00fablico, que deseen ser parte proceso de <strong>Certificaci\u00f3n como Operadores del Sistema Nacional de Contrataci\u00f3n P\u00fablica- SNCP<\/strong> deber\u00e1n acceder al formulario electr\u00f3nico de registro habilitado en el Portal Institucional del SERCOP a trav\u00e9s de la opci\u00f3n <em><u>\u201cRegistro de persona\u201d<\/u><\/em><\/p>\n<p><strong>\u00a0<\/strong><\/p>\n<p>&nbsp;<\/p>\n<p>&nbsp;<\/p>\n","protected":false},"excerpt":{"rendered":"<p class=\"excerpt\">&nbsp; 1.- Registro para la Certificaci\u00f3n como Operadores del Sistema Nacional de Contrataci\u00f3n P\u00fablica- SNCP- Servidores P\u00fablicos Para participar en el proceso de evaluaci\u00f3n para acreditaci\u00f3n de\u00a0 la Certificaci\u00f3n como Operadores del Sistema Nacional de Contrataci\u00f3n P\u00fablica- SNCP los servidores p\u00fablicos o trabajadores de las entidades contratantes previstas en el art\u00edculo 1 de la Ley Org\u00e1nica del Sistema Nacional de&hellip; <a href=\"https:\/\/portal.compraspublicas.gob.ec\/sercop\/requisitos\/\">Read more &rarr;<\/a><\/p>\n","protected":false},"author":1,"featured_media":0,"parent":0,"menu_order":0,"comment_status":"closed","ping_status":"closed","template":"menugenerico.php","meta":[],"_links":{"self":[{"href":"https:\/\/portal.compraspublicas.gob.ec\/sercop\/wp-json\/wp\/v2\/pages\/13213"}],"collection":[{"href":"https:\/\/portal.compraspublicas.gob.ec\/sercop\/wp-json\/wp\/v2\/pages"}],"about":[{"href":"https:\/\/portal.compraspublicas.gob.ec\/sercop\/wp-json\/wp\/v2\/types\/page"}],"author":[{"embeddable":true,"href":"https:\/\/portal.compraspublicas.gob.ec\/sercop\/wp-json\/wp\/v2\/users\/1"}],"replies":[{"embeddable":true,"href":"https:\/\/portal.compraspublicas.gob.ec\/sercop\/wp-json\/wp\/v2\/comments?post=13213"}],"version-history":[{"count":12,"href":"https:\/\/portal.compraspublicas.gob.ec\/sercop\/wp-json\/wp\/v2\/pages\/13213\/revisions"}],"predecessor-version":[{"id":60498,"href":"https:\/\/portal.compraspublicas.gob.ec\/sercop\/wp-json\/wp\/v2\/pages\/13213\/revisions\/60498"}],"wp:attachment":[{"href":"https:\/\/portal.compraspublicas.gob.ec\/sercop\/wp-json\/wp\/v2\/media?parent=13213"}],"curies":[{"name":"wp","href":"https:\/\/api.w.org\/{rel}","templated":true}]}}