{"id":14249,"date":"2016-06-22T12:34:17","date_gmt":"2016-06-22T17:34:17","guid":{"rendered":"http:\/\/portal.compraspublicas.gob.ec\/sercop\/?page_id=14249"},"modified":"2016-06-28T16:36:43","modified_gmt":"2016-06-28T21:36:43","slug":"14249-2","status":"publish","type":"page","link":"https:\/\/portal.compraspublicas.gob.ec\/sercop\/14249-2\/","title":{"rendered":"Alquiler Semestral Transporte modalidades de carga livina y mixta"},"content":{"rendered":"<p><img loading=\"lazy\" class=\"alignnone\" src=\"http:\/\/portal.compraspublicas.gob.ec\/sercop\/wp-content\/uploads\/2015\/07\/camionetas-1024x346.png\" alt=\"\" width=\"1024\" height=\"346\" \/><\/p>\n<p>Con el objetivo de adquirir \u201cSERVICIOS DE ALQUILER SEMESTRAL DE VEH\u00cdCULOS DE TRANSPORTE COMERCIAL CARGA LIVIANA Y MIXTA\u201d a los actores de la econom\u00eda popular y solidaria y artesanos, se desarroll\u00f3 el Cat\u00e1logo Inclusivo que agrupa este tipo de servicio, con este antecedente se presenta la incorporaci\u00f3n de nuevos productos al presente cat\u00e1logo.<\/p>\n<p>Si\u00a0 te interesa participar en el Cat\u00e1logo Inclusivo \u201cSERVICIOS DE ALQUILER SEMESTRAL DE VEH\u00cdCULOS DE TRANSPORTE COMERCIAL CARGA LIVIANA Y MIXTA\u201d, publicado mediante <span style=\"color: #0000ff;\"><a style=\"color: #0000ff;\" href=\"http:\/\/portal.compraspublicas.gob.ec\/sercop\/wp-content\/uploads\/2016\/06\/Oficio-Circular-SERCOP-CDI-2016-0044.pdf\">Oficio Circular<\/a><\/span> adjunto, debes catalogarte en el procedimiento <span style=\"color: #0000ff;\"><a style=\"color: #0000ff;\" href=\"http:\/\/portal.compraspublicas.gob.ec\/sercop\/wp-content\/uploads\/2016\/06\/Pliego-Procedimiento-CDI-SERCOP-004-2015.doc\">CDI-SERCOP-004-2015<\/a><\/span><em>,<\/em> por favor revisa los requisitos m\u00ednimos de participaci\u00f3n de las siguientes fichas t\u00e9cnicas:<\/p>\n<p style=\"padding-left: 60px;\"><span style=\"color: #0000ff;\"><a style=\"color: #0000ff;\" href=\"http:\/\/portal.compraspublicas.gob.ec\/sercop\/wp-content\/uploads\/2016\/06\/Servicio-de-alquiler-semestral-de-veh\u00edculos-que-incluye-conductor-Camioneta-cabina-simple.pdf\">-Servicio de alquiler semestral de veh\u00edculos de transporte comercial en la modalidad carga liviana que incluye conductor: Camioneta Cabina Simple<\/a><\/span><\/p>\n<p style=\"padding-left: 60px;\"><span style=\"color: #0000ff;\"><a style=\"color: #0000ff;\" href=\"http:\/\/portal.compraspublicas.gob.ec\/sercop\/wp-content\/uploads\/2016\/06\/Ficha-Te\u0301cnica-Vehi\u0301culos-de-transporte-comercial-incluye-conductor-camio\u0301n-liviano-semestral.pdf\">-Servicio de alquiler semestral de veh\u00edculos de transporte comercial en la modalidad carga liviana que incluye conductor: Cami\u00f3n Liviano<\/a><\/span><\/p>\n<p style=\"padding-left: 60px;\"><span style=\"color: #0000ff;\"><a style=\"color: #0000ff;\" href=\"http:\/\/portal.compraspublicas.gob.ec\/sercop\/wp-content\/uploads\/2016\/06\/Servicio-de-alquiler-semestral-de-veh\u00edculos-que-incluye-conductor-Camioneta-doble-cabina.pdf\">-Servicio de alquiler semestral de veh\u00edculos de transporte comercial en la modalidad carga mixta que incluye conductor: Camioneta doble cabina.<\/a><\/span><\/p>\n<p style=\"padding-left: 60px;\"><span style=\"color: #0000ff;\"><a style=\"color: #0000ff;\" href=\"http:\/\/portal.compraspublicas.gob.ec\/sercop\/wp-content\/uploads\/2016\/06\/Ficha-Te\u0301cnica-Camioneta-doble-cabina-incluye-conductor-y-estructura-meta\u0301lica-semestral.pdf\">-Servicio de alquiler semestral de veh\u00edculos de transporte en la modalidad carga liviana que incluye conductor: camioneta doble cabina que incluye estructura met\u00e1lica porta escalera, escalera met\u00e1lica, cajas de seguridad, adhesivo de identificaci\u00f3n.<\/a><\/span><\/p>\n<p style=\"padding-left: 60px;\"><span style=\"color: #0000ff;\"><a style=\"color: #0000ff;\" href=\"http:\/\/portal.compraspublicas.gob.ec\/sercop\/wp-content\/uploads\/2016\/06\/Ficha-Te\u0301cnica-Camioneta-cabina-simple-incluye-conductor-y-estructura-meta\u0301lica-semestral.pdf\">-Servicio de alquiler semestral de veh\u00edculos de transporte en la modalidad carga liviana que incluye conductor: camioneta cabina simple que incluye estructura met\u00e1lica porta escalera, escalera met\u00e1lica, cajas de seguridad, adhesivo de identificaci\u00f3n.<\/a><\/span><\/p>\n<p>Los proveedores catalogados al procedimiento<span style=\"color: #0000ff;\"> <a style=\"color: #0000ff;\" href=\"http:\/\/portal.compraspublicas.gob.ec\/sercop\/wp-content\/uploads\/2016\/06\/Pliego-Procedimiento-CDI-SERCOP-004-2015.doc\">CDI-SERCOP-004-2015<\/a><\/span>, deben presentar:<\/p>\n<p><span style=\"color: #0000ff;\"><a style=\"color: #0000ff;\" href=\"http:\/\/portal.compraspublicas.gob.ec\/sercop\/wp-content\/uploads\/2016\/06\/MANIFESTACI\u00d3N-DE-INTER\u00c9S.docx\">1. Manifestaci\u00f3n de Inter\u00e9s<\/a><\/span><\/p>\n<p><strong>INCORPORACI\u00d3N NUEVOS PROVEEDORES<\/strong><\/p>\n<ol>\n<li>Lee y analiza el<a href=\"http:\/\/portal.compraspublicas.gob.ec\/sercop\/wp-content\/uploads\/2016\/06\/Pliego-Procedimiento-CDI-SERCOP-004-2015.doc\"> <span style=\"color: #0000ff;\"><em>pliego<\/em><\/span><\/a> detenidamente para que conozcas acerca del proceso.<\/li>\n<li>Llena los formularios y requisitos de por producto que se solicitan en los pliegos. Para la catalogaci\u00f3n de estos nuevos productos, deber\u00e1n su oferta presentando los formularios de la secci\u00f3n IV del pliego del procedimiento, especificando en el formulario No. 3 el nombre del producto, el precio unitario establecido en la ficha t\u00e9cnica para dicho servicio, y su capacidad m\u00e1xima de prestaci\u00f3n del servicio. Recuerda que los formularios y los requisitos deben estar sumillados y numerados.<\/li>\n<li>Elabora un oficio dirigido al Econ. Santiago V\u00e1squez, Director General del SERCOP, solicitando tu incorporaci\u00f3n al Cat\u00e1logo Din\u00e1mico Inclusivo <em>(<span style=\"color: #0000ff;\"><a style=\"color: #0000ff;\" href=\"http:\/\/portal.compraspublicas.gob.ec\/sercop\/wp-content\/uploads\/2016\/06\/modelo-oficio-de-solicitud4.docx\">Descarga modelo de oficio<\/a><\/span>)<\/em>.<\/li>\n<\/ol>\n<p>Entrega los documentos en un sobre cerrado en la ventanilla del SERCOP m\u00e1s cercana. <span style=\"color: #0000ff;\"><a style=\"color: #0000ff;\" href=\"http:\/\/portal.compraspublicas.gob.ec\/sercop\/contacto\/\"><em>Conoce d\u00f3nde estamos ubicados<\/em><\/a><\/span><\/p>\n","protected":false},"excerpt":{"rendered":"<p class=\"excerpt\">Con el objetivo de adquirir \u201cSERVICIOS DE ALQUILER SEMESTRAL DE VEH\u00cdCULOS DE TRANSPORTE COMERCIAL CARGA LIVIANA Y MIXTA\u201d a los actores de la econom\u00eda popular y solidaria y artesanos, se desarroll\u00f3 el Cat\u00e1logo Inclusivo que agrupa este tipo de servicio, con este antecedente se presenta la incorporaci\u00f3n de nuevos productos al presente cat\u00e1logo. Si\u00a0 te interesa participar en el Cat\u00e1logo&hellip; <a href=\"https:\/\/portal.compraspublicas.gob.ec\/sercop\/14249-2\/\">Read more &rarr;<\/a><\/p>\n","protected":false},"author":1,"featured_media":0,"parent":0,"menu_order":0,"comment_status":"closed","ping_status":"closed","template":"catalogo.php","meta":[],"_links":{"self":[{"href":"https:\/\/portal.compraspublicas.gob.ec\/sercop\/wp-json\/wp\/v2\/pages\/14249"}],"collection":[{"href":"https:\/\/portal.compraspublicas.gob.ec\/sercop\/wp-json\/wp\/v2\/pages"}],"about":[{"href":"https:\/\/portal.compraspublicas.gob.ec\/sercop\/wp-json\/wp\/v2\/types\/page"}],"author":[{"embeddable":true,"href":"https:\/\/portal.compraspublicas.gob.ec\/sercop\/wp-json\/wp\/v2\/users\/1"}],"replies":[{"embeddable":true,"href":"https:\/\/portal.compraspublicas.gob.ec\/sercop\/wp-json\/wp\/v2\/comments?post=14249"}],"version-history":[{"count":0,"href":"https:\/\/portal.compraspublicas.gob.ec\/sercop\/wp-json\/wp\/v2\/pages\/14249\/revisions"}],"wp:attachment":[{"href":"https:\/\/portal.compraspublicas.gob.ec\/sercop\/wp-json\/wp\/v2\/media?parent=14249"}],"curies":[{"name":"wp","href":"https:\/\/api.w.org\/{rel}","templated":true}]}}