{"id":15541,"date":"2016-08-24T11:52:08","date_gmt":"2016-08-24T16:52:08","guid":{"rendered":"http:\/\/portal.compraspublicas.gob.ec\/sercop\/?page_id=15541"},"modified":"2016-08-24T11:53:28","modified_gmt":"2016-08-24T16:53:28","slug":"15541-2","status":"publish","type":"page","link":"https:\/\/portal.compraspublicas.gob.ec\/sercop\/15541-2\/","title":{"rendered":"Servicio de preparaci\u00f3n de alimentos &#8211; servicio de alimentaci\u00f3n permanente para ni\u00f1os, ni\u00f1as y adolescentes de 5 a 17 a\u00f1os (3 ingestas)"},"content":{"rendered":"<p style=\"text-align: justify;\"><img loading=\"lazy\" class=\" aligncenter\" src=\"http:\/\/portal.compraspublicas.gob.ec\/sercop\/wp-content\/uploads\/2016\/04\/almuerzos_escolares-barrio_el_nevado-fa-f007.png\" alt=\"\" width=\"715\" height=\"290\" \/><\/p>\n<p style=\"text-align: justify;\">Con el objetivo de adquirir nuevos productos del \u201cSERVICIO DE PREPARACI\u00d3N DE ALIMENTOS\u201d a los actores de la econom\u00eda popular y solidaria y artesanos, se desarroll\u00f3 el Cat\u00e1logo Inclusivo que agrupa este tipo de servicio, con este antecedente se presenta la incorporaci\u00f3n de nuevos productos al presente cat\u00e1logo.<\/p>\n<p style=\"text-align: justify;\">Si\u00a0 te interesa participar en el Cat\u00e1logo Inclusivo \u201cSERVICIO DE PREPARACI\u00d3N DE ALIMENTOS &#8211; SERVICIO DE ALIMENTACI\u00d3N PERMANENTE PARA NI\u00d1OS, NI\u00d1AS Y ADOLESCENTES DE 5 A 17 A\u00d1OS (3 INGESTAS)\u201d, publicado mediante <span style=\"color: #0000ff;\"><a style=\"color: #0000ff;\" href=\"http:\/\/portal.compraspublicas.gob.ec\/sercop\/wp-content\/uploads\/2016\/08\/OFICIO-CIRCULAR-RESIDENCIAS.pdf\">Oficio Circular <\/a><\/span> adjunto, debes catalogarte en el procedimiento CDI-SERCOP-007-2016, por favor revisa los requisitos m\u00ednimos de participaci\u00f3n de las siguientes fichas t\u00e9cnicas:<\/p>\n<p style=\"text-align: justify;\"><span style=\"color: #0000ff;\"><a style=\"color: #0000ff;\" href=\"http:\/\/portal.compraspublicas.gob.ec\/sercop\/wp-content\/uploads\/2016\/08\/SERVICIO-DE-ALIMENTACI\u00d3N-3-INGESTAS-RESIDENCIAS.pdf\">&#8211; SERVICIO DE ALIMENTACI\u00d3N PERMANENTE PARA NI\u00d1OS, NI\u00d1AS Y ADOLESCENTES DE 5 A 17 A\u00d1OS (3 INGESTAS) <\/a><\/span><\/p>\n<p style=\"text-align: justify;\">Los proveedores catalogados al procedimiento CDI-SERCOP-007-2016, deben presentar:<\/p>\n<p style=\"text-align: justify;\"><span style=\"color: #0000ff;\"><a style=\"color: #0000ff;\" href=\"http:\/\/portal.compraspublicas.gob.ec\/sercop\/wp-content\/uploads\/2016\/08\/manifestacion-de-interes-RESIDENCIAS.docx\">1. Manifestaci\u00f3n de Inter\u00e9s <\/a><\/span><br \/>\n2.\u00a0\u00a0 \u00a0Presentar el formulario de Maquinaria de acuerdo a la tabla de equipamiento y m\u00e1quinas\u00a0 adjunto.<\/p>\n<p style=\"text-align: justify;\">INCORPORACI\u00d3N NUEVOS PROVEEDORES<\/p>\n<p style=\"text-align: justify;\">1.\u00a0\u00a0 \u00a0Lee y analiza el <span style=\"color: #0000ff;\"><a style=\"color: #0000ff;\" href=\"http:\/\/portal.compraspublicas.gob.ec\/sercop\/wp-content\/uploads\/2016\/08\/PLIEGO-DE-SERVICIO-DE-PREPARACI\u00d3N-DE-ALIMENTOS.docx\">pliego<\/a><\/span>\u00a0 detenidamente para que conozcas acerca del proceso de catalogaci\u00f3n para el servicio de alimentaci\u00f3n.<br \/>\n2.\u00a0\u00a0 \u00a0Llena los formularios y requisitos de equipamiento y herramientas\u00a0 por producto que se solicitan en los pliegos. Recuerda que los formularios y los requisitos deben estar sumillados y numerados.<br \/>\n3.\u00a0\u00a0 \u00a0Elabora un oficio dirigido al Econ. Santiago V\u00e1squez, Director General del SERCOP, solicitando tu incorporaci\u00f3n al Cat\u00e1logo Din\u00e1mico Inclusivo (<span style=\"color: #0000ff;\"><a style=\"color: #0000ff;\" href=\"http:\/\/portal.compraspublicas.gob.ec\/sercop\/wp-content\/uploads\/2016\/08\/modelo-oficio-de-solicitud-1.docx\">Descarga modelo de oficio<\/a><\/span>)<\/p>\n<p style=\"text-align: justify;\">Entrega los documentos en un sobre cerrado en la ventanilla del SERCOP m\u00e1s cercana. <span style=\"color: #0000ff;\"><a style=\"color: #0000ff;\" href=\"http:\/\/portal.compraspublicas.gob.ec\/sercop\/contacto\/\"><em>Conoce d\u00f3nde estamos ubicados<\/em><\/a><\/span><\/p>\n","protected":false},"excerpt":{"rendered":"<p class=\"excerpt\">Con el objetivo de adquirir nuevos productos del \u201cSERVICIO DE PREPARACI\u00d3N DE ALIMENTOS\u201d a los actores de la econom\u00eda popular y solidaria y artesanos, se desarroll\u00f3 el Cat\u00e1logo Inclusivo que agrupa este tipo de servicio, con este antecedente se presenta la incorporaci\u00f3n de nuevos productos al presente cat\u00e1logo. Si\u00a0 te interesa participar en el Cat\u00e1logo Inclusivo \u201cSERVICIO DE PREPARACI\u00d3N DE&hellip; <a href=\"https:\/\/portal.compraspublicas.gob.ec\/sercop\/15541-2\/\">Read more &rarr;<\/a><\/p>\n","protected":false},"author":1,"featured_media":0,"parent":0,"menu_order":0,"comment_status":"closed","ping_status":"closed","template":"catalogo.php","meta":[],"_links":{"self":[{"href":"https:\/\/portal.compraspublicas.gob.ec\/sercop\/wp-json\/wp\/v2\/pages\/15541"}],"collection":[{"href":"https:\/\/portal.compraspublicas.gob.ec\/sercop\/wp-json\/wp\/v2\/pages"}],"about":[{"href":"https:\/\/portal.compraspublicas.gob.ec\/sercop\/wp-json\/wp\/v2\/types\/page"}],"author":[{"embeddable":true,"href":"https:\/\/portal.compraspublicas.gob.ec\/sercop\/wp-json\/wp\/v2\/users\/1"}],"replies":[{"embeddable":true,"href":"https:\/\/portal.compraspublicas.gob.ec\/sercop\/wp-json\/wp\/v2\/comments?post=15541"}],"version-history":[{"count":0,"href":"https:\/\/portal.compraspublicas.gob.ec\/sercop\/wp-json\/wp\/v2\/pages\/15541\/revisions"}],"wp:attachment":[{"href":"https:\/\/portal.compraspublicas.gob.ec\/sercop\/wp-json\/wp\/v2\/media?parent=15541"}],"curies":[{"name":"wp","href":"https:\/\/api.w.org\/{rel}","templated":true}]}}