{"id":16228,"date":"2016-09-19T16:41:01","date_gmt":"2016-09-19T21:41:01","guid":{"rendered":"http:\/\/portal.compraspublicas.gob.ec\/sercop\/?page_id=16228"},"modified":"2016-09-20T14:42:37","modified_gmt":"2016-09-20T19:42:37","slug":"canastas-de-especias-y-productos-procesados","status":"publish","type":"page","link":"https:\/\/portal.compraspublicas.gob.ec\/sercop\/canastas-de-especias-y-productos-procesados\/","title":{"rendered":"Canastas de especias y productos procesados"},"content":{"rendered":"<p style=\"text-align: justify;\"><a href=\"http:\/\/portal.compraspublicas.gob.ec\/sercop\/wp-content\/uploads\/2016\/09\/alimentosprocesados.png\"><img loading=\"lazy\" class=\"aligncenter  wp-image-16268\" src=\"http:\/\/portal.compraspublicas.gob.ec\/sercop\/wp-content\/uploads\/2016\/09\/alimentosprocesados.png\" alt=\"alimentosprocesados\" width=\"616\" height=\"330\" \/><\/a><\/p>\n<p style=\"text-align: justify;\">Con el objetivo de adquirir los bienes \u201cCANASTA DE ESPECIAS Y PRODUCTOS PROCESADOS\u201d a los actores de la econom\u00eda popular y solidaria y artesanos, se desarroll\u00f3 el Cat\u00e1logo Inclusivo que agrupa este tipo de bien, con este antecedente se presenta la incorporaci\u00f3n de nuevos productos al presente cat\u00e1logo.<\/p>\n<p style=\"text-align: justify;\">Si\u00a0 te interesa participar en el Cat\u00e1logo Inclusivo \u201cPRODUCTOS ALIMENTICIOS- CANASTA DE ESPECIAS Y PRODUCTOS PROCESADOS y CANASTA INFANTIL DE ESPECIAS Y PRODUCTOS PROCESADOS\u201d, publicado mediante <span style=\"color: #0000ff;\"><a style=\"color: #0000ff;\" href=\"http:\/\/portal.compraspublicas.gob.ec\/sercop\/wp-content\/uploads\/2016\/09\/oficio_circular_072.pdf\">Oficio Circular<\/a><\/span>\u00a0 adjunto, debes catalogarte en el procedimiento CDI-SERCOP-008-2016, por favor revisa los requisitos m\u00ednimos de participaci\u00f3n de las siguientes fichas t\u00e9cnicas:<\/p>\n<p style=\"text-align: justify;\"><span style=\"color: #0000ff;\"><a style=\"color: #0000ff;\" href=\"http:\/\/portal.compraspublicas.gob.ec\/sercop\/wp-content\/uploads\/2016\/09\/FICHA__canasta_Especias_procesados.pdf\">-CANASTA DE ESPECIAS Y PRODUCTOS PROCESADOS<\/a><\/span><br \/>\n<span style=\"color: #0000ff;\"><a style=\"color: #0000ff;\" href=\"http:\/\/portal.compraspublicas.gob.ec\/sercop\/wp-content\/uploads\/2016\/09\/FICHA__canasta_Infantil_-Especias_procesados.pdf\"> -CANASTA INFANTIL DE ESPECIAS Y PRODUCTOS PROCESADOS<\/a><\/span><\/p>\n<p>Los proveedores catalogados al procedimiento CDI-SERCOP-008-2016, deben presentar:<\/p>\n<p><span style=\"color: #0000ff;\"><a style=\"color: #0000ff;\" href=\"http:\/\/portal.compraspublicas.gob.ec\/sercop\/wp-content\/uploads\/2016\/09\/MANIFESTACI\u00d3N-DE-INTER\u00c9S_ESPECIAS_PROD_PROCESADOS.docx\">1.Manifestaci\u00f3n de Inter\u00e9s<\/a><\/span><\/p>\n<p style=\"text-align: justify;\"><strong>INCORPORACI\u00d3N NUEVOS PROVEEDORES<\/strong><\/p>\n<p style=\"text-align: justify;\">1.\u00a0\u00a0 \u00a0Lee y analiza el <span style=\"color: #0000ff;\"><a style=\"color: #0000ff;\" href=\"http:\/\/portal.compraspublicas.gob.ec\/sercop\/wp-content\/uploads\/2016\/09\/pliegoProvisiondeAlimentos1.pdf\">pliego <\/a><\/span> detenidamente para que conozcas acerca del proceso de catalogaci\u00f3n para el bien de provisi\u00f3n de alimentos.<br \/>\n2.\u00a0 Llena los <span style=\"color: #0000ff;\"><a style=\"color: #0000ff;\" href=\"http:\/\/portal.compraspublicas.gob.ec\/sercop\/wp-content\/uploads\/2016\/09\/FORMULARIO-NUEVOS-PROVEEDORES_CANASTAS_procesados.docx\">formularios<\/a><\/span>\u00a0 y requisitos que se solicitan en los pliegos. Recuerda que los formularios y los requisitos deben estar sumillados y numerados.<br \/>\n3.\u00a0\u00a0 \u00a0Elabora un oficio dirigido al Econ. Santiago V\u00e1squez, Director General del SERCOP, solicitando tu incorporaci\u00f3n al Cat\u00e1logo Din\u00e1mico Inclusivo (<span style=\"color: #0000ff;\"><a style=\"color: #0000ff;\" href=\"http:\/\/portal.compraspublicas.gob.ec\/sercop\/wp-content\/uploads\/2016\/09\/modelo-de-oficio-111.docx\">Descarga modelo de oficio<\/a><\/span>).<\/p>\n<p style=\"text-align: justify;\">Entrega los documentos en un sobre cerrado en la ventanilla del SERCOP m\u00e1s cercana. <span style=\"color: #0000ff;\"><a style=\"color: #0000ff;\" href=\"http:\/\/portal.compraspublicas.gob.ec\/sercop\/contacto\/\"><em>Conoce d\u00f3nde estamos ubicados<\/em><\/a><\/span><\/p>\n","protected":false},"excerpt":{"rendered":"<p class=\"excerpt\">Con el objetivo de adquirir los bienes \u201cCANASTA DE ESPECIAS Y PRODUCTOS PROCESADOS\u201d a los actores de la econom\u00eda popular y solidaria y artesanos, se desarroll\u00f3 el Cat\u00e1logo Inclusivo que agrupa este tipo de bien, con este antecedente se presenta la incorporaci\u00f3n de nuevos productos al presente cat\u00e1logo. Si\u00a0 te interesa participar en el Cat\u00e1logo Inclusivo \u201cPRODUCTOS ALIMENTICIOS- CANASTA DE&hellip; <a href=\"https:\/\/portal.compraspublicas.gob.ec\/sercop\/canastas-de-especias-y-productos-procesados\/\">Read more &rarr;<\/a><\/p>\n","protected":false},"author":1,"featured_media":0,"parent":0,"menu_order":0,"comment_status":"closed","ping_status":"closed","template":"catalogo.php","meta":[],"_links":{"self":[{"href":"https:\/\/portal.compraspublicas.gob.ec\/sercop\/wp-json\/wp\/v2\/pages\/16228"}],"collection":[{"href":"https:\/\/portal.compraspublicas.gob.ec\/sercop\/wp-json\/wp\/v2\/pages"}],"about":[{"href":"https:\/\/portal.compraspublicas.gob.ec\/sercop\/wp-json\/wp\/v2\/types\/page"}],"author":[{"embeddable":true,"href":"https:\/\/portal.compraspublicas.gob.ec\/sercop\/wp-json\/wp\/v2\/users\/1"}],"replies":[{"embeddable":true,"href":"https:\/\/portal.compraspublicas.gob.ec\/sercop\/wp-json\/wp\/v2\/comments?post=16228"}],"version-history":[{"count":0,"href":"https:\/\/portal.compraspublicas.gob.ec\/sercop\/wp-json\/wp\/v2\/pages\/16228\/revisions"}],"wp:attachment":[{"href":"https:\/\/portal.compraspublicas.gob.ec\/sercop\/wp-json\/wp\/v2\/media?parent=16228"}],"curies":[{"name":"wp","href":"https:\/\/api.w.org\/{rel}","templated":true}]}}