{"id":18380,"date":"2017-01-12T09:43:04","date_gmt":"2017-01-12T14:43:04","guid":{"rendered":"http:\/\/portal.compraspublicas.gob.ec\/sercop\/?page_id=18380"},"modified":"2024-11-28T15:34:39","modified_gmt":"2024-11-28T20:34:39","slug":"medicion-y-control-feria-inclusiva","status":"publish","type":"page","link":"https:\/\/portal.compraspublicas.gob.ec\/sercop\/medicion-y-control-feria-inclusiva\/","title":{"rendered":"Medici\u00f3n y Control &#8211; Feria Inclusiva"},"content":{"rendered":"<p><P style=\"display:flex\"><img loading=\"lazy\" class=\"alignnone\" src=\"https:\/\/portal.compraspublicas.gob.ec\/sercop\/wp-content\/uploads\/2016\/11\/catalogos_medidores.jpg\" alt=\"\" width=\"722\" height=\"244\" \/><\/p>\n<p>Si\u00a0 te interesa participar en los Cat\u00e1logos Inclusivos del Servicio Nacional de Contrataci\u00f3n P\u00fablica revisa los requisitos de participaci\u00f3n para los productos lanzados mediante nuevas Ferias Inclusivas o mediante Adhesi\u00f3n de Productos.<\/p>\n<p><strong>PARA NUEVOS PROVEEDORES<\/strong><\/p>\n<ol>\n<li>Lee y analiza el <span style=\"color: #0000ff;\"><a style=\"color: #0000ff;\" href=\"https:\/\/portal.compraspublicas.gob.ec\/sercop\/wp-content\/uploads\/2017\/01\/pliego_cortes_y_reconexion.pdf\">pliego <\/a><\/span>detenidamente del proceso de catalogaci\u00f3n.<\/li>\n<li>Llena los <span style=\"color: #0000ff;\"><a style=\"color: #0000ff;\" href=\"https:\/\/portal.compraspublicas.gob.ec\/sercop\/wp-content\/uploads\/2017\/01\/formularios_cortes_y_reconexion.doc\">formularios <\/a><\/span>y requisitos de equipamiento y herramientas por producto que se solicitan en los pliegos. Recuerda que los formularios y los requisitos deben estar sumillados y numerados.<\/li>\n<\/ol>\n<p><strong>PARA PROVEEDORES CATALOGADOS<\/strong><\/p>\n<p>Deber\u00e1n presentar la manifestaci\u00f3n de inter\u00e9s del producto en el que le interese participar. As\u00ed como la adenda al acuerdo de compromiso <em><u>(<span style=\"color: #0000ff;\"><a style=\"color: #0000ff;\" href=\"https:\/\/portal.compraspublicas.gob.ec\/sercop\/wp-content\/uploads\/2017\/01\/ADENDA.docx\">Descarga modelo de Acuerdo<\/a><\/span>), <\/u><\/em>as\u00ed mismo la documentaci\u00f3n y requisitos establecidos en las fichas t\u00e9cnicas, las cuales deber\u00e1n estar con las respectivas sumillas.<em><u><br \/>\n<\/u><\/em><\/p>\n<p><strong><u>CONSIDERACIONES:<\/u><\/strong><\/p>\n<ul>\n<li>La oferta o manifestaci\u00f3n de inter\u00e9s obligatoriamente deber\u00e1 ser firmada electr\u00f3nicamente por el representante legal, apoderado, persona natural o procurador com\u00fan, con sus respectivos anexos o documentaci\u00f3n de respaldo seg\u00fan el caso.<\/li>\n<li>Finalmente, la oferta o manifestaci\u00f3n de inter\u00e9s deber\u00e1 ser enviada al correo electr\u00f3nico <strong>ofertascatalogo@sercop.gob.ec<\/strong>, de ser el caso, si el tama\u00f1o del o los archivos no le permita remitir la oferta por correo electr\u00f3nico, el oferente podr\u00e1 usar un servicio web de alojamiento de archivos, y deber\u00e1 enviar el link, mismo que debe ser de acceso p\u00fablico sin clave y sin fecha de caducidad.<\/li>\n<\/ul>\n<ul>\n<li><a href=\"https:\/\/portal.compraspublicas.gob.ec\/sercop\/wp-content\/uploads\/2019\/07\/Resolucion_Administrativa_No-RA-CTDC-SERCOP-2019-0297.pdf\"><span class=\"leidos\"><span style=\"color: #0000ff;\">Resoluci\u00f3n Administrativa No. RA-CTDC-SERCOP-2019-0297<\/span><\/span><\/a><\/li>\n<li><a href=\"https:\/\/portal.compraspublicas.gob.ec\/sercop\/wp-content\/uploads\/2023\/08\/Oficio-Circular-SERCOP-CTDC-2023-0011-C.pdf\"><span style=\"color: #0000ff;\">Oficio Circular SERCOP-CTDC-2023-0011-C<\/span><u><\/u><\/a><\/li>\n<\/ul>\n<table width=\"639\">\n<tbody>\n<tr>\n<td width=\"28\">\n<p style=\"text-align: center;\"><strong>No.<\/strong><\/p>\n<\/td>\n<td width=\"161\">\n<p style=\"text-align: center;\"><strong>FICHAS T\u00c9CNICAS <\/strong><\/p>\n<p style=\"text-align: center;\"><strong>(NOMBRE DEL PRODUCTO)<\/strong><\/p>\n<\/td>\n<td width=\"104\">\n<p style=\"text-align: center;\"><strong>FECHA PUBLICACI\u00d3N<br \/>\n<\/strong><\/p>\n<\/td>\n<td width=\"85\">\n<p style=\"text-align: center;\"><strong>PLIEGO<br \/>\n<\/strong><\/p>\n<\/td>\n<td width=\"262\">\n<p style=\"text-align: center;\"><strong>LINK MICROSITIO FICHA<br \/>\n<\/strong><\/p>\n<\/td>\n<\/tr>\n<tr>\n<td width=\"28\">1<\/td>\n<td width=\"161\">CORTES Y RECONEXIONES DE SERVICIO DE ELECTRICIDAD<\/td>\n<td width=\"104\">29\/01\/2016<\/td>\n<td width=\"85\"><a href=\"https:\/\/portal.compraspublicas.gob.ec\/sercop\/wp-content\/uploads\/2017\/01\/pliego_cortes_y_reconexion.pdf\">DESCARGAR PLIEGO<\/a><\/td>\n<td width=\"262\"><a href=\"https:\/\/portal.compraspublicas.gob.ec\/sercop\/wp-content\/uploads\/2017\/01\/ficha_cortes_y_reconecciones_servicio_de_electricidad.pdf\">https:\/\/portal.compraspublicas.gob.ec\/sercop\/wp-content\/uploads\/2017\/01\/ficha_cortes_y_reconecciones_servicio_de_electricidad.pdf<\/a><\/td>\n<\/tr>\n<\/tbody>\n<\/table>\n<p><!--\n\n\n<table style=\"height: 140px;\" width=\"712\">\n\n\n<tbody>\n\n\n<tr>\n\n\n<td width=\"500\"><strong>NOMBRE DEL PRODUCTO<\/strong><\/td>\n\n\n\n\n<td width=\"152\"><strong>FECHA DE PUBLICACI\u00d3N\u00a0<\/strong><\/td>\n\n\n\n\n<td width=\"135\"><strong>ACTUALIZACIONES<\/strong><\/td>\n\n\n<\/tr>\n\n\n\n\n<tr>\n\n\n<td><span style=\"color: #0000ff;\"><a style=\"color: #0000ff;\" href=\"https:\/\/portal.compraspublicas.gob.ec\/sercop\/wp-content\/uploads\/2017\/01\/ficha_cortes_y_reconecciones_servicio_de_electricidad.pdf\">CORTES Y RECONEXIONES DE SERVICIO DE ELECTRICIDAD<\/a><\/span><\/td>\n\n\n\n\n<td width=\"152\">29\/01\/2016<\/td>\n\n\n\n\n<td width=\"135\"><\/td>\n\n\n<\/tr>\n\n\n\n\n<tr>\n\n\n<td><\/td>\n\n\n\n\n<td width=\"152\"><\/td>\n\n\n\n\n<td width=\"135\"><\/td>\n\n\n<\/tr>\n\n\n<\/tbody>\n\n\n<\/table>\n\n\n--><\/p>\n","protected":false},"excerpt":{"rendered":"<p class=\"excerpt\">Si\u00a0 te interesa participar en los Cat\u00e1logos Inclusivos del Servicio Nacional de Contrataci\u00f3n P\u00fablica revisa los requisitos de participaci\u00f3n para los productos lanzados mediante nuevas Ferias Inclusivas o mediante Adhesi\u00f3n de Productos. PARA NUEVOS PROVEEDORES Lee y analiza el pliego detenidamente del proceso de catalogaci\u00f3n. Llena los formularios y requisitos de equipamiento y herramientas por producto que se solicitan en&hellip; <a href=\"https:\/\/portal.compraspublicas.gob.ec\/sercop\/medicion-y-control-feria-inclusiva\/\">Read more &rarr;<\/a><\/p>\n","protected":false},"author":1,"featured_media":0,"parent":0,"menu_order":0,"comment_status":"closed","ping_status":"closed","template":"menugenerico.php","meta":[],"_links":{"self":[{"href":"https:\/\/portal.compraspublicas.gob.ec\/sercop\/wp-json\/wp\/v2\/pages\/18380"}],"collection":[{"href":"https:\/\/portal.compraspublicas.gob.ec\/sercop\/wp-json\/wp\/v2\/pages"}],"about":[{"href":"https:\/\/portal.compraspublicas.gob.ec\/sercop\/wp-json\/wp\/v2\/types\/page"}],"author":[{"embeddable":true,"href":"https:\/\/portal.compraspublicas.gob.ec\/sercop\/wp-json\/wp\/v2\/users\/1"}],"replies":[{"embeddable":true,"href":"https:\/\/portal.compraspublicas.gob.ec\/sercop\/wp-json\/wp\/v2\/comments?post=18380"}],"version-history":[{"count":10,"href":"https:\/\/portal.compraspublicas.gob.ec\/sercop\/wp-json\/wp\/v2\/pages\/18380\/revisions"}],"predecessor-version":[{"id":60445,"href":"https:\/\/portal.compraspublicas.gob.ec\/sercop\/wp-json\/wp\/v2\/pages\/18380\/revisions\/60445"}],"wp:attachment":[{"href":"https:\/\/portal.compraspublicas.gob.ec\/sercop\/wp-json\/wp\/v2\/media?parent=18380"}],"curies":[{"name":"wp","href":"https:\/\/api.w.org\/{rel}","templated":true}]}}