{"id":29007,"date":"2017-08-01T12:29:15","date_gmt":"2017-08-01T17:29:15","guid":{"rendered":"http:\/\/portal.compraspublicas.gob.ec\/sercop\/?page_id=29007"},"modified":"2024-11-28T12:58:20","modified_gmt":"2024-11-28T17:58:20","slug":"danza-folklorica-feria-inclusiva","status":"publish","type":"page","link":"https:\/\/portal.compraspublicas.gob.ec\/sercop\/danza-folklorica-feria-inclusiva\/","title":{"rendered":"Danza Folkl\u00f3rica- Feria Inclusiva"},"content":{"rendered":"<p><a style=\"display:flex\"><img loading=\"lazy\" class=\"aligncenter size-full wp-image-29023\" src=\"https:\/\/portal.compraspublicas.gob.ec\/sercop\/wp-content\/uploads\/2017\/08\/22-2-2017-Asociaciones-de-Conservacion-para-el-mantenimiento-vial.png\" alt=\"22-2-2017-Asociaciones-de-Conservacion-para-el-mantenimiento-vial\" width=\"779\" height=\"278\" srcset=\"https:\/\/portal.compraspublicas.gob.ec\/sercop\/wp-content\/uploads\/2017\/08\/22-2-2017-Asociaciones-de-Conservacion-para-el-mantenimiento-vial.png 779w, https:\/\/portal.compraspublicas.gob.ec\/sercop\/wp-content\/uploads\/2017\/08\/22-2-2017-Asociaciones-de-Conservacion-para-el-mantenimiento-vial-300x107.png 300w\" sizes=\"(max-width: 779px) 100vw, 779px\" \/><\/a><\/p>\n<p>Si\u00a0 te interesa participar en los Cat\u00e1logos Inclusivos del Servicio Nacional de Contrataci\u00f3n P\u00fablica revisa los requisitos de participaci\u00f3n para los productos lanzados mediante nuevas Ferias Inclusivas o mediante Adhesi\u00f3n de Productos.<\/p>\n<p><strong>PARA NUEVOS PROVEEDORES<\/strong><\/p>\n<ol>\n<li>Lee y analiza el <span style=\"color: #0000ff;\"><a style=\"color: #0000ff;\" href=\"https:\/\/portal.compraspublicas.gob.ec\/sercop\/wp-content\/uploads\/2017\/08\/pliego_escaneado.compressed.pdf\">pliego <\/a><\/span>detenidamente del proceso de catalogaci\u00f3n.<\/li>\n<li>Llena los <span style=\"color: #0000ff;\"><a style=\"color: #0000ff;\" href=\"https:\/\/portal.compraspublicas.gob.ec\/sercop\/wp-content\/uploads\/2017\/08\/formulario_artistas.doc\">formularios <\/a><\/span>y requisitos de equipamiento y herramientas por producto que se solicitan en los pliegos. Recuerda que los formularios y los requisitos deben estar sumillados y numerados.<\/li>\n<li>Elaborar un oficio dirigido a la Direcci\u00f3n General del SERCOP, solicitando tu incorporaci\u00f3n al Cat\u00e1logo Din\u00e1mico Inclusivo<em><u>(<span style=\"color: #0000ff;\"><a style=\"color: #0000ff;\" href=\"https:\/\/portal.compraspublicas.gob.ec\/sercop\/wp-content\/uploads\/2017\/10\/modelo-de-oficio.doc\">Descarga modelo de oficio<\/a><\/span>)<\/u><\/em><u>.<\/u><\/li>\n<\/ol>\n<p><strong>PARA PROVEEDORES CATALOGADOS<\/strong><\/p>\n<p>Deber\u00e1n presentar la manifestaci\u00f3n de inter\u00e9s del producto en el que le interese participar. As\u00ed como la documentaci\u00f3n y requisitos establecidos en las fichas t\u00e9cnicas, las cuales deber\u00e1n estar con las respectivas sumillas.<\/p>\n<p>Entrega los documentos en un sobre cerrado en la ventanilla del SERCOP m\u00e1s cercana. <span style=\"color: #0000ff;\"><a style=\"color: #0000ff;\" href=\"https:\/\/portal.compraspublicas.gob.ec\/sercop\/contacto\/\"><em>Conoce d\u00f3nde estamos ubicados<\/em><\/a><\/span><\/p>\n<p>&nbsp;<\/p>\n<p><a href=\"https:\/\/portal.compraspublicas.gob.ec\/sercop\/wp-content\/uploads\/2019\/02\/ra-ctdc-sercop-2019-005707129580015500032902.pdf\"><span style=\"color: #000080;\"><span style=\"color: #0000ff;\">Resoluci\u00f3n administrativa RA-CTDC-SERCOP-2019-0057<\/span><\/span><\/a><\/p>\n<p><span style=\"color: #0000ff;\"><a style=\"color: #0000ff;\" href=\"https:\/\/portal.compraspublicas.gob.ec\/sercop\/wp-content\/uploads\/2019\/04\/RA-CTDC-SERCOP-2019-0173.pdf\">Resoluci\u00f3n administrativa \u00a0<\/a><a style=\"color: #0000ff;\" href=\"https:\/\/portal.compraspublicas.gob.ec\/sercop\/wp-content\/uploads\/2019\/04\/RA-CTDC-SERCOP-2019-0173.pdf\">RA-CTDC-SERCOP-2019-0173<\/a><\/span><\/p>\n<p><span style=\"color: #0000ff;\"><a style=\"color: #0000ff;\" href=\"https:\/\/portal.compraspublicas.gob.ec\/sercop\/wp-content\/uploads\/2019\/05\/ra-ctdc-sercop-2019-0241_exclusi\u00d3n.pdf\">Resoluci\u00f3n administrativa\u00a0 RA-<\/a><\/span><a href=\"https:\/\/portal.compraspublicas.gob.ec\/sercop\/wp-content\/uploads\/2019\/04\/RA-CTDC-SERCOP-2019-0173.pdf\"><span style=\"color: #0000ff;\">TDC-SERCOP-2019-0241<\/span><\/a><\/p>\n<p>&nbsp;<\/p>\n<table style=\"height: 88px;\" width=\"729\">\n<tbody>\n<tr>\n<td width=\"449\"><strong>FICHAS T\u00c9CNICAS (NOMBRE DEL PRODUCTO)<\/strong><\/td>\n<td style=\"text-align: center;\" width=\"238\"><strong>FECHA DE PUBLICACION\u00a0<\/strong><\/td>\n<td width=\"161\"><strong>ACTUALIZACI\u00d3N\u00a0<\/strong><\/td>\n<\/tr>\n<p><!--\n\n\n<tr>\n\n\n<td width=\"449\"><span style=\"color: #0000ff;\"><a style=\"color: #0000ff;\" href=\"https:\/\/portal.compraspublicas.gob.ec\/sercop\/wp-content\/uploads\/2017\/08\/f_danza_sierra_10_12_BAILARINES_aclaratoriafinal.pdf\">Presentaci\u00f3n de Danza\u00a0 Folkl\u00f3rica\u00a0 de la Sierra ecuatoriana (10 a 12 bailarines)\u00a0<\/a><\/span><\/td>\n\n\n\n\n<td style=\"text-align: center;\" width=\"238\">25\/05\/2017<\/td>\n\n\n\n\n<td width=\"161\"><\/td>\n\n\n<\/tr>\n\n\n--><!--\n\n\n<tr>\n\n\n<td width=\"449\"><span style=\"color: #0000ff;\"><a style=\"color: #0000ff;\" href=\"https:\/\/portal.compraspublicas.gob.ec\/sercop\/wp-content\/uploads\/2017\/08\/f_danza_sierra_24_26_BAILARINES_aclaratoriafinal.pdf\">Presentaci\u00f3n de Danza\u00a0 Folkl\u00f3rica\u00a0 de la Sierra ecuatoriana (24 a 26 bailarines) *<\/a><\/span><\/td>\n\n\n\n\n<td style=\"text-align: center;\" width=\"238\">25\/05\/2017<\/td>\n\n\n\n\n<td width=\"161\"><\/td>\n\n\n<\/tr>\n\n\n--><!--\n\n\n<tr>\n\n\n<td width=\"449\"><span style=\"color: #0000ff;\"><a style=\"color: #0000ff;\" href=\"https:\/\/portal.compraspublicas.gob.ec\/sercop\/wp-content\/uploads\/2017\/08\/f_danza_costa_10_12_BAILARINES_aclaratoriafinal.pdf\">Presentaci\u00f3n de Danza\u00a0 Folkl\u00f3rica\u00a0 de la Costa\u00a0 ecuatoriana (10 a 12 bailarines)\u00a0<\/a><\/span><\/td>\n\n\n\n\n<td style=\"text-align: center;\" width=\"238\">25\/05\/2017<\/td>\n\n\n\n\n<td width=\"161\"><\/td>\n\n\n<\/tr>\n\n\n--><!--\n\n\n<tr>\n\n\n<td width=\"449\"><span style=\"color: #0000ff;\"><a style=\"color: #0000ff;\" href=\"https:\/\/portal.compraspublicas.gob.ec\/sercop\/wp-content\/uploads\/2017\/08\/f_danza_costa_24_26_BAILARINES_aclaratoriafinal.pdf\">Presentaci\u00f3n de Danza\u00a0 Folkl\u00f3rica\u00a0 de la Costa\u00a0 ecuatoriana (24 a 26 bailarines) *<\/a><\/span><\/td>\n\n\n\n\n<td style=\"text-align: center;\" width=\"238\">25\/05\/2017<\/td>\n\n\n\n\n<td width=\"161\"><\/td>\n\n\n<\/tr>\n\n\n--><!--\n\n\n<tr><span style=\"display: inline-block; width: 0px; overflow: hidden; line-height: 0;\" data-mce-type=\"bookmark\" class=\"mce_SELRES_start\"><\/span>\n\n\n<td width=\"449\"><span style=\"color: #0000ff;\"><a style=\"color: #0000ff;\" href=\"https:\/\/portal.compraspublicas.gob.ec\/sercop\/wp-content\/uploads\/2017\/08\/f_danza_sierraycosta_10_12_BAILARINES_aclaratoriafinal.pdf\">Presentaci\u00f3n de Danza\u00a0 Folkl\u00f3rica\u00a0 de la Sierra y Costa\u00a0 ecuatoriana (10 a 12 bailarines)\u00a0<\/a><\/span><\/td>\n\n\n\n\n<td style=\"text-align: center;\" width=\"238\">25\/05\/2017<\/td>\n\n\n\n\n<td width=\"161\"><\/td>\n\n\n<\/tr>\n\n\n\n\n<tr><span style=\"display: inline-block; width: 0px; overflow: hidden; line-height: 0;\" data-mce-type=\"bookmark\" class=\"mce_SELRES_start\"><\/span>\n\n\n<td width=\"449\"><span style=\"color: #0000ff;\"><a style=\"color: #0000ff;\" href=\"https:\/\/portal.compraspublicas.gob.ec\/sercop\/wp-content\/uploads\/2017\/08\/f_danza_sierraycosta_24_26_aclaratoriafinal.pdf\">Presentaci\u00f3n de Danza\u00a0 Folkl\u00f3rica\u00a0 de la Sierra y Costa ecuatoriana (24 a 26 bailarines)\u00a0<\/a><\/span><\/td>\n\n\n\n\n<td style=\"text-align: center;\" width=\"238\">25\/05\/2017<\/td>\n\n\n\n\n<td width=\"161\"><\/td>\n\n\n<\/tr>\n\n\n--><\/tbody>\n<\/table>\n<p>&nbsp;<\/p>\n","protected":false},"excerpt":{"rendered":"<p class=\"excerpt\">Si\u00a0 te interesa participar en los Cat\u00e1logos Inclusivos del Servicio Nacional de Contrataci\u00f3n P\u00fablica revisa los requisitos de participaci\u00f3n para los productos lanzados mediante nuevas Ferias Inclusivas o mediante Adhesi\u00f3n de Productos. PARA NUEVOS PROVEEDORES Lee y analiza el pliego detenidamente del proceso de catalogaci\u00f3n. Llena los formularios y requisitos de equipamiento y herramientas por producto que se solicitan en&hellip; <a href=\"https:\/\/portal.compraspublicas.gob.ec\/sercop\/danza-folklorica-feria-inclusiva\/\">Read more &rarr;<\/a><\/p>\n","protected":false},"author":1,"featured_media":0,"parent":0,"menu_order":0,"comment_status":"closed","ping_status":"closed","template":"menugenerico.php","meta":[],"_links":{"self":[{"href":"https:\/\/portal.compraspublicas.gob.ec\/sercop\/wp-json\/wp\/v2\/pages\/29007"}],"collection":[{"href":"https:\/\/portal.compraspublicas.gob.ec\/sercop\/wp-json\/wp\/v2\/pages"}],"about":[{"href":"https:\/\/portal.compraspublicas.gob.ec\/sercop\/wp-json\/wp\/v2\/types\/page"}],"author":[{"embeddable":true,"href":"https:\/\/portal.compraspublicas.gob.ec\/sercop\/wp-json\/wp\/v2\/users\/1"}],"replies":[{"embeddable":true,"href":"https:\/\/portal.compraspublicas.gob.ec\/sercop\/wp-json\/wp\/v2\/comments?post=29007"}],"version-history":[{"count":10,"href":"https:\/\/portal.compraspublicas.gob.ec\/sercop\/wp-json\/wp\/v2\/pages\/29007\/revisions"}],"predecessor-version":[{"id":60382,"href":"https:\/\/portal.compraspublicas.gob.ec\/sercop\/wp-json\/wp\/v2\/pages\/29007\/revisions\/60382"}],"wp:attachment":[{"href":"https:\/\/portal.compraspublicas.gob.ec\/sercop\/wp-json\/wp\/v2\/media?parent=29007"}],"curies":[{"name":"wp","href":"https:\/\/api.w.org\/{rel}","templated":true}]}}