{"id":31775,"date":"2018-03-12T10:19:46","date_gmt":"2018-03-12T15:19:46","guid":{"rendered":"http:\/\/portal.compraspublicas.gob.ec\/sercop\/?page_id=31775"},"modified":"2018-03-12T13:27:27","modified_gmt":"2018-03-12T18:27:27","slug":"acuerdo-comercial-multipartes-con-la-ue-2","status":"publish","type":"page","link":"https:\/\/portal.compraspublicas.gob.ec\/sercop\/acuerdo-comercial-multipartes-con-la-ue-2\/","title":{"rendered":"Acuerdo Comercial Multipartes con la UE"},"content":{"rendered":"<p>&nbsp;<\/p>\n<table style=\"height: 314px;\" width=\"568\">\n<tbody>\n<tr>\n<td width=\"415\"><span style=\"color: #0000ff;\"><a style=\"color: #0000ff;\" href=\"https:\/\/portal.compraspublicas.gob.ec\/sercop\/wp-content\/uploads\/2018\/03\/01_Protocolo-suscrito-11-11-2016-EU-EC-Prot-to-CO-PE.pdf\">A.\u00a0\u00a0\u00a0\u00a0\u00a0 Protocolo de Adhesi\u00f3n del Ecuador al Acuerdo Comercial entre la Uni\u00f3n Europea y sus Estados Miembros y Colombia y Per\u00fa por otra partes<\/a><\/span><\/td>\n<\/tr>\n<tr>\n<td width=\"415\"><span style=\"color: #0000ff;\"><a style=\"color: #0000ff;\" href=\"https:\/\/portal.compraspublicas.gob.ec\/sercop\/wp-content\/uploads\/2018\/03\/02_RO-808-Consolidado_opt.pdf\">B.\u00a0\u00a0\u00a0\u00a0\u00a0 Registro Oficial Acuerdo Comercial Multipartes<\/a><\/span><\/td>\n<\/tr>\n<tr>\n<td width=\"415\"><span style=\"color: #0000ff;\"><a style=\"color: #0000ff;\" href=\"https:\/\/portal.compraspublicas.gob.ec\/sercop\/wp-content\/uploads\/2018\/03\/03_TituloVI_Compra_Publica.pdf\">C.\u00a0\u00a0\u00a0\u00a0\u00a0 T\u00edtulo VI Compras P\u00fablica<\/a><\/span><\/td>\n<\/tr>\n<tr>\n<td width=\"415\"><span style=\"color: #0000ff;\"><a style=\"color: #0000ff;\" href=\"https:\/\/portal.compraspublicas.gob.ec\/sercop\/wp-content\/uploads\/2018\/03\/04_Anexo_XIX.pdf\">D.\u00a0\u00a0\u00a0\u00a0\u00a0 Anexo XIX del T\u00edtulo VI Compras P\u00fablica<\/a><\/span><\/td>\n<\/tr>\n<tr>\n<td width=\"415\"><span style=\"color: #0000ff;\"><a style=\"color: #0000ff;\" href=\"https:\/\/portal.compraspublicas.gob.ec\/sercop\/wp-content\/uploads\/2018\/03\/05_Apendices_4_8.pdf\">E.\u00a0\u00a0\u00a0\u00a0\u00a0\u00a0 Ap\u00e9ndices del T\u00edtulo de Compras P\u00fablica<\/a><\/span><\/td>\n<\/tr>\n<\/tbody>\n<\/table>\n","protected":false},"excerpt":{"rendered":"<p class=\"excerpt\">&nbsp; A.\u00a0\u00a0\u00a0\u00a0\u00a0 Protocolo de Adhesi\u00f3n del Ecuador al Acuerdo Comercial entre la Uni\u00f3n Europea y sus Estados Miembros y Colombia y Per\u00fa por otra partes B.\u00a0\u00a0\u00a0\u00a0\u00a0 Registro Oficial Acuerdo Comercial Multipartes C.\u00a0\u00a0\u00a0\u00a0\u00a0 T\u00edtulo VI Compras P\u00fablica D.\u00a0\u00a0\u00a0\u00a0\u00a0 Anexo XIX del T\u00edtulo VI Compras P\u00fablica E.\u00a0\u00a0\u00a0\u00a0\u00a0\u00a0 Ap\u00e9ndices del T\u00edtulo de Compras P\u00fablica <a href=\"https:\/\/portal.compraspublicas.gob.ec\/sercop\/acuerdo-comercial-multipartes-con-la-ue-2\/\">Read more &rarr;<\/a><\/p>\n","protected":false},"author":75,"featured_media":0,"parent":0,"menu_order":0,"comment_status":"closed","ping_status":"closed","template":"menugenerico.php","meta":[],"_links":{"self":[{"href":"https:\/\/portal.compraspublicas.gob.ec\/sercop\/wp-json\/wp\/v2\/pages\/31775"}],"collection":[{"href":"https:\/\/portal.compraspublicas.gob.ec\/sercop\/wp-json\/wp\/v2\/pages"}],"about":[{"href":"https:\/\/portal.compraspublicas.gob.ec\/sercop\/wp-json\/wp\/v2\/types\/page"}],"author":[{"embeddable":true,"href":"https:\/\/portal.compraspublicas.gob.ec\/sercop\/wp-json\/wp\/v2\/users\/75"}],"replies":[{"embeddable":true,"href":"https:\/\/portal.compraspublicas.gob.ec\/sercop\/wp-json\/wp\/v2\/comments?post=31775"}],"version-history":[{"count":4,"href":"https:\/\/portal.compraspublicas.gob.ec\/sercop\/wp-json\/wp\/v2\/pages\/31775\/revisions"}],"predecessor-version":[{"id":31799,"href":"https:\/\/portal.compraspublicas.gob.ec\/sercop\/wp-json\/wp\/v2\/pages\/31775\/revisions\/31799"}],"wp:attachment":[{"href":"https:\/\/portal.compraspublicas.gob.ec\/sercop\/wp-json\/wp\/v2\/media?parent=31775"}],"curies":[{"name":"wp","href":"https:\/\/api.w.org\/{rel}","templated":true}]}}