{"id":40772,"date":"2020-03-24T17:36:53","date_gmt":"2020-03-24T22:36:53","guid":{"rendered":"http:\/\/portal.compraspublicas.gob.ec\/sercop\/?page_id=40772"},"modified":"2024-11-28T14:57:35","modified_gmt":"2024-11-28T19:57:35","slug":"exclusion-de-productos-catalogo-dinamico-inclusivo-servicio-centro-de-llamada","status":"publish","type":"page","link":"https:\/\/portal.compraspublicas.gob.ec\/sercop\/exclusion-de-productos-catalogo-dinamico-inclusivo-servicio-centro-de-llamada\/","title":{"rendered":"Exclusi\u00f3n de productos  Cat\u00e1logo Din\u00e1mico Inclusivo  \u201cSERVICIO CENTRO  DE LLAMADA\u00bb"},"content":{"rendered":"<p><a style=\"text-align: center; display:flex\" href=\"https:\/\/portal.compraspublicas.gob.ec\/sercop\/wp-content\/uploads\/2020\/03\/resolucion_exclusion_marzo_2020-0104-signed_final.pdf\"><img loading=\"lazy\" class=\"alignnone size-full wp-image-40782\" src=\"https:\/\/portal.compraspublicas.gob.ec\/sercop\/wp-content\/uploads\/2020\/03\/25-mailing-exclusion_CDI.jpg\" alt=\"\" width=\"800\" height=\"592\" srcset=\"https:\/\/portal.compraspublicas.gob.ec\/sercop\/wp-content\/uploads\/2020\/03\/25-mailing-exclusion_CDI.jpg 800w, https:\/\/portal.compraspublicas.gob.ec\/sercop\/wp-content\/uploads\/2020\/03\/25-mailing-exclusion_CDI-300x222.jpg 300w, https:\/\/portal.compraspublicas.gob.ec\/sercop\/wp-content\/uploads\/2020\/03\/25-mailing-exclusion_CDI-768x568.jpg 768w\" sizes=\"(max-width: 800px) 100vw, 800px\" \/><\/a><\/p>\n","protected":false},"excerpt":{"rendered":"<p class=\"excerpt\"> <a href=\"https:\/\/portal.compraspublicas.gob.ec\/sercop\/exclusion-de-productos-catalogo-dinamico-inclusivo-servicio-centro-de-llamada\/\">Read more &rarr;<\/a><\/p>\n","protected":false},"author":75,"featured_media":0,"parent":0,"menu_order":0,"comment_status":"closed","ping_status":"closed","template":"menugenerico.php","meta":[],"_links":{"self":[{"href":"https:\/\/portal.compraspublicas.gob.ec\/sercop\/wp-json\/wp\/v2\/pages\/40772"}],"collection":[{"href":"https:\/\/portal.compraspublicas.gob.ec\/sercop\/wp-json\/wp\/v2\/pages"}],"about":[{"href":"https:\/\/portal.compraspublicas.gob.ec\/sercop\/wp-json\/wp\/v2\/types\/page"}],"author":[{"embeddable":true,"href":"https:\/\/portal.compraspublicas.gob.ec\/sercop\/wp-json\/wp\/v2\/users\/75"}],"replies":[{"embeddable":true,"href":"https:\/\/portal.compraspublicas.gob.ec\/sercop\/wp-json\/wp\/v2\/comments?post=40772"}],"version-history":[{"count":4,"href":"https:\/\/portal.compraspublicas.gob.ec\/sercop\/wp-json\/wp\/v2\/pages\/40772\/revisions"}],"predecessor-version":[{"id":60409,"href":"https:\/\/portal.compraspublicas.gob.ec\/sercop\/wp-json\/wp\/v2\/pages\/40772\/revisions\/60409"}],"wp:attachment":[{"href":"https:\/\/portal.compraspublicas.gob.ec\/sercop\/wp-json\/wp\/v2\/media?parent=40772"}],"curies":[{"name":"wp","href":"https:\/\/api.w.org\/{rel}","templated":true}]}}