{"id":45661,"date":"2021-10-05T14:42:13","date_gmt":"2021-10-05T19:42:13","guid":{"rendered":"http:\/\/portal.compraspublicas.gob.ec\/sercop\/?page_id=45661"},"modified":"2024-11-28T12:47:42","modified_gmt":"2024-11-28T17:47:42","slug":"contactos","status":"publish","type":"page","link":"https:\/\/portal.compraspublicas.gob.ec\/sercop\/contactos\/","title":{"rendered":"Contactos"},"content":{"rendered":"<p><a style=\"display:flex\"><img loading=\"lazy\" class=\"alignnone size-full wp-image-45662\" src=\"https:\/\/portal.compraspublicas.gob.ec\/sercop\/wp-content\/uploads\/2021\/10\/bn_contactos.jpg\" alt=\"\" width=\"768\" height=\"192\" srcset=\"https:\/\/portal.compraspublicas.gob.ec\/sercop\/wp-content\/uploads\/2021\/10\/bn_contactos.jpg 768w, https:\/\/portal.compraspublicas.gob.ec\/sercop\/wp-content\/uploads\/2021\/10\/bn_contactos-300x75.jpg 300w\" sizes=\"(max-width: 768px) 100vw, 768px\" \/><\/a><\/p>\n<p>&nbsp;<\/p>\n<p>En caso de que tenga dudas acerca del Seminario de Fundamentos de Contrataci\u00f3n P\u00fablica, por favor contactarse con las \u00e1reas de Atenci\u00f3n al Usuario al Call Center 1700 737267 o al Chat en l\u00ednea <a href=\"https:\/\/asesorvirtual.sercop.gob.ec\/webchat\/\">https:\/\/asesorvirtual.sercop.gob.ec\/webchat\/<\/a><\/p>\n","protected":false},"excerpt":{"rendered":"<p class=\"excerpt\">&nbsp; En caso de que tenga dudas acerca del Seminario de Fundamentos de Contrataci\u00f3n P\u00fablica, por favor contactarse con las \u00e1reas de Atenci\u00f3n al Usuario al Call Center 1700 737267 o al Chat en l\u00ednea https:\/\/asesorvirtual.sercop.gob.ec\/webchat\/ <a href=\"https:\/\/portal.compraspublicas.gob.ec\/sercop\/contactos\/\">Read more &rarr;<\/a><\/p>\n","protected":false},"author":75,"featured_media":0,"parent":0,"menu_order":0,"comment_status":"closed","ping_status":"closed","template":"menugenerico.php","meta":[],"_links":{"self":[{"href":"https:\/\/portal.compraspublicas.gob.ec\/sercop\/wp-json\/wp\/v2\/pages\/45661"}],"collection":[{"href":"https:\/\/portal.compraspublicas.gob.ec\/sercop\/wp-json\/wp\/v2\/pages"}],"about":[{"href":"https:\/\/portal.compraspublicas.gob.ec\/sercop\/wp-json\/wp\/v2\/types\/page"}],"author":[{"embeddable":true,"href":"https:\/\/portal.compraspublicas.gob.ec\/sercop\/wp-json\/wp\/v2\/users\/75"}],"replies":[{"embeddable":true,"href":"https:\/\/portal.compraspublicas.gob.ec\/sercop\/wp-json\/wp\/v2\/comments?post=45661"}],"version-history":[{"count":3,"href":"https:\/\/portal.compraspublicas.gob.ec\/sercop\/wp-json\/wp\/v2\/pages\/45661\/revisions"}],"predecessor-version":[{"id":60370,"href":"https:\/\/portal.compraspublicas.gob.ec\/sercop\/wp-json\/wp\/v2\/pages\/45661\/revisions\/60370"}],"wp:attachment":[{"href":"https:\/\/portal.compraspublicas.gob.ec\/sercop\/wp-json\/wp\/v2\/media?parent=45661"}],"curies":[{"name":"wp","href":"https:\/\/api.w.org\/{rel}","templated":true}]}}