{"id":48114,"date":"2022-05-12T10:42:12","date_gmt":"2022-05-12T15:42:12","guid":{"rendered":"http:\/\/portal.compraspublicas.gob.ec\/sercop\/?page_id=48114"},"modified":"2024-11-28T11:26:07","modified_gmt":"2024-11-28T16:26:07","slug":"fundamentos-de-la-contratacion-publica","status":"publish","type":"page","link":"https:\/\/portal.compraspublicas.gob.ec\/sercop\/fundamentos-de-la-contratacion-publica\/","title":{"rendered":"CERTIFICADOS DEL COMIT\u00c9 DE REACTIVOS"},"content":{"rendered":"<p><a style=\"display:flex;\"><img loading=\"lazy\" class=\"alignnone wp-image-48125\" src=\"https:\/\/portal.compraspublicas.gob.ec\/sercop\/wp-content\/uploads\/2022\/05\/WhatsApp-Image-2022-05-12-at-11.16.48-AM.jpeg\" alt=\"\" width=\"725\" height=\"203\" srcset=\"https:\/\/portal.compraspublicas.gob.ec\/sercop\/wp-content\/uploads\/2022\/05\/WhatsApp-Image-2022-05-12-at-11.16.48-AM.jpeg 914w, https:\/\/portal.compraspublicas.gob.ec\/sercop\/wp-content\/uploads\/2022\/05\/WhatsApp-Image-2022-05-12-at-11.16.48-AM-300x84.jpeg 300w, https:\/\/portal.compraspublicas.gob.ec\/sercop\/wp-content\/uploads\/2022\/05\/WhatsApp-Image-2022-05-12-at-11.16.48-AM-768x215.jpeg 768w\" sizes=\"(max-width: 725px) 100vw, 725px\" \/><\/a><\/p>\n<p>&nbsp;<\/p>\n<table style=\"height: 114px;\" border=\"3\" width=\"813\" cellspacing=\"0\" cellpadding=\"0\">\n<tbody>\n<tr>\n<td style=\"text-align: center;\" colspan=\"3\" width=\"512\"><strong>FUNDAMENTOS DE LA CONTRATACI\u00d3N P\u00daBLICA<\/strong><\/td>\n<\/tr>\n<tr>\n<td>\n<div>\n<p><strong>Comit\u00e9 de Reactivos<\/strong><\/p>\n<\/div>\n<\/td>\n<td style=\"text-align: center;\"><a href=\"https:\/\/portal.compraspublicas.gob.ec\/sercop\/wp-content\/uploads\/2023\/04\/LISTADOS-DE-MIEMBROS-DEL-COMITE-Y-FUNCIONARIOS-DCCCP-2021-2022_actualizado.xlsx\">Descarga Excel<\/a><\/td>\n<td style=\"text-align: center;\"><a href=\"https:\/\/portal.compraspublicas.gob.ec\/sercop\/wp-content\/uploads\/2023\/04\/LISTADOS-DE-MIEMBROS-DEL-COMITE-Y-FUNCIONARIOS-DCCCP-2021-2022_actualizado.pdf\">Descarga PDF<\/a><\/td>\n<\/tr>\n<\/tbody>\n<\/table>\n<p>&nbsp;<\/p>\n","protected":false},"excerpt":{"rendered":"<p class=\"excerpt\">&nbsp; FUNDAMENTOS DE LA CONTRATACI\u00d3N P\u00daBLICA Comit\u00e9 de Reactivos Descarga Excel Descarga PDF &nbsp; <a href=\"https:\/\/portal.compraspublicas.gob.ec\/sercop\/fundamentos-de-la-contratacion-publica\/\">Read more &rarr;<\/a><\/p>\n","protected":false},"author":75,"featured_media":0,"parent":0,"menu_order":0,"comment_status":"closed","ping_status":"closed","template":"menugenerico.php","meta":[],"_links":{"self":[{"href":"https:\/\/portal.compraspublicas.gob.ec\/sercop\/wp-json\/wp\/v2\/pages\/48114"}],"collection":[{"href":"https:\/\/portal.compraspublicas.gob.ec\/sercop\/wp-json\/wp\/v2\/pages"}],"about":[{"href":"https:\/\/portal.compraspublicas.gob.ec\/sercop\/wp-json\/wp\/v2\/types\/page"}],"author":[{"embeddable":true,"href":"https:\/\/portal.compraspublicas.gob.ec\/sercop\/wp-json\/wp\/v2\/users\/75"}],"replies":[{"embeddable":true,"href":"https:\/\/portal.compraspublicas.gob.ec\/sercop\/wp-json\/wp\/v2\/comments?post=48114"}],"version-history":[{"count":11,"href":"https:\/\/portal.compraspublicas.gob.ec\/sercop\/wp-json\/wp\/v2\/pages\/48114\/revisions"}],"predecessor-version":[{"id":60294,"href":"https:\/\/portal.compraspublicas.gob.ec\/sercop\/wp-json\/wp\/v2\/pages\/48114\/revisions\/60294"}],"wp:attachment":[{"href":"https:\/\/portal.compraspublicas.gob.ec\/sercop\/wp-json\/wp\/v2\/media?parent=48114"}],"curies":[{"name":"wp","href":"https:\/\/api.w.org\/{rel}","templated":true}]}}