{"id":48787,"date":"2022-07-13T17:40:43","date_gmt":"2022-07-13T22:40:43","guid":{"rendered":"http:\/\/portal.compraspublicas.gob.ec\/sercop\/?page_id=48787"},"modified":"2024-11-28T16:04:58","modified_gmt":"2024-11-28T21:04:58","slug":"proforma-de-precios-para-el-catalogo-electronico-4","status":"publish","type":"page","link":"https:\/\/portal.compraspublicas.gob.ec\/sercop\/proforma-de-precios-para-el-catalogo-electronico-4\/","title":{"rendered":"PROFORMA DE PRECIOS PARA EL CAT\u00c1LOGO ELECTR\u00d3NICO"},"content":{"rendered":"<p style=\"display:flex\">\n<img loading=\"lazy\" class=\"alignnone wp-image-48365 size-full\" src=\"https:\/\/portal.compraspublicas.gob.ec\/sercop\/wp-content\/uploads\/2022\/06\/WhatsApp-Image-2022-06-09-at-11.11.26-AM-e1657749759521.jpeg\" alt=\"\" width=\"915\" height=\"220\" \/>\n<\/p>\n<div>\n<h3 style=\"color: #50606a; font-weight: bold; text-align: center;\">SE\u00d1ORES PROVEEDORES DE SUMINISTROS DE IMPRESI\u00d3N<\/h3>\n<p style=\"text-align: justify;\">El Servicio Nacional de Contrataci\u00f3n P\u00fablica, como ente rector de la Contrataci\u00f3n P\u00fablica y administrador del portal institucional del SERCOP, tiene el agrado de invitar a todos los oferentes de la actividad econ\u00f3mica \u201cSuministros de impresi\u00f3n\u201d inscritos y habilitados en el Registro \u00danico de Proveedores \u2013RUP o No, a participar en la fase preparatoria para la incorporaci\u00f3n de nuevos productos al proceso SERCOP-SELPROV-002-2021 a trav\u00e9s del Portal Institucional para que puedan ser adquiridos por las entidades p\u00fablicas por la herramienta de Cat\u00e1logo Electr\u00f3nico, mediante la entrega de proformas con precios unitarios de cada uno de los bienes a ser incorporados en el Cat\u00e1logo Electr\u00f3nico General.<\/p>\n<p>Los interesados en presentar las proformas, deber\u00e1n seguir los siguientes pasos:<\/p>\n<ul style=\"text-align: justify;\">\n<li>Descargar las Fichas T\u00e9cnicas \u201cSuministros de impresi\u00f3n\u201d<\/li>\n<li>Descargar el \u201cModelo proforma\u201d<\/li>\n<li>Llenar el \u201cModelo proforma\u201d<\/li>\n<li>Firmar la proforma \u201cModelo proforma\u201d con esfero azul, de forma digital o electr\u00f3nica<\/li>\n<li>Guardar \u201cModelo proforma\u201d en formato PDF.<\/li>\n<li>Llenar la PROFORMA DIGITAL, la misma que se encuentra en el <b> Link para cargar la proforma digital<\/b> en base a los requerimientos de la informaci\u00f3n establecida en la ficha t\u00e9cnica de cada bien, es importante se\u00f1alar que para llenar la PROFORMA DIGITAL se requiere que el usuario cuente con un <b>correo Gmail<\/b>, en el caso de no contar con uno, deber\u00e1 crear un correo para poder enviar su proforma.<\/li>\n<li>Anexar el \u201cModelo proforma\u201d con la firma correspondiente dentro de la proforma digital<\/li>\n<li>Enviar<\/li>\n<\/ul>\n<p>El plazo m\u00e1ximo para remitir las proformas ser\u00e1 hasta el <b style=\"color: #0095ff;\">02 de agosto de 2022<\/b>.<\/p>\n<p style=\"text-align: justify;\">Las fichas t\u00e9cnicas de los bienes requeridos y modelo de proforma usted los puedes descargar en el siguiente cuadro, as\u00ed como los link de carga de las proformas:<\/p>\n<table style=\"height: 77px;\" border=\"3\" width=\"100%\" cellspacing=\"0\" cellpadding=\"0\">\n<tbody>\n<tr style=\"background-color: #4da3e9; font-weight: bold;\">\n<td style=\"text-align: center;\" width=\"343\"><span style=\"color: #ffffff;\">Descargue fichas t\u00e9cnicas (Especificaciones t\u00e9cnicas)<\/span><\/td>\n<td style=\"text-align: center;\" width=\"343\"><span style=\"color: #ffffff;\">Descargue el modelo de proforma<\/span><\/td>\n<td style=\"text-align: center;\" width=\"343\"><span style=\"color: #ffffff;\">Link para cargar la proforma digital<\/span><\/td>\n<\/tr>\n<tr>\n<td><a href=\"https:\/\/portal.compraspublicas.gob.ec\/sercop\/wp-content\/uploads\/2022\/07\/Fichas-T\u00e9cnicas-Suministros-de-impresi\u00f3n.docx.pdf\">Fichas T\u00e9cnicas \u201cSuministros de Impresi\u00f3n\u201d<\/a><\/td>\n<td><a href=\"https:\/\/portal.compraspublicas.gob.ec\/sercop\/wp-content\/uploads\/2022\/07\/Modelo-Proforma-Suministros-de-impresi\u00f3n.docx\">Modelo proforma<\/a><\/td>\n<td><a href=\"https:\/\/docs.google.com\/forms\/d\/e\/1FAIpQLScg2MOuLnci7IJmK8uZ-HIXEJQDK1m0VnEhJWROzEmygOZxWg\/viewform?usp=sf_link\"><br \/>\nhttps:\/\/docs.google.com\/forms\/d\/e\/1FAIpQLScg2MOuLnci7IJmK8uZ-HIXEJQDK1m0VnEhJWROzEmygOZxWg\/viewform?usp=sf_link<\/a><\/td>\n<\/tr>\n<\/tbody>\n<\/table>\n<\/div>\n","protected":false},"excerpt":{"rendered":"<p class=\"excerpt\">SE\u00d1ORES PROVEEDORES DE SUMINISTROS DE IMPRESI\u00d3N El Servicio Nacional de Contrataci\u00f3n P\u00fablica, como ente rector de la Contrataci\u00f3n P\u00fablica y administrador del portal institucional del SERCOP, tiene el agrado de invitar a todos los oferentes de la actividad econ\u00f3mica \u201cSuministros de impresi\u00f3n\u201d inscritos y habilitados en el Registro \u00danico de Proveedores \u2013RUP o No, a participar en la fase preparatoria&hellip; <a href=\"https:\/\/portal.compraspublicas.gob.ec\/sercop\/proforma-de-precios-para-el-catalogo-electronico-4\/\">Read more &rarr;<\/a><\/p>\n","protected":false},"author":1,"featured_media":0,"parent":0,"menu_order":0,"comment_status":"closed","ping_status":"closed","template":"menugenerico.php","meta":[],"_links":{"self":[{"href":"https:\/\/portal.compraspublicas.gob.ec\/sercop\/wp-json\/wp\/v2\/pages\/48787"}],"collection":[{"href":"https:\/\/portal.compraspublicas.gob.ec\/sercop\/wp-json\/wp\/v2\/pages"}],"about":[{"href":"https:\/\/portal.compraspublicas.gob.ec\/sercop\/wp-json\/wp\/v2\/types\/page"}],"author":[{"embeddable":true,"href":"https:\/\/portal.compraspublicas.gob.ec\/sercop\/wp-json\/wp\/v2\/users\/1"}],"replies":[{"embeddable":true,"href":"https:\/\/portal.compraspublicas.gob.ec\/sercop\/wp-json\/wp\/v2\/comments?post=48787"}],"version-history":[{"count":13,"href":"https:\/\/portal.compraspublicas.gob.ec\/sercop\/wp-json\/wp\/v2\/pages\/48787\/revisions"}],"predecessor-version":[{"id":60480,"href":"https:\/\/portal.compraspublicas.gob.ec\/sercop\/wp-json\/wp\/v2\/pages\/48787\/revisions\/60480"}],"wp:attachment":[{"href":"https:\/\/portal.compraspublicas.gob.ec\/sercop\/wp-json\/wp\/v2\/media?parent=48787"}],"curies":[{"name":"wp","href":"https:\/\/api.w.org\/{rel}","templated":true}]}}