{"id":525,"date":"2012-10-27T12:53:26","date_gmt":"2012-10-27T17:53:26","guid":{"rendered":"http:\/\/www.compraspublicas.gob.ec\/?page_id=525"},"modified":"2017-12-29T08:54:15","modified_gmt":"2017-12-29T13:54:15","slug":"biblioteca","status":"publish","type":"page","link":"https:\/\/portal.compraspublicas.gob.ec\/sercop\/biblioteca\/","title":{"rendered":"Biblioteca"},"content":{"rendered":"<p>Aqu\u00ed puedes encontrar todos los acuerdos, documentos, revistas y fondos editoriales de nuestra instituci\u00f3n.<br \/>\nEnt\u00e9rate que estamos haciendo.<\/p>\n","protected":false},"excerpt":{"rendered":"<p class=\"excerpt\">Aqu\u00ed puedes encontrar todos los acuerdos, documentos, revistas y fondos editoriales de nuestra instituci\u00f3n. Ent\u00e9rate que estamos haciendo. <a href=\"https:\/\/portal.compraspublicas.gob.ec\/sercop\/biblioteca\/\">Read more &rarr;<\/a><\/p>\n","protected":false},"author":1,"featured_media":0,"parent":0,"menu_order":6,"comment_status":"open","ping_status":"open","template":"descargas.php","meta":[],"_links":{"self":[{"href":"https:\/\/portal.compraspublicas.gob.ec\/sercop\/wp-json\/wp\/v2\/pages\/525"}],"collection":[{"href":"https:\/\/portal.compraspublicas.gob.ec\/sercop\/wp-json\/wp\/v2\/pages"}],"about":[{"href":"https:\/\/portal.compraspublicas.gob.ec\/sercop\/wp-json\/wp\/v2\/types\/page"}],"author":[{"embeddable":true,"href":"https:\/\/portal.compraspublicas.gob.ec\/sercop\/wp-json\/wp\/v2\/users\/1"}],"replies":[{"embeddable":true,"href":"https:\/\/portal.compraspublicas.gob.ec\/sercop\/wp-json\/wp\/v2\/comments?post=525"}],"version-history":[{"count":0,"href":"https:\/\/portal.compraspublicas.gob.ec\/sercop\/wp-json\/wp\/v2\/pages\/525\/revisions"}],"wp:attachment":[{"href":"https:\/\/portal.compraspublicas.gob.ec\/sercop\/wp-json\/wp\/v2\/media?parent=525"}],"curies":[{"name":"wp","href":"https:\/\/api.w.org\/{rel}","templated":true}]}}