{"id":58781,"date":"2024-07-05T10:42:50","date_gmt":"2024-07-05T15:42:50","guid":{"rendered":"https:\/\/portal.compraspublicas.gob.ec\/sercop\/?page_id=58781"},"modified":"2025-09-04T12:38:20","modified_gmt":"2025-09-04T17:38:20","slug":"servicio-de-vigilancia-y-seguridad-privada-fija","status":"publish","type":"page","link":"https:\/\/portal.compraspublicas.gob.ec\/sercop\/servicio-de-vigilancia-y-seguridad-privada-fija\/","title":{"rendered":"Servicio de Vigilancia y Seguridad Privada Fija"},"content":{"rendered":"<p><a href=\"https:\/\/portal.compraspublicas.gob.ec\/sercop\/wp-content\/uploads\/2024\/07\/WhatsApp-Image-2024-07-05-at-11.46.42.jpeg\"><img loading=\"lazy\" class=\"alignnone size-large wp-image-58835\" src=\"https:\/\/portal.compraspublicas.gob.ec\/sercop\/wp-content\/uploads\/2024\/07\/WhatsApp-Image-2024-07-05-at-11.46.42-1024x255.jpeg\" alt=\"\" width=\"750\" height=\"187\" srcset=\"https:\/\/portal.compraspublicas.gob.ec\/sercop\/wp-content\/uploads\/2024\/07\/WhatsApp-Image-2024-07-05-at-11.46.42-1024x255.jpeg 1024w, https:\/\/portal.compraspublicas.gob.ec\/sercop\/wp-content\/uploads\/2024\/07\/WhatsApp-Image-2024-07-05-at-11.46.42-300x75.jpeg 300w, https:\/\/portal.compraspublicas.gob.ec\/sercop\/wp-content\/uploads\/2024\/07\/WhatsApp-Image-2024-07-05-at-11.46.42-768x192.jpeg 768w, https:\/\/portal.compraspublicas.gob.ec\/sercop\/wp-content\/uploads\/2024\/07\/WhatsApp-Image-2024-07-05-at-11.46.42-1536x383.jpeg 1536w, https:\/\/portal.compraspublicas.gob.ec\/sercop\/wp-content\/uploads\/2024\/07\/WhatsApp-Image-2024-07-05-at-11.46.42.jpeg 1600w\" sizes=\"(max-width: 750px) 100vw, 750px\" \/><\/a><\/p>\n<p>El cat\u00e1logo de \u201cServicio de Vigilancia y Seguridad Privada Fija\u201d con c\u00f3digo <a href=\"https:\/\/www.compraspublicas.gob.ec\/ProcesoContratacion\/compras\/PC\/informacionProcesoContratacion2.cpe?idSoliCompra=uaAzSolWLOC_sRYAypFQP13FbOobztvAt4F2-9CzaaU\"><strong>SERCOP-SELPROV-002-2022 <\/strong><\/a>estuvo vigente desde el 01 de septiembre de 2022 hasta el 01 de septiembre 2025 en la herramienta de Cat\u00e1logo Electr\u00f3nico.<\/p>\n<p>&nbsp;<\/p>\n<table border=\"3\" width=\"98%\">\n<tbody>\n<tr>\n<th bgcolor=\"#4e81bd\" width=\"40%\">\n<p style=\"text-align: left;\"><span style=\"color: #ffffff;\"><strong>Fichas T\u00e9cnicas<\/strong><\/span><\/p>\n<\/th>\n<th bgcolor=\"#4e81bd\" width=\"20%\"><span style=\"color: #ffffff;\"><strong>Descargue Circulares\/Oficios<\/strong><\/span><\/th>\n<th bgcolor=\"#4e81bd\" width=\"20%\"><span style=\"color: #ffffff;\"><strong>Observaciones<\/strong><\/span><\/th>\n<th bgcolor=\"#4e81bd\" width=\"20%\"><span style=\"color: #ffffff;\"><strong>Pliegos<\/strong><\/span><\/th>\n<\/tr>\n<tr>\n<td rowspan=\"2\" width=\"40%\"><a href=\"https:\/\/portal.compraspublicas.gob.ec\/sercop\/wp-content\/uploads\/2025\/09\/Fichas-Tecnicas-Seguridad.pdf\">Fichas T\u00e9cnicas<\/a><\/td>\n<td width=\"20%\">N\/A<\/td>\n<td width=\"20%\">Proceso Inicial<\/td>\n<td width=\"40%\"><a href=\"https:\/\/portal.compraspublicas.gob.ec\/sercop\/wp-content\/uploads\/2025\/09\/PLIEGO_SEGURIDAD.pdf\">Pliego<\/a><\/td>\n<\/tr>\n<tr>\n<td width=\"20\">Circular Nro.<a href=\"https:\/\/portal.compraspublicas.gob.ec\/sercop\/wp-content\/uploads\/2025\/09\/SERCOP-CTDC-2023-0010-C.pdf\"><strong> SERCOP-CTDC-2023-0010-C<\/strong><\/a><\/td>\n<td width=\"20\">Reajuste de precios referenciales<\/td>\n<td width=\"40\"><strong>\u00a0<\/strong><\/td>\n<\/tr>\n<\/tbody>\n<\/table>\n<p>&nbsp;<\/p>\n<div style=\"display: none;\">\n<p>Estimados Proveedores:Para participar en el procedimiento de selecci\u00f3n de proveedores para la prestaci\u00f3n del \u201cServicio de Vigilancia y Seguridad Privada Fija\u201d por parte de las entidades contratantes deben observar lo establecido en el pliego del proceso <a href=\"https:\/\/www.compraspublicas.gob.ec\/ProcesoContratacion\/compras\/PC\/informacionProcesoContratacion2.cpe?idSoliCompra=i5X6GyIf8Yr1icHt5V9ZSkgiy0Q8GOWvQz9WoLkuFHg,\"><strong>SERCOP-SELPROV-002-2022<\/strong><\/a> y las fichas t\u00e9cnicas.<\/p>\n<p><strong>1.- PARA NUEVOS OFERENTES (OFERTA<\/strong><\/p>\n<ul>\n<li>Pliego <strong>(<a href=\"https:\/\/portal.compraspublicas.gob.ec\/sercop\/wp-content\/uploads\/2024\/07\/PLIEGO_SEGURIDAD.pdf\">PDF<\/a>\/<a href=\"https:\/\/portal.compraspublicas.gob.ec\/sercop\/wp-content\/uploads\/2024\/07\/PLIEGO-SEGURIDAD-SEGURIDAD.doc\">Word<\/a>)\u00a0<\/strong><\/li>\n<li><a href=\"https:\/\/portal.compraspublicas.gob.ec\/sercop\/wp-content\/uploads\/2024\/07\/Formulario_-Servicio-de-Seguridad.doc\"><strong>Formularios <\/strong><\/a>de la oferta<\/li>\n<li><a href=\"https:\/\/portal.compraspublicas.gob.ec\/sercop\/wp-content\/uploads\/2024\/07\/Propuesta-de-Convenio-Marco_Seguridad.xlsx\"><strong>Propuesta de convenio marco<\/strong><\/a> con el (los) producto (s) a catalogarse.<\/li>\n<li>Adjunta los anexos de respaldo que se solicitan en cada numeral del formulario de la oferta.<\/li>\n<\/ul>\n<p><strong>2.<\/strong>&#8211; <strong>PARA PROVEEDORES CATALOGADOS (MANIFESTACI\u00d3N DE INTER\u00c9S)<\/strong><\/p>\n<ul>\n<li><a href=\"https:\/\/portal.compraspublicas.gob.ec\/sercop\/wp-content\/uploads\/2024\/07\/Manifestacio\u0301n-de-intere\u0301s-Seguridad.docx\"><strong>Manifestaci\u00f3n de inter\u00e9s<\/strong><\/a> y <a href=\"https:\/\/portal.compraspublicas.gob.ec\/sercop\/wp-content\/uploads\/2024\/07\/Propuesta-de-Convenio-Marco-Seguridad.xlsx\"><strong>propuesta de convenio marco<\/strong><\/a> del (los) producto(s) en el que le interese catalogarse.<\/li>\n<li>Adjuntar los formularios, documentos o requisitos establecidos en la manifestaci\u00f3n de inter\u00e9s para proveedores catalogados.<\/li>\n<\/ul>\n<p><strong>CONSIDERACIONES:<\/strong><\/p>\n<ul>\n<li>La oferta o manifestaci\u00f3n de inter\u00e9s obligatoriamente deber\u00e1 ser firmada electr\u00f3nicamente por el representante legal, apoderado, persona natural o procurador com\u00fan, con sus respectivos anexos o documentaci\u00f3n de respaldo seg\u00fan el caso.<\/li>\n<li>Finalmente, la oferta o manifestaci\u00f3n de inter\u00e9s deber\u00e1 ser enviada al correo electr\u00f3nico <strong>ofertascatalogo@sercop.gob.ec<\/strong>, de ser el caso, si el tama\u00f1o del o los archivos no le permita remitir la oferta por correo electr\u00f3nico, el oferente podr\u00e1 usar un servicio web de alojamiento de archivos, y deber\u00e1 enviar el link, mismo que debe ser de acceso p\u00fablico sin clave y sin fecha de caducidad.<\/li>\n<\/ul>\n<p>&nbsp;<\/p>\n<table border=\"3\" width=\"98%\">\n<tbody>\n<tr>\n<td bgcolor=\"#4e81bd\" width=\"42%\">\n<p style=\"text-align: left;\"><span style=\"color: #ffffff;\"><strong>Descargue de Fichas T\u00e9cnicas<\/strong><\/span><\/p>\n<\/td>\n<td bgcolor=\"#4e81bd\" width=\"27%\"><span style=\"color: #ffffff;\"><strong>Descargue Circulares\/Oficios<\/strong><\/span><\/td>\n<td bgcolor=\"#4e81bd\" width=\"30%\"><span style=\"color: #ffffff;\"><strong>Observaciones<\/strong><\/span><\/td>\n<\/tr>\n<tr>\n<td width=\"42%\"><a href=\"https:\/\/portal.compraspublicas.gob.ec\/sercop\/wp-content\/uploads\/2024\/07\/Fichas-Tecnicas-Seguridad.pdf\">Fichas T\u00e9cnicas<\/a><\/td>\n<td width=\"27%\">Reajuste de precios referenciales: Circular Nro. <a href=\"https:\/\/portal.compraspublicas.gob.ec\/sercop\/wp-content\/uploads\/2024\/07\/SERCOP-CTDC-2023-0010-C.pdf\">SERCOP-CTDC-2023-0010-C<\/a><\/td>\n<td width=\"30%\">Proceso Inicial<\/td>\n<\/tr>\n<\/tbody>\n<\/table>\n<\/div>\n","protected":false},"excerpt":{"rendered":"<p class=\"excerpt\">El cat\u00e1logo de \u201cServicio de Vigilancia y Seguridad Privada Fija\u201d con c\u00f3digo SERCOP-SELPROV-002-2022 estuvo vigente desde el 01 de septiembre de 2022 hasta el 01 de septiembre 2025 en la herramienta de Cat\u00e1logo Electr\u00f3nico. &nbsp; Fichas T\u00e9cnicas Descargue Circulares\/Oficios Observaciones Pliegos Fichas T\u00e9cnicas N\/A Proceso Inicial Pliego Circular Nro. SERCOP-CTDC-2023-0010-C Reajuste de precios referenciales \u00a0 &nbsp; Estimados Proveedores:Para participar en&hellip; <a href=\"https:\/\/portal.compraspublicas.gob.ec\/sercop\/servicio-de-vigilancia-y-seguridad-privada-fija\/\">Read more &rarr;<\/a><\/p>\n","protected":false},"author":75,"featured_media":0,"parent":0,"menu_order":0,"comment_status":"closed","ping_status":"closed","template":"menugenerico.php","meta":[],"_links":{"self":[{"href":"https:\/\/portal.compraspublicas.gob.ec\/sercop\/wp-json\/wp\/v2\/pages\/58781"}],"collection":[{"href":"https:\/\/portal.compraspublicas.gob.ec\/sercop\/wp-json\/wp\/v2\/pages"}],"about":[{"href":"https:\/\/portal.compraspublicas.gob.ec\/sercop\/wp-json\/wp\/v2\/types\/page"}],"author":[{"embeddable":true,"href":"https:\/\/portal.compraspublicas.gob.ec\/sercop\/wp-json\/wp\/v2\/users\/75"}],"replies":[{"embeddable":true,"href":"https:\/\/portal.compraspublicas.gob.ec\/sercop\/wp-json\/wp\/v2\/comments?post=58781"}],"version-history":[{"count":11,"href":"https:\/\/portal.compraspublicas.gob.ec\/sercop\/wp-json\/wp\/v2\/pages\/58781\/revisions"}],"predecessor-version":[{"id":62924,"href":"https:\/\/portal.compraspublicas.gob.ec\/sercop\/wp-json\/wp\/v2\/pages\/58781\/revisions\/62924"}],"wp:attachment":[{"href":"https:\/\/portal.compraspublicas.gob.ec\/sercop\/wp-json\/wp\/v2\/media?parent=58781"}],"curies":[{"name":"wp","href":"https:\/\/api.w.org\/{rel}","templated":true}]}}