{"id":59715,"date":"2024-10-17T09:52:28","date_gmt":"2024-10-17T14:52:28","guid":{"rendered":"https:\/\/portal.compraspublicas.gob.ec\/sercop\/?page_id=59715"},"modified":"2025-04-23T10:33:06","modified_gmt":"2025-04-23T15:33:06","slug":"suministros-de-oficina-y-accesorios-tecnologicos","status":"publish","type":"page","link":"https:\/\/portal.compraspublicas.gob.ec\/sercop\/suministros-de-oficina-y-accesorios-tecnologicos\/","title":{"rendered":"Suministros de oficina y accesorios tecnol\u00f3gicos"},"content":{"rendered":"<p><a href=\"https:\/\/portal.compraspublicas.gob.ec\/sercop\/wp-content\/uploads\/2024\/10\/SUMINISTROS-DE-OFICINA.jpeg\"><img loading=\"lazy\" class=\"alignnone wp-image-59703\" src=\"https:\/\/portal.compraspublicas.gob.ec\/sercop\/wp-content\/uploads\/2024\/10\/SUMINISTROS-DE-OFICINA-300x75.jpeg\" alt=\"\" width=\"708\" height=\"177\" srcset=\"https:\/\/portal.compraspublicas.gob.ec\/sercop\/wp-content\/uploads\/2024\/10\/SUMINISTROS-DE-OFICINA-300x75.jpeg 300w, https:\/\/portal.compraspublicas.gob.ec\/sercop\/wp-content\/uploads\/2024\/10\/SUMINISTROS-DE-OFICINA-1024x255.jpeg 1024w, https:\/\/portal.compraspublicas.gob.ec\/sercop\/wp-content\/uploads\/2024\/10\/SUMINISTROS-DE-OFICINA-768x192.jpeg 768w, https:\/\/portal.compraspublicas.gob.ec\/sercop\/wp-content\/uploads\/2024\/10\/SUMINISTROS-DE-OFICINA-1536x383.jpeg 1536w, https:\/\/portal.compraspublicas.gob.ec\/sercop\/wp-content\/uploads\/2024\/10\/SUMINISTROS-DE-OFICINA.jpeg 1600w\" sizes=\"(max-width: 708px) 100vw, 708px\" \/><\/a><\/p>\n<p>&nbsp;<\/p>\n<p>Estimados Proveedores:<\/p>\n<p>Para participar en el procedimiento de selecci\u00f3n de proveedores para la celebraci\u00f3n de convenios marco para la adquisici\u00f3n de \u201cSuministos de oficina y accesorios tecnol\u00f3gicos\u201d por parte de las entidades contratantes deben observar lo establecido en el pliego del proceso <a href=\"https:\/\/www.compraspublicas.gob.ec\/ProcesoContratacion\/compras\/PC\/informacionProcesoContratacion2.cpe?idSoliCompra=ShYlc6K4szMBR9lE2zXi3r7eEd7o7XYOhRXxzxdeDQ0\"><strong>SERCOP-SELPROV-002-2024<\/strong><\/a> y las fichas t\u00e9cnicas.<\/p>\n<p>&nbsp;<\/p>\n<ol>\n<li><strong>PARA NUEVOS OFERENTES (OFERTA)<\/strong><\/li>\n<\/ol>\n<ul>\n<li>Pliego <strong>(<a href=\"https:\/\/portal.compraspublicas.gob.ec\/sercop\/wp-content\/uploads\/2024\/10\/Pliego_cata\u0301logo_oficina_y_accesorios_tecnolo\u0301gicos_2024.pdf\">PDF<\/a>\/<a href=\"https:\/\/portal.compraspublicas.gob.ec\/sercop\/wp-content\/uploads\/2024\/10\/Pliego-suministros-de-oficina-y-accesorios.doc\">Word<\/a>)\u00a0<\/strong><\/li>\n<li><a href=\"https:\/\/portal.compraspublicas.gob.ec\/sercop\/wp-content\/uploads\/2024\/11\/Formularios-SO.doc\"><strong>F<\/strong><strong>ormularios\u00a0<\/strong>de la oferta<\/a><\/li>\n<li><a href=\"https:\/\/portal.compraspublicas.gob.ec\/sercop\/wp-content\/uploads\/2025\/02\/Manifestacion-de-interes-PNUEVOS.xlsx\"><strong>Manifestaci\u00f3n de inter\u00e9s<\/strong> <\/a>con el (los) producto (s) a catalogarse.<\/li>\n<li><a href=\"https:\/\/portal.compraspublicas.gob.ec\/sercop\/wp-content\/uploads\/2025\/02\/Fichas-tecnicas-SERCOP-SELPROV-002-2024-Oficina-y-accesorios-tecnologicos.doc\"><strong>Fichas T\u00e9cnicas<\/strong> <\/a>\u00a0de (los) producto (s) a catalogarse.<\/li>\n<li>Adjunta los anexos de respaldo que se solicitan en cada numeral del formulario de la oferta.<\/li>\n<\/ul>\n<p>&nbsp;<\/p>\n<ol start=\"2\">\n<li><strong>PARA PROVEEDORES CATALOGADOS (MANIFESTACI\u00d3N DE INTER\u00c9S)<\/strong><\/li>\n<\/ol>\n<ul>\n<li><a href=\"https:\/\/portal.compraspublicas.gob.ec\/sercop\/wp-content\/uploads\/2025\/02\/Manifestacion-de-interes-PCATALOGADOS.xlsx\"><strong>Manifestaci\u00f3n de inter\u00e9s<\/strong> <\/a>del (los) producto(s) en el que le interese catalogarse.<\/li>\n<li><a href=\"https:\/\/portal.compraspublicas.gob.ec\/sercop\/wp-content\/uploads\/2025\/02\/Fichas-tecnicas-SERCOP-SELPROV-002-2024-Oficina-y-accesorios-tecnologicos-1.doc\"><strong>Fichas T\u00e9cnicas<\/strong> <\/a>\u00a0de (los) producto (s) a catalogarse.<\/li>\n<li>Adjuntar los formularios, documentos o requisitos establecidos en la manifestaci\u00f3n de inter\u00e9s para proveedores catalogados.<\/li>\n<\/ul>\n<p>&nbsp;<\/p>\n<p><strong>CONSIDERACIONES:<\/strong><\/p>\n<ul>\n<li>La oferta o manifestaci\u00f3n de inter\u00e9s obligatoriamente deber\u00e1 ser firmada electr\u00f3nicamente por el representante legal, apoderado, persona natural o procurador com\u00fan, con sus respectivos anexos o documentaci\u00f3n de respaldo seg\u00fan el caso.<\/li>\n<li>Finalmente, la oferta o manifestaci\u00f3n de inter\u00e9s deber\u00e1 ser enviada al correo electr\u00f3nico <strong>ofertascatalogo@sercop.gob.ec<\/strong>, de ser el caso, si el tama\u00f1o del o los archivos no le permita remitir la oferta por correo electr\u00f3nico, el oferente podr\u00e1 usar un servicio web de alojamiento de archivos, y deber\u00e1 enviar el link, mismo que debe ser de acceso p\u00fablico sin clave y sin fecha de caducidad.<\/li>\n<\/ul>\n<p>&nbsp;<\/p>\n<table style=\"height: 140px;\" width=\"1044\">\n<tbody>\n<tr>\n<td width=\"103\"><strong>Descargue de Fichas T\u00e9cnicas<\/strong><\/td>\n<td width=\"108\"><strong>Descargue Circulares\/ Oficios<\/strong><\/td>\n<td width=\"123\"><strong>Observaciones<\/strong><\/td>\n<\/tr>\n<tr>\n<td width=\"103\"><a href=\"https:\/\/portal.compraspublicas.gob.ec\/sercop\/wp-content\/uploads\/2024\/11\/Fichas_proceso.pdf\"><strong>Fichas T\u00e9cnicas<\/strong><\/a><\/td>\n<td width=\"108\">N\/A<\/td>\n<td width=\"123\">Proceso Inicial<\/td>\n<\/tr>\n<tr>\n<td width=\"103\"><a href=\"https:\/\/portal.compraspublicas.gob.ec\/sercop\/wp-content\/uploads\/2025\/02\/Fichas-tecnicas_Incorporacion-1.pdf\"><strong>Fichas T\u00e9cnicas_Incorporaci\u00f3n 1<\/strong><\/a><\/td>\n<td width=\"108\"><a href=\"https:\/\/portal.compraspublicas.gob.ec\/sercop\/wp-content\/uploads\/2025\/02\/Circular_SERCOP-CTDC-2025-0001-C.pdf\"><strong>Circular Nro. SERCOP-CTDC-2025-0001-C<\/strong><\/a><\/td>\n<td width=\"123\">Incorporaci\u00f3n de productos 1<\/td>\n<\/tr>\n<\/tbody>\n<\/table>\n","protected":false},"excerpt":{"rendered":"<p class=\"excerpt\">&nbsp; Estimados Proveedores: Para participar en el procedimiento de selecci\u00f3n de proveedores para la celebraci\u00f3n de convenios marco para la adquisici\u00f3n de \u201cSuministos de oficina y accesorios tecnol\u00f3gicos\u201d por parte de las entidades contratantes deben observar lo establecido en el pliego del proceso SERCOP-SELPROV-002-2024 y las fichas t\u00e9cnicas. &nbsp; PARA NUEVOS OFERENTES (OFERTA) Pliego (PDF\/Word)\u00a0 Formularios\u00a0de la oferta Manifestaci\u00f3n de&hellip; <a href=\"https:\/\/portal.compraspublicas.gob.ec\/sercop\/suministros-de-oficina-y-accesorios-tecnologicos\/\">Read more &rarr;<\/a><\/p>\n","protected":false},"author":79,"featured_media":0,"parent":0,"menu_order":0,"comment_status":"closed","ping_status":"closed","template":"menugenerico.php","meta":[],"_links":{"self":[{"href":"https:\/\/portal.compraspublicas.gob.ec\/sercop\/wp-json\/wp\/v2\/pages\/59715"}],"collection":[{"href":"https:\/\/portal.compraspublicas.gob.ec\/sercop\/wp-json\/wp\/v2\/pages"}],"about":[{"href":"https:\/\/portal.compraspublicas.gob.ec\/sercop\/wp-json\/wp\/v2\/types\/page"}],"author":[{"embeddable":true,"href":"https:\/\/portal.compraspublicas.gob.ec\/sercop\/wp-json\/wp\/v2\/users\/79"}],"replies":[{"embeddable":true,"href":"https:\/\/portal.compraspublicas.gob.ec\/sercop\/wp-json\/wp\/v2\/comments?post=59715"}],"version-history":[{"count":14,"href":"https:\/\/portal.compraspublicas.gob.ec\/sercop\/wp-json\/wp\/v2\/pages\/59715\/revisions"}],"predecessor-version":[{"id":61444,"href":"https:\/\/portal.compraspublicas.gob.ec\/sercop\/wp-json\/wp\/v2\/pages\/59715\/revisions\/61444"}],"wp:attachment":[{"href":"https:\/\/portal.compraspublicas.gob.ec\/sercop\/wp-json\/wp\/v2\/media?parent=59715"}],"curies":[{"name":"wp","href":"https:\/\/api.w.org\/{rel}","templated":true}]}}