{"id":61943,"date":"2025-05-21T09:18:04","date_gmt":"2025-05-21T14:18:04","guid":{"rendered":"https:\/\/portal.compraspublicas.gob.ec\/sercop\/?page_id=61943"},"modified":"2025-05-21T09:20:56","modified_gmt":"2025-05-21T14:20:56","slug":"postes-2","status":"publish","type":"page","link":"https:\/\/portal.compraspublicas.gob.ec\/sercop\/postes-2\/","title":{"rendered":"Postes"},"content":{"rendered":"<p><a style=\"display: flex;\"><img loading=\"lazy\" class=\"alignnone size-large wp-image-58834\" src=\"https:\/\/portal.compraspublicas.gob.ec\/sercop\/wp-content\/uploads\/2024\/07\/WhatsApp-Image-2024-07-05-at-11.38.41-1024x255.jpeg\" alt=\"\" width=\"750\" height=\"187\" srcset=\"https:\/\/portal.compraspublicas.gob.ec\/sercop\/wp-content\/uploads\/2024\/07\/WhatsApp-Image-2024-07-05-at-11.38.41-1024x255.jpeg 1024w, https:\/\/portal.compraspublicas.gob.ec\/sercop\/wp-content\/uploads\/2024\/07\/WhatsApp-Image-2024-07-05-at-11.38.41-300x75.jpeg 300w, https:\/\/portal.compraspublicas.gob.ec\/sercop\/wp-content\/uploads\/2024\/07\/WhatsApp-Image-2024-07-05-at-11.38.41-768x192.jpeg 768w, https:\/\/portal.compraspublicas.gob.ec\/sercop\/wp-content\/uploads\/2024\/07\/WhatsApp-Image-2024-07-05-at-11.38.41-1536x383.jpeg 1536w, https:\/\/portal.compraspublicas.gob.ec\/sercop\/wp-content\/uploads\/2024\/07\/WhatsApp-Image-2024-07-05-at-11.38.41.jpeg 1600w\" sizes=\"(max-width: 750px) 100vw, 750px\" \/><\/a><\/p>\n<p>El Cat\u00e1logo de \u201cPostes\u201d con c\u00f3digo <a href=\"https:\/\/www.compraspublicas.gob.ec\/ProcesoContratacion\/compras\/PC\/informacionProcesoContratacion2.cpe?idSoliCompra=kNSCcJSt86qWKA71cz4-F3xuO2KieMjEPlFGAvnCFjo,\"><span style=\"color: #000000;\"><strong><span style=\"color: #0000ff;\">SERCOP-SELPROV-004-2020<\/span><\/strong><\/span><\/a> estuvo vigente desde el 5 de enero de 2021 hasta el 19 de mayo de 2025 en la herramienta de Cat\u00e1logo Electr\u00f3nico.<\/p>\n<p>&nbsp;<\/p>\n<table border=\"3\" width=\"98%\">\n<tbody>\n<tr>\n<td bgcolor=\"#4e81bd\" width=\"40%\">\n<p style=\"text-align: left;\"><span style=\"color: #ffffff;\"><strong>Descargue de Fichas T\u00e9cnicas<\/strong><\/span><\/p>\n<\/td>\n<td bgcolor=\"#4e81bd\" width=\"20%\"><span style=\"color: #ffffff;\"><strong>Descargue Circulares\/Oficios<\/strong><\/span><\/td>\n<td bgcolor=\"#4e81bd\" width=\"20%\"><span style=\"color: #ffffff;\"><strong>Observaciones<\/strong><\/span><\/td>\n<td bgcolor=\"#4e81bd\" width=\"20%\"><span style=\"color: #ffffff;\"><strong>Pliegos<\/strong><\/span><\/td>\n<\/tr>\n<tr>\n<td width=\"40%\"><a href=\"https:\/\/portal.compraspublicas.gob.ec\/sercop\/wp-content\/uploads\/2025\/05\/Fichas-tecnicas-Postes.pdf\">Fichas T\u00e9cnicas<\/a><\/td>\n<td width=\"20%\">N\/A<\/td>\n<td width=\"20%\">Proceso Inicial<\/td>\n<td width=\"40%\"><a href=\"https:\/\/portal.compraspublicas.gob.ec\/sercop\/wp-content\/uploads\/2025\/05\/Pliego-Postes.pdf\">Pliego<\/a><\/td>\n<\/tr>\n<\/tbody>\n<\/table>\n","protected":false},"excerpt":{"rendered":"<p class=\"excerpt\">El Cat\u00e1logo de \u201cPostes\u201d con c\u00f3digo SERCOP-SELPROV-004-2020 estuvo vigente desde el 5 de enero de 2021 hasta el 19 de mayo de 2025 en la herramienta de Cat\u00e1logo Electr\u00f3nico. &nbsp; Descargue de Fichas T\u00e9cnicas Descargue Circulares\/Oficios Observaciones Pliegos Fichas T\u00e9cnicas N\/A Proceso Inicial Pliego <a href=\"https:\/\/portal.compraspublicas.gob.ec\/sercop\/postes-2\/\">Read more &rarr;<\/a><\/p>\n","protected":false},"author":81,"featured_media":0,"parent":0,"menu_order":0,"comment_status":"closed","ping_status":"closed","template":"menugenerico.php","meta":[],"_links":{"self":[{"href":"https:\/\/portal.compraspublicas.gob.ec\/sercop\/wp-json\/wp\/v2\/pages\/61943"}],"collection":[{"href":"https:\/\/portal.compraspublicas.gob.ec\/sercop\/wp-json\/wp\/v2\/pages"}],"about":[{"href":"https:\/\/portal.compraspublicas.gob.ec\/sercop\/wp-json\/wp\/v2\/types\/page"}],"author":[{"embeddable":true,"href":"https:\/\/portal.compraspublicas.gob.ec\/sercop\/wp-json\/wp\/v2\/users\/81"}],"replies":[{"embeddable":true,"href":"https:\/\/portal.compraspublicas.gob.ec\/sercop\/wp-json\/wp\/v2\/comments?post=61943"}],"version-history":[{"count":2,"href":"https:\/\/portal.compraspublicas.gob.ec\/sercop\/wp-json\/wp\/v2\/pages\/61943\/revisions"}],"predecessor-version":[{"id":61949,"href":"https:\/\/portal.compraspublicas.gob.ec\/sercop\/wp-json\/wp\/v2\/pages\/61943\/revisions\/61949"}],"wp:attachment":[{"href":"https:\/\/portal.compraspublicas.gob.ec\/sercop\/wp-json\/wp\/v2\/media?parent=61943"}],"curies":[{"name":"wp","href":"https:\/\/api.w.org\/{rel}","templated":true}]}}