{"id":7934,"date":"2015-05-22T10:03:38","date_gmt":"2015-05-22T15:03:38","guid":{"rendered":"http:\/\/portal.compraspublicas.gob.ec\/sercop\/?page_id=7934"},"modified":"2024-11-28T14:52:28","modified_gmt":"2024-11-28T19:52:28","slug":"ejes-de-accion-de-la-contratacion-publica","status":"publish","type":"page","link":"https:\/\/portal.compraspublicas.gob.ec\/sercop\/ejes-de-accion-de-la-contratacion-publica\/","title":{"rendered":"Ejes de acci\u00f3n de la contrataci\u00f3n p\u00fablica"},"content":{"rendered":"<p><a style=\"text-align: center; display:flex\"><img loading=\"lazy\" class=\"alignnone size-full wp-image-51869\" src=\"https:\/\/portal.compraspublicas.gob.ec\/sercop\/wp-content\/uploads\/2023\/03\/bn_ejes_contratacion_publica.png\" alt=\"\" width=\"751\" height=\"190\" srcset=\"https:\/\/portal.compraspublicas.gob.ec\/sercop\/wp-content\/uploads\/2023\/03\/bn_ejes_contratacion_publica.png 751w, https:\/\/portal.compraspublicas.gob.ec\/sercop\/wp-content\/uploads\/2023\/03\/bn_ejes_contratacion_publica-300x76.png 300w\" sizes=\"(max-width: 751px) 100vw, 751px\" \/><\/a><\/p>\n<p>&nbsp;<\/p>\n<ul style=\"text-align: justify;\">\n<li><strong>Transparencia y lucha contra la corrupci\u00f3n:<\/strong> La transparencia es una virtud que permite a la ciudadan\u00eda conocer si las acciones de las entidades p\u00fablicas son apegadas a derecho y garantiza que los procedimientos sean completamente verificables, fidedignos y confiables; es uno de los principios del Sistema Nacional de Contrataci\u00f3n P\u00fablica y se constituye en eje fundamental de la nueva pol\u00edtica p\u00fablica que implementa el SERCOP en su lucha contra la corrupci\u00f3n.<\/li>\n<\/ul>\n<ul style=\"text-align: justify;\">\n<li><strong>Contrataci\u00f3n P\u00fablica Sostenible:<\/strong> La implementaci\u00f3n de las compras p\u00fablicas sostenibles permitir\u00e1 realizar adquisiciones en condiciones sociales, econ\u00f3micas y ambientalmente responsables. El impacto de este proceso no se limita s\u00f3lo a las entidades contratantes, sino a todos los actores del sistema al conllevar un efecto multiplicador dentro de la dinamizaci\u00f3n de la econom\u00eda como objetivo fundamental de la contrataci\u00f3n p\u00fablica.<\/li>\n<\/ul>\n<ul style=\"text-align: justify;\">\n<li><strong>Concurrencia y pluralidad con calidad:<\/strong> La concurrencia en la contrataci\u00f3n p\u00fablica busca cumplir dos premisas: a) hacer efectivo los principios de igualdad de trato y no discriminaci\u00f3n para ofertar en las compras p\u00fablicas; y, b) aumentar las opciones de oferta de los proveedores para que la entidad contratante tenga la posibilidad de elegir la m\u00e1s ventajosa a los intereses del Estado; por tanto observa los principios de los tratados fundamentales: libre circulaci\u00f3n de bienes, libertad de establecimiento, libre prestaci\u00f3n de servicios, y libre competencia.<\/li>\n<\/ul>\n<p><!--\n<strong>La gesti\u00f3n del Servicio Nacional de Contrataci\u00f3n P\u00fablica se enfoca en los siguientes ejes estrat\u00e9gicos:<\/strong>\n\n&nbsp;\n\n\n<ul>\n \t\n\n<li><strong>Transparencia <\/strong><\/li>\n\n\n<\/ul>\n\n\nEl Sercop adopta mecanismos para el manejo eficiente de las compras p\u00fablicas, los recursos p\u00fablicos y el acceso a la informaci\u00f3n a usuarios, a fin de que conozcan el funcionamiento interno de la instituci\u00f3n y de esta manera generar confianza a la ciudadan\u00eda. Asimismo, implementa estrategias enfocadas en prevenir la corrupci\u00f3n.\n\n\n<ul>\n \t\n\n<li><strong>Eficiencia<\/strong><\/li>\n\n\n<\/ul>\n\n\nDe la mano con la transparencia, el Sercop tiene la responsabilidad de mejorar continuamente sus procesos internos, ya que mediante \u00e9stos se incrementa la eficiencia institucional en el Servicio Nacional de Contrataci\u00f3n P\u00fablica, a fin de alcanzar las metas planteadas y optimizar los recursos institucionales.\n\n\n<ul>\n \t\n\n<li><strong>Eficacia<\/strong><\/li>\n\n\n<\/ul>\n\n\nEl SERCOP busca dirigir, coordinar e implementar acciones oportunas para el cumplimiento de los programas, proyectos, acciones y actividades en el \u00e1mbito t\u00e9cnico del Sistema Oficial de Contrataci\u00f3n P\u00fablica del Ecuador, innovando los procesos y servicios con procedimientos din\u00e1micos y \u00e1giles.\n\n\n<ul>\n \t\n\n<li><strong>Calidad<\/strong><\/li>\n\n\n<\/ul>\n\n\nSiendo la calidad uno de los factores importantes para alcanzar la productividad, competitividad, trato justo, mejores costos y creaci\u00f3n del mercado; el Sercop enfoca sus esfuerzos para garantizar equidad e inclusi\u00f3n en los procesos de contrataci\u00f3n p\u00fablica y la satisfacci\u00f3n de las entidades contratantes y proveedores en todos los servicios brindados.--><\/p>\n<p style=\"text-align: justify;\">\n","protected":false},"excerpt":{"rendered":"<p class=\"excerpt\">&nbsp; Transparencia y lucha contra la corrupci\u00f3n: La transparencia es una virtud que permite a la ciudadan\u00eda conocer si las acciones de las entidades p\u00fablicas son apegadas a derecho y garantiza que los procedimientos sean completamente verificables, fidedignos y confiables; es uno de los principios del Sistema Nacional de Contrataci\u00f3n P\u00fablica y se constituye en eje fundamental de la nueva&hellip; <a href=\"https:\/\/portal.compraspublicas.gob.ec\/sercop\/ejes-de-accion-de-la-contratacion-publica\/\">Read more &rarr;<\/a><\/p>\n","protected":false},"author":1,"featured_media":0,"parent":0,"menu_order":0,"comment_status":"closed","ping_status":"closed","template":"menugenerico.php","meta":[],"_links":{"self":[{"href":"https:\/\/portal.compraspublicas.gob.ec\/sercop\/wp-json\/wp\/v2\/pages\/7934"}],"collection":[{"href":"https:\/\/portal.compraspublicas.gob.ec\/sercop\/wp-json\/wp\/v2\/pages"}],"about":[{"href":"https:\/\/portal.compraspublicas.gob.ec\/sercop\/wp-json\/wp\/v2\/types\/page"}],"author":[{"embeddable":true,"href":"https:\/\/portal.compraspublicas.gob.ec\/sercop\/wp-json\/wp\/v2\/users\/1"}],"replies":[{"embeddable":true,"href":"https:\/\/portal.compraspublicas.gob.ec\/sercop\/wp-json\/wp\/v2\/comments?post=7934"}],"version-history":[{"count":23,"href":"https:\/\/portal.compraspublicas.gob.ec\/sercop\/wp-json\/wp\/v2\/pages\/7934\/revisions"}],"predecessor-version":[{"id":60399,"href":"https:\/\/portal.compraspublicas.gob.ec\/sercop\/wp-json\/wp\/v2\/pages\/7934\/revisions\/60399"}],"wp:attachment":[{"href":"https:\/\/portal.compraspublicas.gob.ec\/sercop\/wp-json\/wp\/v2\/media?parent=7934"}],"curies":[{"name":"wp","href":"https:\/\/api.w.org\/{rel}","templated":true}]}}