{"id":8831,"date":"2015-07-20T12:45:13","date_gmt":"2015-07-20T17:45:13","guid":{"rendered":"http:\/\/portal.compraspublicas.gob.ec\/sercop\/?page_id=8831"},"modified":"2017-05-03T17:07:01","modified_gmt":"2017-05-03T22:07:01","slug":"aplicativo-denuncia-ciudadana","status":"publish","type":"page","link":"https:\/\/portal.compraspublicas.gob.ec\/sercop\/aplicativo-denuncia-ciudadana\/","title":{"rendered":"Aplicativo Denuncia Ciudadana"},"content":{"rendered":"<p style=\"text-align: justify;\"><img loading=\"lazy\" class=\" size-full wp-image-24857 aligncenter\" src=\"http:\/\/portal.compraspublicas.gob.ec\/sercop\/wp-content\/uploads\/2015\/07\/banner_aplicativo.jpg\" alt=\"banner_aplicativo\" width=\"630\" height=\"189\" srcset=\"https:\/\/portal.compraspublicas.gob.ec\/sercop\/wp-content\/uploads\/2015\/07\/banner_aplicativo.jpg 630w, https:\/\/portal.compraspublicas.gob.ec\/sercop\/wp-content\/uploads\/2015\/07\/banner_aplicativo-300x90.jpg 300w\" sizes=\"(max-width: 630px) 100vw, 630px\" \/><\/p>\n<p style=\"text-align: justify;\"><span style=\"color: #000000;\">El aplicativo de Denuncia Ciudadana permite que cualquier ciudadano, en ejercicio de sus derechos, pueda alertar o denunciar actos il\u00edcitos o atentatorios a los principios, pol\u00edticas y normas que conforman el Sistema Nacional de Contrataci\u00f3n P\u00fablica.<\/span><\/p>\n<p style=\"text-align: justify;\">Solo debe ingresar al aplicativo <span style=\"text-decoration: underline; color: #0000ff;\"><em><strong><a style=\"color: #0000ff; text-decoration: underline;\" href=\"http:\/\/portal.compraspublicas.gob.ec\/sercop\/realza-tu-denuncia-ciudadana\/\" target=\"_blank\">Denuncia Ciudadana<\/a><\/strong><\/em><\/span> y llenar la informaci\u00f3n que requiere el formulario. <span style=\"color: #000000;\">Para precautelar los derechos del denunciante, los datos ser\u00e1n declarados confidenciales.<\/span><\/p>\n<p style=\"text-align: justify;\">Recuerde el n\u00famero del formulario generado para que pueda <span style=\"text-decoration: underline; color: #0000ff;\"><em><strong><a style=\"color: #0000ff; text-decoration: underline;\" href=\"http:\/\/portal.compraspublicas.gob.ec\/sercop\/consulta-el-estado-de-tu-denuncia-ciudadana-2\/\" target=\"_blank\">&#8216;Consultar el estado de su denuncia&#8217;<\/a><\/strong><\/em><\/span> en el mismo aplicativo.<\/p>\n","protected":false},"excerpt":{"rendered":"<p class=\"excerpt\">El aplicativo de Denuncia Ciudadana permite que cualquier ciudadano, en ejercicio de sus derechos, pueda alertar o denunciar actos il\u00edcitos o atentatorios a los principios, pol\u00edticas y normas que conforman el Sistema Nacional de Contrataci\u00f3n P\u00fablica. Solo debe ingresar al aplicativo Denuncia Ciudadana y llenar la informaci\u00f3n que requiere el formulario. Para precautelar los derechos del denunciante, los datos ser\u00e1n&hellip; <a href=\"https:\/\/portal.compraspublicas.gob.ec\/sercop\/aplicativo-denuncia-ciudadana\/\">Read more &rarr;<\/a><\/p>\n","protected":false},"author":1,"featured_media":0,"parent":0,"menu_order":0,"comment_status":"closed","ping_status":"closed","template":"menu_zona_denuncia.php","meta":[],"_links":{"self":[{"href":"https:\/\/portal.compraspublicas.gob.ec\/sercop\/wp-json\/wp\/v2\/pages\/8831"}],"collection":[{"href":"https:\/\/portal.compraspublicas.gob.ec\/sercop\/wp-json\/wp\/v2\/pages"}],"about":[{"href":"https:\/\/portal.compraspublicas.gob.ec\/sercop\/wp-json\/wp\/v2\/types\/page"}],"author":[{"embeddable":true,"href":"https:\/\/portal.compraspublicas.gob.ec\/sercop\/wp-json\/wp\/v2\/users\/1"}],"replies":[{"embeddable":true,"href":"https:\/\/portal.compraspublicas.gob.ec\/sercop\/wp-json\/wp\/v2\/comments?post=8831"}],"version-history":[{"count":0,"href":"https:\/\/portal.compraspublicas.gob.ec\/sercop\/wp-json\/wp\/v2\/pages\/8831\/revisions"}],"wp:attachment":[{"href":"https:\/\/portal.compraspublicas.gob.ec\/sercop\/wp-json\/wp\/v2\/media?parent=8831"}],"curies":[{"name":"wp","href":"https:\/\/api.w.org\/{rel}","templated":true}]}}