{"id":8865,"date":"2015-07-20T13:23:22","date_gmt":"2015-07-20T18:23:22","guid":{"rendered":"http:\/\/portal.compraspublicas.gob.ec\/sercop\/?page_id=8865"},"modified":"2016-11-29T10:21:21","modified_gmt":"2016-11-29T15:21:21","slug":"mochilas-bolsos-y-uniformes-deportivos","status":"publish","type":"page","link":"https:\/\/portal.compraspublicas.gob.ec\/sercop\/mochilas-bolsos-y-uniformes-deportivos\/","title":{"rendered":"Mochilas y bolsos"},"content":{"rendered":"<p style=\"text-align: center;\"><strong>INCORPORACION PRODUCTOS AL 28 DE NOVIEMBRE<\/strong><\/p>\n<p style=\"text-align: justify;\">Si\u00a0 te interesa participar en el Cat\u00e1logo Inclusivo \u201cPRODUCTOS DE CONFECCI\u00d3N TEXTIL\u201d, publicado mediante <span style=\"color: #0000ff;\"><a style=\"color: #0000ff;\" href=\"http:\/\/portal.compraspublicas.gob.ec\/sercop\/wp-content\/uploads\/2016\/11\/Oficio-Circular-No-108.pdf\">Oficio Circular<\/a><\/span>, debes catalogarte en el procedimiento <span style=\"color: #0000ff;\"><a style=\"color: #0000ff;\" href=\"https:\/\/www.compraspublicas.gob.ec\/ProcesoContratacion\/app\/webroot\/compras\/CR\/mostrarferia.cpe?idSoliCompra=kvNYwEXten1dbiQGVJFvGcnqe5VWjS_zcQLdV78WEPE,\">CDI-SERCOP-001-2016<\/a><\/span>, por favor revisa la ficha t\u00e9cnica donde se encuentra los requisitos m\u00ednimos de participaci\u00f3n, del siguiente producto:<\/p>\n<p style=\"text-align: justify;\"><span style=\"color: #0000ff;\"><a style=\"color: #0000ff;\" href=\"http:\/\/portal.compraspublicas.gob.ec\/sercop\/wp-content\/uploads\/2016\/11\/Ficha-maleta-multiuso.pdf\">\u2022 Maleta multiusos<\/a><\/span><\/p>\n<p style=\"text-align: justify;\">Los proveedores catalogados al procedimiento <span style=\"color: #0000ff;\"><a style=\"color: #0000ff;\" href=\"https:\/\/www.compraspublicas.gob.ec\/ProcesoContratacion\/app\/webroot\/compras\/CR\/mostrarferia.cpe?idSoliCompra=kvNYwEXten1dbiQGVJFvGcnqe5VWjS_zcQLdV78WEPE,\">CDI-SERCOP-001-2016<\/a><\/span> y est\u00e9n interesados en los productos descritos deben presentar:<\/p>\n<p style=\"text-align: justify;\"><span style=\"color: #0000ff;\"><a style=\"color: #0000ff;\" href=\"http:\/\/portal.compraspublicas.gob.ec\/sercop\/wp-content\/uploads\/2016\/11\/manifestacion-de-interes-mochila-multiuso.doc\">1. Manifestaci\u00f3n de Inter\u00e9s<\/a><\/span><br \/>\n2.\u00a0\u00a0 \u00a0Presentar el formulario de Maquinaria de acuerdo a la tabla de equipamiento y herramientas.<\/p>\n<p style=\"text-align: justify;\">&#8212;&#8212;&#8212;&#8212;&#8212;&#8212;&#8212;&#8212;&#8212;&#8212;&#8212;&#8212;&#8212;&#8212;&#8212;&#8212;&#8212;&#8212;&#8212;&#8212;&#8212;&#8212;&#8212;&#8212;&#8212;&#8212;&#8212;&#8212;&#8212;&#8212;&#8212;&#8212;&#8212;&#8212;&#8212;&#8212;<\/p>\n<p style=\"text-align: justify;\"><span style=\"color: #000000; font-size: 16px;\">Con el objetivo de adquirir mochilas y bolsos\u00a0 a los actores de la econom\u00eda popular y solidaria y artesanos de la rama de confecci\u00f3n textil, se desarroll\u00f3 el Cat\u00e1logo Inclusivo que agrupa este tipo de productos de acuerdo a las fichas t\u00e9cnicas.<\/span><\/p>\n<p style=\"text-align: justify; font-size: 16px;\"><span style=\"color: #000000;\">Si\u00a0 te interesa participar en el Cat\u00e1logo Inclusivo de<\/span> mochilas <span style=\"color: #000000;\">y bolsos , descarga el pliego, revisa la condiciones y solicita tu inclusi\u00f3n:<\/span><\/p>\n<div class=\"color\">\n<p><span style=\"color: #0000ff;\"><strong><a style=\"color: #0000ff;\" href=\"http:\/\/portal.compraspublicas.gob.ec\/sercop\/wp-content\/uploads\/2016\/06\/OFICIO-CIRCULAR-No.-CDI-2016-0047.pdf\">Oficio Circular No. SERCOP-CDI-2016-0047<\/a><\/strong><\/span><\/p>\n<\/div>\n<p style=\"text-align: justify; font-size: 16px;\"><span style=\"color: #000000;\"> <em><span style=\"color: #0000ff;\"><a style=\"color: #0000ff;\" href=\"http:\/\/portal.compraspublicas.gob.ec\/sercop\/wp-content\/uploads\/2016\/03\/general_bolsos_y_mochilas.pdf\"><span style=\"text-decoration: underline;\"><span style=\"color: #0000ff; text-decoration: underline;\">Fichas t\u00e9cnicas Mochilas y bolsos<\/span><br \/>\n<\/span><\/a><\/span><\/em><\/span><\/p>\n<p>Los proveedores catalogados al procedimiento <span style=\"color: #0000ff;\"><a style=\"color: #0000ff;\" href=\"http:\/\/portal.compraspublicas.gob.ec\/sercop\/wp-content\/uploads\/2016\/03\/OFICIO_CIRCULAR.pdf\">CDI-SERCOP-001-2016<\/a><\/span>, deben presentar.<\/p>\n<ol>\n<li><span style=\"color: #0000ff;\"><a style=\"color: #0000ff;\" href=\"http:\/\/portal.compraspublicas.gob.ec\/sercop\/wp-content\/uploads\/2016\/07\/MANIFESTACI\u00d3N-DE-INTER\u00c9S-OFICIO-CIRCULAR-SERCOP-CDI-001-2016.docx\">Manifestaci\u00f3n de Inter\u00e9s<\/a><\/span><\/li>\n<li>Presentar el formulario de Maquinaria de acuerdo a la<span style=\"color: #0000ff;\"> <a style=\"color: #0000ff;\" href=\"http:\/\/portal.compraspublicas.gob.ec\/sercop\/wp-content\/uploads\/2016\/03\/TABLA-DE-EQUIPAMIENTO-Y-HERRAMIENTAS.docx\">tabla de equipamiento y herramientas<\/a><\/span><\/li>\n<li>El formulario de Maquinaria deber\u00e1 se llenado de acuerdo al<span style=\"color: #0000ff;\"><a style=\"color: #0000ff;\" href=\"http:\/\/portal.compraspublicas.gob.ec\/sercop\/wp-content\/uploads\/2016\/03\/CUADRO-DE-MAQUINARIA-M%C3%8DNIMA-POR-PRODUCTO.docx\"> Cuadro de maquinaria por producto<\/a><\/span><\/li>\n<\/ol>\n<ul>\n<li><strong>INCORPORACION NUEVOS PROVEEDORES<\/strong><\/li>\n<\/ul>\n<p>Para los nuevos proveedores presentar.<\/p>\n<ol>\n<li>Lee y analiza el pliego detenidamente para que conozcas qu\u00e9 producto o servicio se requiere en cada categor\u00eda<\/li>\n<li>Llena los formularios y requisitos que se solicitan en los pliegos. Recuerda que los formularios y los requisitos deben estar sumillados y numerados<\/li>\n<li>Elabora un oficio dirigido al Econ. Santiago V\u00e1squez, Director General del SERCOP, solicitando tu incorporaci\u00f3n al Cat\u00e1logo Din\u00e1mico Inclusivo (<a href=\"http:\/\/portal.compraspublicas.gob.ec\/sercop\/wp-content\/uploads\/2015\/07\/modelo-de-oficio.docx\">Descarga modelo de oficio<\/a>)<\/li>\n<li>Para los nuevos proveedores presentar.\n<ol>\n<li><span style=\"color: #0000ff;\"><a style=\"color: #0000ff;\" href=\"http:\/\/portal.compraspublicas.gob.ec\/sercop\/wp-content\/uploads\/2016\/07\/Formularios-nuevos-proveedores-CDI-SERCOP-001-2016.doc\">Formularios nuevos proveedores<\/a><\/span><\/li>\n<\/ol>\n<p>Entrega los documentos en un sobre cerrado en la ventanilla del SERCOP m\u00e1s cercana.<span style=\"color: #0000ff;\"><a style=\"color: #0000ff;\" href=\"http:\/\/portal.compraspublicas.gob.ec\/sercop\/contacto\/\">Conoce d\u00f3nde estamos ubicados<\/a><\/span><\/li>\n<\/ol>\n<p>&nbsp;<\/p>\n","protected":false},"excerpt":{"rendered":"<p class=\"excerpt\">INCORPORACION PRODUCTOS AL 28 DE NOVIEMBRE Si\u00a0 te interesa participar en el Cat\u00e1logo Inclusivo \u201cPRODUCTOS DE CONFECCI\u00d3N TEXTIL\u201d, publicado mediante Oficio Circular, debes catalogarte en el procedimiento CDI-SERCOP-001-2016, por favor revisa la ficha t\u00e9cnica donde se encuentra los requisitos m\u00ednimos de participaci\u00f3n, del siguiente producto: \u2022 Maleta multiusos Los proveedores catalogados al procedimiento CDI-SERCOP-001-2016 y est\u00e9n interesados en los productos&hellip; <a href=\"https:\/\/portal.compraspublicas.gob.ec\/sercop\/mochilas-bolsos-y-uniformes-deportivos\/\">Read more &rarr;<\/a><\/p>\n","protected":false},"author":1,"featured_media":8867,"parent":0,"menu_order":0,"comment_status":"closed","ping_status":"closed","template":"catalogo.php","meta":[],"_links":{"self":[{"href":"https:\/\/portal.compraspublicas.gob.ec\/sercop\/wp-json\/wp\/v2\/pages\/8865"}],"collection":[{"href":"https:\/\/portal.compraspublicas.gob.ec\/sercop\/wp-json\/wp\/v2\/pages"}],"about":[{"href":"https:\/\/portal.compraspublicas.gob.ec\/sercop\/wp-json\/wp\/v2\/types\/page"}],"author":[{"embeddable":true,"href":"https:\/\/portal.compraspublicas.gob.ec\/sercop\/wp-json\/wp\/v2\/users\/1"}],"replies":[{"embeddable":true,"href":"https:\/\/portal.compraspublicas.gob.ec\/sercop\/wp-json\/wp\/v2\/comments?post=8865"}],"version-history":[{"count":0,"href":"https:\/\/portal.compraspublicas.gob.ec\/sercop\/wp-json\/wp\/v2\/pages\/8865\/revisions"}],"wp:featuredmedia":[{"embeddable":true,"href":"https:\/\/portal.compraspublicas.gob.ec\/sercop\/wp-json\/wp\/v2\/media\/8867"}],"wp:attachment":[{"href":"https:\/\/portal.compraspublicas.gob.ec\/sercop\/wp-json\/wp\/v2\/media?parent=8865"}],"curies":[{"name":"wp","href":"https:\/\/api.w.org\/{rel}","templated":true}]}}